
{"id":7144,"date":"2017-01-18T11:14:21","date_gmt":"2017-01-18T11:14:21","guid":{"rendered":"https:\/\/www.stera.fr\/boutique\/?page_id=7144"},"modified":"2023-05-11T20:44:08","modified_gmt":"2023-05-11T20:44:08","slug":"home-2-2","status":"publish","type":"page","link":"https:\/\/www.stera.fr\/boutique\/","title":{"rendered":"Boutique pi\u00e8ces d\u00e9tach\u00e9es po\u00eales \u00e0 granul\u00e9s &#8211; Stera"},"content":{"rendered":"<div class=\"wpb-content-wrapper\"><p>[vc_row css=\u00a0\u00bb.vc_custom_1525306573404{margin-top: 30px !important;}\u00a0\u00bb][vc_column]\t\t\t<script src=\"\/\/www.stera.fr\/boutique\/wp-content\/plugins\/revslider\/sr6\/assets\/js\/rbtools.min.js?rev=6.7.41\"><\/script>\n\t\t\t<script src=\"\/\/www.stera.fr\/boutique\/wp-content\/plugins\/revslider\/sr6\/assets\/js\/rs6.min.js?rev=6.7.41\"><\/script>\n\n\t\t\t<!-- START home REVOLUTION SLIDER 6.7.41 --><p class=\"rs-p-wp-fix\"><\/p>\n\t\t\t<rs-module-wrap id=\"rev_slider_1_1_wrapper\" data-source=\"gallery\" style=\"visibility:hidden;background:transparent;padding:0;margin:0px auto;margin-top:0;margin-bottom:0;\">\n\t\t\t\t<rs-module id=\"rev_slider_1_1\" style=\"\" data-version=\"6.7.41\">\n\t\t\t\t\t<rs-slides style=\"overflow: hidden; position: absolute;\">\n\t\t\t\t\t\t<rs-slide style=\"position: absolute;\" data-key=\"rs-1\" data-title=\"Slide\" data-duration=\"5480\" data-anim=\"f:nodelay;\" data-in=\"o:1;y:(100%);m:true;row:5;\" data-alttrans=\"curtain-2\">\n\t\t\t\t\t\t\t<img decoding=\"async\" src=\"\/\/www.stera.fr\/boutique\/wp-content\/plugins\/revslider\/sr6\/assets\/assets\/dummy.png\" alt=\"\" title=\"Boutique pi\u00e8ces d\u00e9tach\u00e9es po\u00eales \u00e0 granul\u00e9s &#8211; Stera\" class=\"rev-slidebg tp-rs-img rs-lazyload\" data-lazyload=\"\/\/www.stera.fr\/boutique\/wp-content\/uploads\/2017\/02\/slider1.jpg\" data-parallax=\"off\" data-no-retina>\n<!--\n\t\t\t\t\t\t\t--><rs-layer\n\t\t\t\t\t\t\t\tid=\"slider-1-slide-1-layer-1\" \n\t\t\t\t\t\t\t\tdata-type=\"text\"\n\t\t\t\t\t\t\t\tdata-color=\"rgba(3, 109, 3, 1)\"\n\t\t\t\t\t\t\t\tdata-rsp_ch=\"on\"\n\t\t\t\t\t\t\t\tdata-xy=\"x:101px;y:111px;\"\n\t\t\t\t\t\t\t\tdata-text=\"s:37;l:37;\"\n\t\t\t\t\t\t\t\tdata-frame_0=\"o:1;\"\n\t\t\t\t\t\t\t\tdata-frame_0_chars=\"d:10;x:100%;o:1;rX:0deg;\"\n\t\t\t\t\t\t\t\tdata-frame_0_mask=\"u:t;\"\n\t\t\t\t\t\t\t\tdata-frame_1=\"st:1500;sp:1000;sR:1500;\"\n\t\t\t\t\t\t\t\tdata-frame_1_chars=\"d:10;\"\n\t\t\t\t\t\t\t\tdata-frame_1_mask=\"u:t;\"\n\t\t\t\t\t\t\t\tdata-frame_999=\"o:0;e:nothing;st:w;sR:2580;\"\n\t\t\t\t\t\t\t\tstyle=\"z-index:6;font-family:'Chivo';\"\n\t\t\t\t\t\t\t>Stera \n\t\t\t\t\t\t\t<\/rs-layer><!--\n\n\t\t\t\t\t\t\t--><rs-layer\n\t\t\t\t\t\t\t\tid=\"slider-1-slide-1-layer-2\" \n\t\t\t\t\t\t\t\tdata-type=\"text\"\n\t\t\t\t\t\t\t\tdata-color=\"rgba(54, 54, 54, 1)\"\n\t\t\t\t\t\t\t\tdata-rsp_ch=\"on\"\n\t\t\t\t\t\t\t\tdata-xy=\"x:100px;y:154px;\"\n\t\t\t\t\t\t\t\tdata-text=\"s:36;l:40;fw:900;\"\n\t\t\t\t\t\t\t\tdata-frame_0=\"o:1;\"\n\t\t\t\t\t\t\t\tdata-frame_0_chars=\"d:10;x:100%;o:1;rX:0deg;\"\n\t\t\t\t\t\t\t\tdata-frame_0_mask=\"u:t;\"\n\t\t\t\t\t\t\t\tdata-frame_1=\"st:1000;sp:1000;sR:1000;\"\n\t\t\t\t\t\t\t\tdata-frame_1_chars=\"d:10;\"\n\t\t\t\t\t\t\t\tdata-frame_1_mask=\"u:t;\"\n\t\t\t\t\t\t\t\tdata-frame_999=\"o:0;e:nothing;st:w;sR:1980;\"\n\t\t\t\t\t\t\t\tstyle=\"z-index:5;font-family:'Chivo';\"\n\t\t\t\t\t\t\t>PI\u00c8CES D\u00c9TACH\u00c9ES<\/br>\n \n\t\t\t\t\t\t\t<\/rs-layer><!--\n\n\t\t\t\t\t\t\t--><rs-layer\n\t\t\t\t\t\t\t\tid=\"slider-1-slide-1-layer-3\" \n\t\t\t\t\t\t\t\tdata-type=\"text\"\n\t\t\t\t\t\t\t\tdata-color=\"rgba(54, 54, 54, 1)\"\n\t\t\t\t\t\t\t\tdata-rsp_ch=\"on\"\n\t\t\t\t\t\t\t\tdata-xy=\"x:101px;y:c;yo:36px;\"\n\t\t\t\t\t\t\t\tdata-text=\"w:normal;s:14;l:24;\"\n\t\t\t\t\t\t\t\tdata-dim=\"w:320px;h:84px;\"\n\t\t\t\t\t\t\t\tdata-frame_0=\"o:1;\"\n\t\t\t\t\t\t\t\tdata-frame_0_lines=\"d:10;y:50px;o:0;\"\n\t\t\t\t\t\t\t\tdata-frame_1=\"e:power2.inOut;st:2000;sp:1000;sR:2000;\"\n\t\t\t\t\t\t\t\tdata-frame_1_lines=\"d:10;\"\n\t\t\t\t\t\t\t\tdata-frame_999=\"o:0;e:nothing;st:w;sR:2480;\"\n\t\t\t\t\t\t\t\tstyle=\"z-index:7;font-family:'Chivo';\"\n\t\t\t\t\t\t\t>Trouvez la pi\u00e8ce d\u00e9tach\u00e9e pour po\u00eales \u00e0 granul\u00e9s dont vous avez besoin en utilisant notre moteur de recherche. \n\t\t\t\t\t\t\t<\/rs-layer><!--\n\n\t\t\t\t\t\t\t--><a\n\t\t\t\t\t\t\t\tid=\"slider-1-slide-1-layer-4\" \n\t\t\t\t\t\t\t\tclass=\"rs-layer rev-btn\"\n\t\t\t\t\t\t\t\thref=\"https:\/\/www.stera.fr\/boutique\/pieces-detachees-poeles-a-granules\/\" target=\"_self\"\n\t\t\t\t\t\t\t\tdata-type=\"button\"\n\t\t\t\t\t\t\t\tdata-color=\"rgba(255, 255, 255, 1)\"\n\t\t\t\t\t\t\t\tdata-rsp_ch=\"on\"\n\t\t\t\t\t\t\t\tdata-xy=\"x:100px;y:312px;\"\n\t\t\t\t\t\t\t\tdata-text=\"w:normal;s:13;l:38;a:center;\"\n\t\t\t\t\t\t\t\tdata-dim=\"w:140px;h:39px;\"\n\t\t\t\t\t\t\t\tdata-padding=\"r:30;l:30;\"\n\t\t\t\t\t\t\t\tdata-frame_0=\"y:50px;\"\n\t\t\t\t\t\t\t\tdata-frame_1=\"e:power2.inOut;st:2500;sp:1000;sR:2500;\"\n\t\t\t\t\t\t\t\tdata-frame_999=\"o:0;e:nothing;st:w;sR:1980;\"\n\t\t\t\t\t\t\t\tdata-frame_hover=\"bgc:#363636;boc:#000;bor:0px,0px,0px,0px;bos:solid;oX:50;oY:50;sp:0;e:none;\"\n\t\t\t\t\t\t\t\tstyle=\"z-index:8;background-color:rgba(238,142,18,1);font-family:'Chivo';cursor:pointer;outline:none;box-shadow:none;box-sizing:border-box;-moz-box-sizing:border-box;-webkit-box-sizing:border-box;\"\n\t\t\t\t\t\t\t>BOUTIQUE \n\t\t\t\t\t\t\t<\/a><!--\n\n\t\t\t\t\t\t\t--><rs-layer\n\t\t\t\t\t\t\t\tid=\"slider-1-slide-1-layer-6\" \n\t\t\t\t\t\t\t\tdata-type=\"text\"\n\t\t\t\t\t\t\t\tdata-color=\"rgba(54, 54, 54, 1)\"\n\t\t\t\t\t\t\t\tdata-rsp_ch=\"on\"\n\t\t\t\t\t\t\t\tdata-xy=\"x:100px;y:188px;\"\n\t\t\t\t\t\t\t\tdata-text=\"s:25;l:40;fw:900;\"\n\t\t\t\t\t\t\t\tdata-frame_0=\"o:1;\"\n\t\t\t\t\t\t\t\tdata-frame_0_chars=\"d:10;x:100%;o:1;rX:0deg;\"\n\t\t\t\t\t\t\t\tdata-frame_0_mask=\"u:t;\"\n\t\t\t\t\t\t\t\tdata-frame_1=\"st:1000;sp:1000;sR:1000;\"\n\t\t\t\t\t\t\t\tdata-frame_1_chars=\"d:10;\"\n\t\t\t\t\t\t\t\tdata-frame_1_mask=\"u:t;\"\n\t\t\t\t\t\t\t\tdata-frame_999=\"o:0;e:nothing;st:w;sR:1680;\"\n\t\t\t\t\t\t\t\tstyle=\"z-index:9;font-family:'Chivo';\"\n\t\t\t\t\t\t\t>POUR PO\u00caLES \u00c0 GRANUL\u00c9S \n\t\t\t\t\t\t\t<\/rs-layer><!--\n-->\t\t\t\t\t<\/rs-slide>\n\t\t\t\t\t\t<rs-slide style=\"position: absolute;\" data-key=\"rs-16\" data-title=\"Slide\" data-duration=\"5070\" data-in=\"o:-0.5;sx:1.6;sy:1.6;e:power0.inOut;\" data-out=\"o:0;sx:0.6;sy:0.6;\" data-alttrans=\"slotslide-vertical,curtain-2\">\n\t\t\t\t\t\t\t<img decoding=\"async\" src=\"\/\/www.stera.fr\/boutique\/wp-content\/plugins\/revslider\/sr6\/assets\/assets\/dummy.png\" alt=\"\" title=\"Boutique pi\u00e8ces d\u00e9tach\u00e9es po\u00eales \u00e0 granul\u00e9s &#8211; Stera\" class=\"rev-slidebg tp-rs-img rs-lazyload\" data-lazyload=\"\/\/www.stera.fr\/boutique\/wp-content\/uploads\/2017\/02\/slider2-1.jpg\" data-parallax=\"off\" data-no-retina>\n<!--\n\t\t\t\t\t\t\t--><rs-layer\n\t\t\t\t\t\t\t\tid=\"slider-1-slide-16-layer-1\" \n\t\t\t\t\t\t\t\tdata-type=\"text\"\n\t\t\t\t\t\t\t\tdata-color=\"rgba(54, 54, 54, 1)\"\n\t\t\t\t\t\t\t\tdata-rsp_ch=\"on\"\n\t\t\t\t\t\t\t\tdata-xy=\"x:c;y:125px;\"\n\t\t\t\t\t\t\t\tdata-text=\"s:24;l:22;\"\n\t\t\t\t\t\t\t\tdata-frame_0=\"o:1;\"\n\t\t\t\t\t\t\t\tdata-frame_0_chars=\"d:10;x:100%;o:1;rX:0deg;\"\n\t\t\t\t\t\t\t\tdata-frame_0_mask=\"u:t;\"\n\t\t\t\t\t\t\t\tdata-frame_1=\"st:1500;sp:1000;sR:1500;\"\n\t\t\t\t\t\t\t\tdata-frame_1_chars=\"d:10;\"\n\t\t\t\t\t\t\t\tdata-frame_1_mask=\"u:t;\"\n\t\t\t\t\t\t\t\tdata-frame_999=\"o:0;e:nothing;st:w;sR:1370;\"\n\t\t\t\t\t\t\t\tstyle=\"z-index:6;font-family:'Chivo';\"\n\t\t\t\t\t\t\t>LA BOUTIQUE DES \n\t\t\t\t\t\t\t<\/rs-layer><!--\n\n\t\t\t\t\t\t\t--><rs-layer\n\t\t\t\t\t\t\t\tid=\"slider-1-slide-16-layer-2\" \n\t\t\t\t\t\t\t\tdata-type=\"text\"\n\t\t\t\t\t\t\t\tdata-color=\"rgba(54, 54, 54, 1)\"\n\t\t\t\t\t\t\t\tdata-rsp_ch=\"on\"\n\t\t\t\t\t\t\t\tdata-xy=\"x:c;y:156px;\"\n\t\t\t\t\t\t\t\tdata-text=\"s:44;l:40;fw:900;\"\n\t\t\t\t\t\t\t\tdata-frame_0=\"o:1;\"\n\t\t\t\t\t\t\t\tdata-frame_0_chars=\"d:10;x:100%;o:1;rX:0deg;\"\n\t\t\t\t\t\t\t\tdata-frame_0_mask=\"u:t;\"\n\t\t\t\t\t\t\t\tdata-frame_1=\"st:1000;sp:1000;sR:1000;\"\n\t\t\t\t\t\t\t\tdata-frame_1_chars=\"d:10;\"\n\t\t\t\t\t\t\t\tdata-frame_1_mask=\"u:t;\"\n\t\t\t\t\t\t\t\tdata-frame_999=\"o:0;e:nothing;st:w;sR:1670;\"\n\t\t\t\t\t\t\t\tstyle=\"z-index:5;font-family:'Chivo';\"\n\t\t\t\t\t\t\t>PI\u00c8CES D\u00c9TACH\u00c9ES \n\t\t\t\t\t\t\t<\/rs-layer><!--\n\n\t\t\t\t\t\t\t--><rs-layer\n\t\t\t\t\t\t\t\tid=\"slider-1-slide-16-layer-3\" \n\t\t\t\t\t\t\t\tdata-type=\"text\"\n\t\t\t\t\t\t\t\tdata-color=\"rgba(54, 54, 54, 1)\"\n\t\t\t\t\t\t\t\tdata-rsp_ch=\"on\"\n\t\t\t\t\t\t\t\tdata-xy=\"x:c;y:c;yo:45px;\"\n\t\t\t\t\t\t\t\tdata-text=\"w:normal;s:14;l:24;a:center;\"\n\t\t\t\t\t\t\t\tdata-dim=\"w:380px;h:86px;\"\n\t\t\t\t\t\t\t\tdata-frame_0=\"o:1;\"\n\t\t\t\t\t\t\t\tdata-frame_0_lines=\"d:10;y:50px;o:0;\"\n\t\t\t\t\t\t\t\tdata-frame_1=\"e:power2.inOut;st:2000;sp:1000;sR:2000;\"\n\t\t\t\t\t\t\t\tdata-frame_1_lines=\"d:10;\"\n\t\t\t\t\t\t\t\tdata-frame_999=\"o:0;e:nothing;st:w;sR:2070;\"\n\t\t\t\t\t\t\t\tstyle=\"z-index:7;font-family:'Chivo';\"\n\t\t\t\t\t\t\t>Nous fournissons des pi\u00e8ces d\u00e9tach\u00e9es pour po\u00eales \u00e0 granul\u00e9s pour la plupart des mod\u00e8les que nous vendons.  \n\t\t\t\t\t\t\t<\/rs-layer><!--\n\n\t\t\t\t\t\t\t--><a\n\t\t\t\t\t\t\t\tid=\"slider-1-slide-16-layer-4\" \n\t\t\t\t\t\t\t\tclass=\"rs-layer rev-btn\"\n\t\t\t\t\t\t\t\thref=\"https:\/\/www.stera.fr\/boutique\/pieces-detachees-poeles-a-granules\/\" target=\"_self\"\n\t\t\t\t\t\t\t\tdata-type=\"button\"\n\t\t\t\t\t\t\t\tdata-color=\"rgba(255, 255, 255, 1)\"\n\t\t\t\t\t\t\t\tdata-rsp_ch=\"on\"\n\t\t\t\t\t\t\t\tdata-xy=\"x:c;y:302px;\"\n\t\t\t\t\t\t\t\tdata-text=\"w:normal;s:13;l:38;\"\n\t\t\t\t\t\t\t\tdata-dim=\"w:123px;h:40px;\"\n\t\t\t\t\t\t\t\tdata-padding=\"r:30;l:30;\"\n\t\t\t\t\t\t\t\tdata-frame_0=\"y:50px;\"\n\t\t\t\t\t\t\t\tdata-frame_1=\"e:power2.inOut;st:2500;sp:1000;sR:2500;\"\n\t\t\t\t\t\t\t\tdata-frame_999=\"o:0;e:nothing;st:w;sR:1570;\"\n\t\t\t\t\t\t\t\tdata-frame_hover=\"bgc:#363636;boc:#000;bor:0px,0px,0px,0px;bos:solid;oX:50;oY:50;sp:0;e:none;\"\n\t\t\t\t\t\t\t\tstyle=\"z-index:8;background-color:rgba(238,142,18,1);font-family:'Chivo';cursor:pointer;outline:none;box-shadow:none;box-sizing:border-box;-moz-box-sizing:border-box;-webkit-box-sizing:border-box;\"\n\t\t\t\t\t\t\t>  BOUTIQUE \n\t\t\t\t\t\t\t<\/a><!--\n\n\t\t\t\t\t\t\t--><rs-layer\n\t\t\t\t\t\t\t\tid=\"slider-1-slide-16-layer-6\" \n\t\t\t\t\t\t\t\tdata-type=\"text\"\n\t\t\t\t\t\t\t\tdata-color=\"rgba(54, 54, 54, 1)\"\n\t\t\t\t\t\t\t\tdata-rsp_ch=\"on\"\n\t\t\t\t\t\t\t\tdata-xy=\"x:c;xo:3px;y:196px;\"\n\t\t\t\t\t\t\t\tdata-text=\"s:25;l:36;fw:900;\"\n\t\t\t\t\t\t\t\tdata-frame_0=\"o:1;\"\n\t\t\t\t\t\t\t\tdata-frame_0_chars=\"d:10;x:100%;o:1;rX:0deg;\"\n\t\t\t\t\t\t\t\tdata-frame_0_mask=\"u:t;\"\n\t\t\t\t\t\t\t\tdata-frame_1=\"st:1000;sp:1000;sR:1000;\"\n\t\t\t\t\t\t\t\tdata-frame_1_chars=\"d:10;\"\n\t\t\t\t\t\t\t\tdata-frame_1_mask=\"u:t;\"\n\t\t\t\t\t\t\t\tdata-frame_999=\"o:0;e:nothing;st:w;sR:1270;\"\n\t\t\t\t\t\t\t\tstyle=\"z-index:9;font-family:'Chivo';\"\n\t\t\t\t\t\t\t>POUR PO\u00caLES \u00c0 GRANUL\u00c9S \n\t\t\t\t\t\t\t<\/rs-layer><!--\n-->\t\t\t\t\t<\/rs-slide>\n\t\t\t\t\t<\/rs-slides>\n\t\t\t\t<\/rs-module>\n\t\t\t\t<script>\n\t\t\t\t\tsetREVStartSize({c: 'rev_slider_1_1',rl:[1240,1024,778,480],el:[470],gw:[1170],gh:[470],type:'standard',justify:'',layout:'fullwidth',mh:\"0\"});if (window.RS_MODULES!==undefined && window.RS_MODULES.modules!==undefined && window.RS_MODULES.modules[\"revslider11\"]!==undefined) {window.RS_MODULES.modules[\"revslider11\"].once = false;window.revapi1 = undefined;if (window.RS_MODULES.checkMinimal!==undefined) window.RS_MODULES.checkMinimal()}\n\t\t\t\t<\/script>\n\t\t\t<\/rs-module-wrap>\n\t\t\t<!-- END REVOLUTION SLIDER -->\n[\/vc_column][\/vc_row][vc_row][vc_column width=\u00a0\u00bb2\/3&Prime;][vc_empty_space height=\u00a0\u00bb32px16&Prime;][vc_column_text]<\/p>\n<h4>Stera boutique pi\u00e8ces d\u00e9tach\u00e9es pour po\u00eales \u00e0 granul\u00e9s<\/h4>\n<p>Sp\u00e9cialis\u00e9e dans la vente et l&rsquo;installation de po\u00eales \u00e0 granul\u00e9s et \u00e0 bois depuis de nombreuses ann\u00e9es, vous \u00eates nombreux \u00e0 nous solliciter pour trouver des pi\u00e8ces d\u00e9tach\u00e9es pour vos po\u00eales. Face \u00e0 cette demande grandissante, nous mettons \u00e0 votre disposition dans ces pages, l&rsquo;ensemble des pi\u00e8ces d\u00e9tach\u00e9es dont vous pouvez avoir besoin pour prolonger la vie de votre appareil.<\/p>\n<div>\n<p>Nous avons commenc\u00e9 par la marque EXTRAFLAME pour laquelle vous trouverez toutes les pi\u00e8ces courantes simplement en saisissant le mod\u00e8le et l&rsquo;ann\u00e9e de fabrication de votre po\u00eale. Pour les autres pi\u00e8ces, telles que vitres, c\u00e9ramiques, poign\u00e9es ou simplement si vous ne trouvez pas la v\u00f4tre, cliquez sur le bouton \u00ab\u00a0vous n&rsquo;avez pas trouv\u00e9 la pi\u00e8ce recherch\u00e9e\u00a0\u00bb et nous ferons la recherche pour vous.<\/p>\n<p>Toutes les pi\u00e8ces vendues sur le site sont des pi\u00e8ces d&rsquo;origine garantie, nous ne vendons pas de pi\u00e8ces compatibles<\/p>\n<p>Nous ajouterons de nouvelles pi\u00e8ces au fur et \u00e0 mesure de la sortie de nouveaux appareils, et nous enrichirons le site avec la mise \u00e0 disposition de pi\u00e8ces pour d&rsquo;autres marques de po\u00eales prochainement.[\/vc_column_text][\/vc_column][vc_column width=\u00a0\u00bb1\/3&Prime;][\/vc_column][\/vc_row][vc_row css=\u00a0\u00bb.vc_custom_1489451619239{margin-bottom: 20px !important;padding-bottom: 30px !important;background-color: #e9e9e9 !important;}\u00a0\u00bb][vc_column width=\u00a0\u00bb2\/12&Prime;][\/vc_column][vc_column width=\u00a0\u00bb8\/12&Prime;]<div id=\"nitro_custom_css_1485648015\" class=\"pr nitro-heading tc\"><div class=\"heading\"><h2>Visitez notre boutique de <strong>pi\u00e8ces d\u00e9tach\u00e9es<\/strong> pour po\u00eales \u00e0 granul\u00e9s.<\/h2><\/div><\/div>[vc_empty_space height=\u00a0\u00bb3&Prime;]<div id=\"nitro_custom_css_323970573\" class=\"sc-button  tc\"><a href=\"http:\/\/www.stera.fr\/boutique\/pieces-detachees-poeles-a-granules\/\" title=\"\" target=\"_self\"><span>Boutique<\/span><\/a><\/div>[\/vc_column][vc_column width=\u00a0\u00bb2\/12&Prime;][\/vc_column][\/vc_row][vc_row full_width=\u00a0\u00bbstretch_row\u00a0\u00bb css=\u00a0\u00bb.vc_custom_1617234768900{margin-top: 20px !important;padding-top: 60px !important;padding-bottom: 60px !important;background-color: #e9e9e9 !important;}\u00a0\u00bb][vc_column width=\u00a0\u00bb2\/12&Prime;][\/vc_column][vc_column width=\u00a0\u00bb8\/12&Prime;]<div id=\"nitro_custom_css_1247586864\" class=\"pr nitro-heading tc\"><div class=\"heading\"><h2><strong>Contactez nous <\/strong> pour plus d'informations<\/h2><\/div><div class=\"desc\"><span>Stera propose une gamme compl\u00e8te de pi\u00e8ces d\u00e9tach\u00e9es compatibles avec la plupart des mod\u00e8les de po\u00eale. Contactez nous pour obtenir plus d'informations ou utilisez notre moteur de recherche.<\/span><\/div><\/div>[vc_empty_space height=\u00a0\u00bb25px\u00a0\u00bb]<div id=\"nitro_custom_css_592736514\" class=\"sc-button  tc\"><a href=\"http:\/\/www.stera.fr\/boutique\/contact\/\" title=\"\" target=\"_self\"><span>Contact<\/span><\/a><\/div>[\/vc_column][vc_column width=\u00a0\u00bb2\/12&Prime;][\/vc_column][\/vc_row][vc_row][vc_column][vc_column_text]<\/p>\n<\/div>\n<p>[\/vc_column_text][\/vc_column][\/vc_row]<\/p>\n<\/div>","protected":false},"excerpt":{"rendered":"<p>[vc_row css=\u00a0\u00bb.vc_custom_1525306573404{margin-top: 30px !important;}\u00a0\u00bb][vc_column][\/vc_column][\/vc_row][vc_row][vc_column width=\u00a0\u00bb2\/3&Prime;][vc_empty_space height=\u00a0\u00bb32px16&Prime;][vc_column_text] Stera boutique pi\u00e8ces d\u00e9tach\u00e9es pour po\u00eales \u00e0 granul\u00e9s Sp\u00e9cialis\u00e9e dans la vente et l&rsquo;installation de po\u00eales \u00e0 granul\u00e9s et \u00e0 bois depuis de nombreuses ann\u00e9es, vous \u00eates nombreux \u00e0 nous solliciter pour trouver des pi\u00e8ces d\u00e9tach\u00e9es pour vos po\u00eales. Face \u00e0 cette demande grandissante, nous mettons \u00e0 votre disposition [&hellip;]<\/p>\n","protected":false},"author":11,"featured_media":0,"parent":0,"menu_order":0,"comment_status":"closed","ping_status":"closed","template":"","meta":{"footnotes":""},"class_list":["post-7144","page","type-page","status-publish","hentry"],"yoast_head":"<!-- This site is optimized with the Yoast SEO plugin v27.0 - https:\/\/yoast.com\/product\/yoast-seo-wordpress\/ -->\n<title>Boutique pi\u00e8ces d\u00e9tach\u00e9es po\u00eales \u00e0 granul\u00e9s - Stera<\/title>\n<meta name=\"description\" content=\"Nous mettons \u00e0 votre disposition ici l\u2019ensemble des pi\u00e8ces d\u00e9tach\u00e9es dont vous pouvez avoir besoin pour prolonger la vie de votre appareil.\" \/>\n<meta name=\"robots\" content=\"index, follow, max-snippet:-1, max-image-preview:large, max-video-preview:-1\" \/>\n<link rel=\"canonical\" href=\"https:\/\/www.stera.fr\/boutique\/\" \/>\n<meta property=\"og:locale\" content=\"fr_FR\" \/>\n<meta property=\"og:type\" content=\"article\" \/>\n<meta property=\"og:title\" content=\"Boutique pi\u00e8ces d\u00e9tach\u00e9es po\u00eales \u00e0 granul\u00e9s - Stera\" \/>\n<meta property=\"og:description\" content=\"Nous mettons \u00e0 votre disposition ici l\u2019ensemble des pi\u00e8ces d\u00e9tach\u00e9es dont vous pouvez avoir besoin pour prolonger la vie de votre appareil.\" \/>\n<meta property=\"og:url\" content=\"https:\/\/www.stera.fr\/boutique\/\" \/>\n<meta property=\"og:site_name\" content=\"Stera\" \/>\n<meta property=\"article:publisher\" content=\"https:\/\/fr-fr.facebook.com\/Stera.fr\/\" \/>\n<meta property=\"article:modified_time\" content=\"2023-05-11T20:44:08+00:00\" \/>\n<meta name=\"twitter:card\" content=\"summary_large_image\" \/>\n<meta name=\"twitter:label1\" content=\"Dur\u00e9e de lecture estim\u00e9e\" \/>\n\t<meta name=\"twitter:data1\" content=\"2 minutes\" \/>\n<script type=\"application\/ld+json\" class=\"yoast-schema-graph\">{\"@context\":\"https:\/\/schema.org\",\"@graph\":[{\"@type\":\"WebPage\",\"@id\":\"https:\/\/www.stera.fr\/boutique\/\",\"url\":\"https:\/\/www.stera.fr\/boutique\/\",\"name\":\"Boutique pi\u00e8ces d\u00e9tach\u00e9es po\u00eales \u00e0 granul\u00e9s - Stera\",\"isPartOf\":{\"@id\":\"https:\/\/www.stera.fr\/boutique\/#website\"},\"datePublished\":\"2017-01-18T11:14:21+00:00\",\"dateModified\":\"2023-05-11T20:44:08+00:00\",\"description\":\"Nous mettons \u00e0 votre disposition ici l\u2019ensemble des pi\u00e8ces d\u00e9tach\u00e9es dont vous pouvez avoir besoin pour prolonger la vie de votre appareil.\",\"breadcrumb\":{\"@id\":\"https:\/\/www.stera.fr\/boutique\/#breadcrumb\"},\"inLanguage\":\"fr-FR\",\"potentialAction\":[{\"@type\":\"ReadAction\",\"target\":[\"https:\/\/www.stera.fr\/boutique\/\"]}]},{\"@type\":\"BreadcrumbList\",\"@id\":\"https:\/\/www.stera.fr\/boutique\/#breadcrumb\",\"itemListElement\":[{\"@type\":\"ListItem\",\"position\":1,\"name\":\"Accueil\",\"item\":\"https:\/\/www.stera.fr\/boutique\/\"},{\"@type\":\"ListItem\",\"position\":2,\"name\":\"Boutique pi\u00e8ces d\u00e9tach\u00e9es po\u00eales \u00e0 granul\u00e9s &#8211; Stera\"}]},{\"@type\":\"WebSite\",\"@id\":\"https:\/\/www.stera.fr\/boutique\/#website\",\"url\":\"https:\/\/www.stera.fr\/boutique\/\",\"name\":\"Stera\",\"description\":\"\",\"potentialAction\":[{\"@type\":\"SearchAction\",\"target\":{\"@type\":\"EntryPoint\",\"urlTemplate\":\"https:\/\/www.stera.fr\/boutique\/?s={search_term_string}\"},\"query-input\":{\"@type\":\"PropertyValueSpecification\",\"valueRequired\":true,\"valueName\":\"search_term_string\"}}],\"inLanguage\":\"fr-FR\"}]}<\/script>\n<!-- \/ Yoast SEO plugin. -->","yoast_head_json":{"title":"Boutique pi\u00e8ces d\u00e9tach\u00e9es po\u00eales \u00e0 granul\u00e9s - Stera","description":"Nous mettons \u00e0 votre disposition ici l\u2019ensemble des pi\u00e8ces d\u00e9tach\u00e9es dont vous pouvez avoir besoin pour prolonger la vie de votre appareil.","robots":{"index":"index","follow":"follow","max-snippet":"max-snippet:-1","max-image-preview":"max-image-preview:large","max-video-preview":"max-video-preview:-1"},"canonical":"https:\/\/www.stera.fr\/boutique\/","og_locale":"fr_FR","og_type":"article","og_title":"Boutique pi\u00e8ces d\u00e9tach\u00e9es po\u00eales \u00e0 granul\u00e9s - Stera","og_description":"Nous mettons \u00e0 votre disposition ici l\u2019ensemble des pi\u00e8ces d\u00e9tach\u00e9es dont vous pouvez avoir besoin pour prolonger la vie de votre appareil.","og_url":"https:\/\/www.stera.fr\/boutique\/","og_site_name":"Stera","article_publisher":"https:\/\/fr-fr.facebook.com\/Stera.fr\/","article_modified_time":"2023-05-11T20:44:08+00:00","twitter_card":"summary_large_image","twitter_misc":{"Dur\u00e9e de lecture estim\u00e9e":"2 minutes"},"schema":{"@context":"https:\/\/schema.org","@graph":[{"@type":"WebPage","@id":"https:\/\/www.stera.fr\/boutique\/","url":"https:\/\/www.stera.fr\/boutique\/","name":"Boutique pi\u00e8ces d\u00e9tach\u00e9es po\u00eales \u00e0 granul\u00e9s - Stera","isPartOf":{"@id":"https:\/\/www.stera.fr\/boutique\/#website"},"datePublished":"2017-01-18T11:14:21+00:00","dateModified":"2023-05-11T20:44:08+00:00","description":"Nous mettons \u00e0 votre disposition ici l\u2019ensemble des pi\u00e8ces d\u00e9tach\u00e9es dont vous pouvez avoir besoin pour prolonger la vie de votre appareil.","breadcrumb":{"@id":"https:\/\/www.stera.fr\/boutique\/#breadcrumb"},"inLanguage":"fr-FR","potentialAction":[{"@type":"ReadAction","target":["https:\/\/www.stera.fr\/boutique\/"]}]},{"@type":"BreadcrumbList","@id":"https:\/\/www.stera.fr\/boutique\/#breadcrumb","itemListElement":[{"@type":"ListItem","position":1,"name":"Accueil","item":"https:\/\/www.stera.fr\/boutique\/"},{"@type":"ListItem","position":2,"name":"Boutique pi\u00e8ces d\u00e9tach\u00e9es po\u00eales \u00e0 granul\u00e9s &#8211; Stera"}]},{"@type":"WebSite","@id":"https:\/\/www.stera.fr\/boutique\/#website","url":"https:\/\/www.stera.fr\/boutique\/","name":"Stera","description":"","potentialAction":[{"@type":"SearchAction","target":{"@type":"EntryPoint","urlTemplate":"https:\/\/www.stera.fr\/boutique\/?s={search_term_string}"},"query-input":{"@type":"PropertyValueSpecification","valueRequired":true,"valueName":"search_term_string"}}],"inLanguage":"fr-FR"}]}},"_links":{"self":[{"href":"https:\/\/www.stera.fr\/boutique\/wp-json\/wp\/v2\/pages\/7144","targetHints":{"allow":["GET"]}}],"collection":[{"href":"https:\/\/www.stera.fr\/boutique\/wp-json\/wp\/v2\/pages"}],"about":[{"href":"https:\/\/www.stera.fr\/boutique\/wp-json\/wp\/v2\/types\/page"}],"author":[{"embeddable":true,"href":"https:\/\/www.stera.fr\/boutique\/wp-json\/wp\/v2\/users\/11"}],"replies":[{"embeddable":true,"href":"https:\/\/www.stera.fr\/boutique\/wp-json\/wp\/v2\/comments?post=7144"}],"version-history":[{"count":0,"href":"https:\/\/www.stera.fr\/boutique\/wp-json\/wp\/v2\/pages\/7144\/revisions"}],"wp:attachment":[{"href":"https:\/\/www.stera.fr\/boutique\/wp-json\/wp\/v2\/media?parent=7144"}],"curies":[{"name":"wp","href":"https:\/\/api.w.org\/{rel}","templated":true}]}}