
{"id":7705,"date":"2025-05-05T20:36:41","date_gmt":"2025-05-05T20:36:41","guid":{"rendered":"https:\/\/www.stera.fr\/boutique\/pieces-detachees-poeles-a-granules\/ref-2000591-pressostat\/"},"modified":"2025-10-03T14:57:11","modified_gmt":"2025-10-03T14:57:11","slug":"ref-2000591-pressostat","status":"publish","type":"product","link":"https:\/\/www.stera.fr\/boutique\/pieces-detachees-poeles-a-granules\/ref-2000591-pressostat\/","title":{"rendered":"r\u00e9f 2000591 pressostat"},"content":{"rendered":"<p>r\u00e9f 2000591 pressostat<\/p>\n","protected":false},"excerpt":{"rendered":"<p>r\u00e9f 2000591 pressostat<\/p>\n","protected":false},"featured_media":7829,"comment_status":"closed","ping_status":"open","template":"","meta":[],"product_brand":[],"product_cat":[719],"product_tag":[],"class_list":{"0":"post-7705","1":"product","2":"type-product","3":"status-publish","4":"has-post-thumbnail","6":"product_cat-pressostat","7":"product_shipping_class-1000-e","8":"pa_2012-comfort-idro","9":"pa_2012-duchessa-idro","10":"pa_2012-ecologica-idro","11":"pa_2012-elisir-idro","12":"pa_2012-giordana-idro","13":"pa_2012-iside-idro","14":"pa_2012-lp14","15":"pa_2012-lp20","16":"pa_2012-lp30","17":"pa_2012-lucrezia-idro","18":"pa_2012-melinda-idro","19":"pa_2013-diadema-idro","20":"pa_2013-diadema-idro-acs","21":"pa_2013-liliana-idro","22":"pa_2014-duchessa-idro","23":"pa_2014-elisir-idro","24":"pa_2014-giordana-idro","25":"pa_2014-hp15","26":"pa_2014-hp22","27":"pa_2014-hp30","28":"pa_2014-iside-idro","29":"pa_2014-liliana-idro","30":"pa_2014-melinda-idro","31":"pa_2015-diadema-idro","32":"pa_2015-diadema-idro-acs","33":"pa_2015-raffaella-idro","34":"pa_2016-comfort-idro-l80","35":"pa_2016-comfort-idro","36":"pa_2016-diadema-idro","37":"pa_2016-diadema-idro-acs","38":"pa_2016-duchessa-idro","39":"pa_2016-evelyne-idro","40":"pa_2016-fiandra-idro","41":"pa_2016-hp15","42":"pa_2016-hp22","43":"pa_2016-hp30","44":"pa_2016-iside-idro-2-0","45":"pa_2016-liliana-idro","46":"pa_2016-megan-idro","47":"pa_2016-melinda-idro-2-0","48":"pa_2016-raffaella-idro-2-0","49":"pa_2017-comfort-idro-l80","50":"pa_2017-diadema-idro","51":"pa_2017-diadema-idro-acs","52":"pa_2017-giordana-idro","53":"pa_2017-virna-idro","54":"pa_2018-comfort-idro-l80","55":"pa_2018-diadema-idro","56":"pa_2018-diadema-idro-acs","57":"pa_2018-virna-idro","58":"pa_comfort-idro-1799","59":"pa_comfort-idro-1800","60":"pa_comfort-idro-l80-2582","61":"pa_comfort-idro-l80-2583","62":"pa_comfort-idro-l80-2584","63":"pa_diadema-idro-2064","64":"pa_diadema-idro-2065","65":"pa_diadema-idro-2066","66":"pa_diadema-idro-2068","67":"pa_diadema-idro-acs-2069","68":"pa_diadema-idro-acs-2070","69":"pa_diadema-idro-acs-2071","70":"pa_diadema-idro-acs-2073","71":"pa_duchessa-idro-2074","72":"pa_duchessa-idro-2075","73":"pa_duchessa-idro-2076","74":"pa_ecologica-idro-1824","75":"pa_elisir-idro-2079","76":"pa_elisir-idro-2080","77":"pa_evelyne-idro-2172","78":"pa_fiandra-idro-2314","79":"pa_fiandra-idro-2315","80":"pa_giordana-idro-2081","81":"pa_giordana-idro-2082","82":"pa_giordana-idro-2083","83":"pa_hp15-1524","84":"pa_hp15-1525","85":"pa_hp22-1526","86":"pa_hp22-1527","87":"pa_hp30-1528","88":"pa_hp30-1529","89":"pa_iside-idro-2085","90":"pa_iside-idro-2086","91":"pa_iside-idro-2-0-2087","92":"pa_liliana-idro-2090","93":"pa_liliana-idro-2091","94":"pa_liliana-idro-2092","95":"pa_lp14-2095","96":"pa_lp20-2096","97":"pa_lp30-2302","98":"pa_lucrezia-idro-2098","99":"pa_marque-extraflame","100":"pa_megan-idro-2587","101":"pa_melinda-idro-2100","102":"pa_melinda-idro-2101","103":"pa_melinda-idro-2-0-2102","104":"pa_raffaella-idro-2105","105":"pa_raffaella-idro-2-0-2165","106":"pa_toutes-annees-comfort-idro-l80","107":"pa_toutes-annees-comfort-idro","108":"pa_toutes-annees-diadema-idro","109":"pa_toutes-annees-diadema-idro-acs","110":"pa_toutes-annees-duchessa-idro","111":"pa_toutes-annees-ecologica-idro","112":"pa_toutes-annees-elisir-idro","113":"pa_toutes-annees-evelyne-idro","114":"pa_toutes-annees-fiandra-idro","115":"pa_toutes-annees-giordana-idro","116":"pa_toutes-annees-hp15","117":"pa_toutes-annees-hp22","118":"pa_toutes-annees-hp30","119":"pa_toutes-annees-iside-idro","120":"pa_toutes-annees-iside-idro-2-0","121":"pa_toutes-annees-liliana-idro","122":"pa_toutes-annees-lp14","123":"pa_toutes-annees-lp20","124":"pa_toutes-annees-lp30","125":"pa_toutes-annees-lucrezia-idro","126":"pa_toutes-annees-megan-idro","127":"pa_toutes-annees-melinda-idro","128":"pa_toutes-annees-melinda-idro-2-0","129":"pa_toutes-annees-raffaella-idro","130":"pa_toutes-annees-raffaella-idro-2-0","131":"pa_toutes-annees-virna-idro","132":"pa_virna-idro-2120","133":"pa_virna-idro-2121","135":"first","136":"instock","137":"taxable","138":"shipping-taxable","139":"purchasable","140":"product-type-simple"},"yoast_head":"<!-- This site is optimized with the Yoast SEO plugin v27.0 - https:\/\/yoast.com\/product\/yoast-seo-wordpress\/ -->\n<title>R\u00e9f 2000591 pressostat<\/title>\n<meta name=\"description\" content=\"Pi\u00e8ce d\u00e9tach\u00e9e : r\u00e9f 2000591 pressostat\" \/>\n<meta name=\"robots\" content=\"index, follow, max-snippet:-1, max-image-preview:large, max-video-preview:-1\" \/>\n<link rel=\"canonical\" href=\"https:\/\/www.stera.fr\/boutique\/pieces-detachees-poeles-a-granules\/ref-2000591-pressostat\/\" \/>\n<meta property=\"og:locale\" content=\"fr_FR\" \/>\n<meta property=\"og:type\" content=\"article\" \/>\n<meta property=\"og:title\" content=\"r\u00e9f 2000591 pressostat\" \/>\n<meta property=\"og:description\" content=\"Pi\u00e8ce d\u00e9tach\u00e9e : r\u00e9f 2000591 pressostat\" \/>\n<meta property=\"og:url\" content=\"https:\/\/www.stera.fr\/boutique\/pieces-detachees-poeles-a-granules\/ref-2000591-pressostat\/\" \/>\n<meta property=\"og:site_name\" content=\"Stera\" \/>\n<meta property=\"article:publisher\" content=\"https:\/\/fr-fr.facebook.com\/Stera.fr\/\" \/>\n<meta property=\"article:modified_time\" content=\"2025-10-03T14:57:11+00:00\" \/>\n<meta property=\"og:image\" content=\"https:\/\/www.stera.fr\/boutique\/wp-content\/uploads\/2017\/07\/2000591.jpg\" \/>\n\t<meta property=\"og:image:width\" content=\"1200\" \/>\n\t<meta property=\"og:image:height\" content=\"900\" \/>\n\t<meta property=\"og:image:type\" content=\"image\/jpeg\" \/>\n<meta name=\"twitter:card\" content=\"summary_large_image\" \/>\n<script type=\"application\/ld+json\" class=\"yoast-schema-graph\">{\"@context\":\"https:\/\/schema.org\",\"@graph\":[{\"@type\":\"WebPage\",\"@id\":\"https:\/\/www.stera.fr\/boutique\/pieces-detachees-poeles-a-granules\/ref-2000591-pressostat\/\",\"url\":\"https:\/\/www.stera.fr\/boutique\/pieces-detachees-poeles-a-granules\/ref-2000591-pressostat\/\",\"name\":\"r\u00e9f 2000591 pressostat\",\"isPartOf\":{\"@id\":\"https:\/\/www.stera.fr\/boutique\/#website\"},\"primaryImageOfPage\":{\"@id\":\"https:\/\/www.stera.fr\/boutique\/pieces-detachees-poeles-a-granules\/ref-2000591-pressostat\/#primaryimage\"},\"image\":{\"@id\":\"https:\/\/www.stera.fr\/boutique\/pieces-detachees-poeles-a-granules\/ref-2000591-pressostat\/#primaryimage\"},\"thumbnailUrl\":\"https:\/\/www.stera.fr\/boutique\/wp-content\/uploads\/2017\/07\/2000591.jpg\",\"datePublished\":\"2025-05-05T20:36:41+00:00\",\"dateModified\":\"2025-10-03T14:57:11+00:00\",\"description\":\"Pi\u00e8ce d\u00e9tach\u00e9e : r\u00e9f 2000591 pressostat\",\"breadcrumb\":{\"@id\":\"https:\/\/www.stera.fr\/boutique\/pieces-detachees-poeles-a-granules\/ref-2000591-pressostat\/#breadcrumb\"},\"inLanguage\":\"fr-FR\",\"potentialAction\":[{\"@type\":\"ReadAction\",\"target\":[\"https:\/\/www.stera.fr\/boutique\/pieces-detachees-poeles-a-granules\/ref-2000591-pressostat\/\"]}]},{\"@type\":\"ImageObject\",\"inLanguage\":\"fr-FR\",\"@id\":\"https:\/\/www.stera.fr\/boutique\/pieces-detachees-poeles-a-granules\/ref-2000591-pressostat\/#primaryimage\",\"url\":\"https:\/\/www.stera.fr\/boutique\/wp-content\/uploads\/2017\/07\/2000591.jpg\",\"contentUrl\":\"https:\/\/www.stera.fr\/boutique\/wp-content\/uploads\/2017\/07\/2000591.jpg\",\"width\":1200,\"height\":900},{\"@type\":\"BreadcrumbList\",\"@id\":\"https:\/\/www.stera.fr\/boutique\/pieces-detachees-poeles-a-granules\/ref-2000591-pressostat\/#breadcrumb\",\"itemListElement\":[{\"@type\":\"ListItem\",\"position\":1,\"name\":\"Accueil\",\"item\":\"https:\/\/www.stera.fr\/boutique\/\"},{\"@type\":\"ListItem\",\"position\":2,\"name\":\"Boutique\",\"item\":\"https:\/\/www.stera.fr\/boutique\/pieces-detachees-poeles-a-granules\/\"},{\"@type\":\"ListItem\",\"position\":3,\"name\":\"r\u00e9f 2000591 pressostat\"}]},{\"@type\":\"WebSite\",\"@id\":\"https:\/\/www.stera.fr\/boutique\/#website\",\"url\":\"https:\/\/www.stera.fr\/boutique\/\",\"name\":\"Stera\",\"description\":\"\",\"potentialAction\":[{\"@type\":\"SearchAction\",\"target\":{\"@type\":\"EntryPoint\",\"urlTemplate\":\"https:\/\/www.stera.fr\/boutique\/?s={search_term_string}\"},\"query-input\":{\"@type\":\"PropertyValueSpecification\",\"valueRequired\":true,\"valueName\":\"search_term_string\"}}],\"inLanguage\":\"fr-FR\"}]}<\/script>\n<!-- \/ Yoast SEO plugin. -->","yoast_head_json":{"title":"R\u00e9f 2000591 pressostat","description":"Pi\u00e8ce d\u00e9tach\u00e9e : r\u00e9f 2000591 pressostat","robots":{"index":"index","follow":"follow","max-snippet":"max-snippet:-1","max-image-preview":"max-image-preview:large","max-video-preview":"max-video-preview:-1"},"canonical":"https:\/\/www.stera.fr\/boutique\/pieces-detachees-poeles-a-granules\/ref-2000591-pressostat\/","og_locale":"fr_FR","og_type":"article","og_title":"r\u00e9f 2000591 pressostat","og_description":"Pi\u00e8ce d\u00e9tach\u00e9e : r\u00e9f 2000591 pressostat","og_url":"https:\/\/www.stera.fr\/boutique\/pieces-detachees-poeles-a-granules\/ref-2000591-pressostat\/","og_site_name":"Stera","article_publisher":"https:\/\/fr-fr.facebook.com\/Stera.fr\/","article_modified_time":"2025-10-03T14:57:11+00:00","og_image":[{"width":1200,"height":900,"url":"https:\/\/www.stera.fr\/boutique\/wp-content\/uploads\/2017\/07\/2000591.jpg","type":"image\/jpeg"}],"twitter_card":"summary_large_image","schema":{"@context":"https:\/\/schema.org","@graph":[{"@type":"WebPage","@id":"https:\/\/www.stera.fr\/boutique\/pieces-detachees-poeles-a-granules\/ref-2000591-pressostat\/","url":"https:\/\/www.stera.fr\/boutique\/pieces-detachees-poeles-a-granules\/ref-2000591-pressostat\/","name":"r\u00e9f 2000591 pressostat","isPartOf":{"@id":"https:\/\/www.stera.fr\/boutique\/#website"},"primaryImageOfPage":{"@id":"https:\/\/www.stera.fr\/boutique\/pieces-detachees-poeles-a-granules\/ref-2000591-pressostat\/#primaryimage"},"image":{"@id":"https:\/\/www.stera.fr\/boutique\/pieces-detachees-poeles-a-granules\/ref-2000591-pressostat\/#primaryimage"},"thumbnailUrl":"https:\/\/www.stera.fr\/boutique\/wp-content\/uploads\/2017\/07\/2000591.jpg","datePublished":"2025-05-05T20:36:41+00:00","dateModified":"2025-10-03T14:57:11+00:00","description":"Pi\u00e8ce d\u00e9tach\u00e9e : r\u00e9f 2000591 pressostat","breadcrumb":{"@id":"https:\/\/www.stera.fr\/boutique\/pieces-detachees-poeles-a-granules\/ref-2000591-pressostat\/#breadcrumb"},"inLanguage":"fr-FR","potentialAction":[{"@type":"ReadAction","target":["https:\/\/www.stera.fr\/boutique\/pieces-detachees-poeles-a-granules\/ref-2000591-pressostat\/"]}]},{"@type":"ImageObject","inLanguage":"fr-FR","@id":"https:\/\/www.stera.fr\/boutique\/pieces-detachees-poeles-a-granules\/ref-2000591-pressostat\/#primaryimage","url":"https:\/\/www.stera.fr\/boutique\/wp-content\/uploads\/2017\/07\/2000591.jpg","contentUrl":"https:\/\/www.stera.fr\/boutique\/wp-content\/uploads\/2017\/07\/2000591.jpg","width":1200,"height":900},{"@type":"BreadcrumbList","@id":"https:\/\/www.stera.fr\/boutique\/pieces-detachees-poeles-a-granules\/ref-2000591-pressostat\/#breadcrumb","itemListElement":[{"@type":"ListItem","position":1,"name":"Accueil","item":"https:\/\/www.stera.fr\/boutique\/"},{"@type":"ListItem","position":2,"name":"Boutique","item":"https:\/\/www.stera.fr\/boutique\/pieces-detachees-poeles-a-granules\/"},{"@type":"ListItem","position":3,"name":"r\u00e9f 2000591 pressostat"}]},{"@type":"WebSite","@id":"https:\/\/www.stera.fr\/boutique\/#website","url":"https:\/\/www.stera.fr\/boutique\/","name":"Stera","description":"","potentialAction":[{"@type":"SearchAction","target":{"@type":"EntryPoint","urlTemplate":"https:\/\/www.stera.fr\/boutique\/?s={search_term_string}"},"query-input":{"@type":"PropertyValueSpecification","valueRequired":true,"valueName":"search_term_string"}}],"inLanguage":"fr-FR"}]}},"_links":{"self":[{"href":"https:\/\/www.stera.fr\/boutique\/wp-json\/wp\/v2\/product\/7705","targetHints":{"allow":["GET"]}}],"collection":[{"href":"https:\/\/www.stera.fr\/boutique\/wp-json\/wp\/v2\/product"}],"about":[{"href":"https:\/\/www.stera.fr\/boutique\/wp-json\/wp\/v2\/types\/product"}],"replies":[{"embeddable":true,"href":"https:\/\/www.stera.fr\/boutique\/wp-json\/wp\/v2\/comments?post=7705"}],"wp:featuredmedia":[{"embeddable":true,"href":"https:\/\/www.stera.fr\/boutique\/wp-json\/wp\/v2\/media\/7829"}],"wp:attachment":[{"href":"https:\/\/www.stera.fr\/boutique\/wp-json\/wp\/v2\/media?parent=7705"}],"wp:term":[{"taxonomy":"product_brand","embeddable":true,"href":"https:\/\/www.stera.fr\/boutique\/wp-json\/wp\/v2\/product_brand?post=7705"},{"taxonomy":"product_cat","embeddable":true,"href":"https:\/\/www.stera.fr\/boutique\/wp-json\/wp\/v2\/product_cat?post=7705"},{"taxonomy":"product_tag","embeddable":true,"href":"https:\/\/www.stera.fr\/boutique\/wp-json\/wp\/v2\/product_tag?post=7705"}],"curies":[{"name":"wp","href":"https:\/\/api.w.org\/{rel}","templated":true}]}}