
{"id":7707,"date":"2025-05-05T20:37:02","date_gmt":"2025-05-05T20:37:02","guid":{"rendered":"https:\/\/www.stera.fr\/boutique\/pieces-detachees-poeles-a-granules\/ref-2000705-sonde-temperature-ambiante\/"},"modified":"2025-10-03T14:57:08","modified_gmt":"2025-10-03T14:57:08","slug":"ref-2000705-sonde-temperature-ambiante","status":"publish","type":"product","link":"https:\/\/www.stera.fr\/boutique\/pieces-detachees-poeles-a-granules\/ref-2000705-sonde-temperature-ambiante\/","title":{"rendered":"r\u00e9f 2000705 sonde temp\u00e9rature ambiante"},"content":{"rendered":"<p>r\u00e9f 2000705 sonde temp\u00e9rature ambiante<\/p>\n","protected":false},"excerpt":{"rendered":"<p>r\u00e9f 2000705 sonde temp\u00e9rature ambiante<\/p>\n","protected":false},"featured_media":9549,"comment_status":"closed","ping_status":"open","template":"","meta":[],"product_brand":[],"product_cat":[720],"product_tag":[],"class_list":{"0":"post-7707","1":"product","2":"type-product","3":"status-publish","4":"has-post-thumbnail","6":"product_cat-sonde","7":"product_shipping_class-800-e","8":"pa_2010-rosy","9":"pa_2011-comfort-idro","10":"pa_2011-ecologica-idro","11":"pa_2011-isabella","12":"pa_2011-rosy","13":"pa_2011-teodora","14":"pa_2012-comfort-idro","15":"pa_2012-comfort-maxi","16":"pa_2012-comfort-plus","17":"pa_2012-ecologica-idro","18":"pa_2012-esmeralda","19":"pa_2012-irina","20":"pa_2012-rosy","21":"pa_2012-teodora","22":"pa_2013-comfort-p70","23":"pa_2013-comfort-p70h49","24":"pa_2014-irma","25":"pa_2015-comfort-plus-crystal","26":"pa_2016-comfort-idro-l80","27":"pa_2016-comfort-idro","28":"pa_2016-comfort-p70","29":"pa_2016-comfort-p70h49","30":"pa_2016-comfort-plus","31":"pa_2016-comfort-plus-crystal","32":"pa_2016-doroty","33":"pa_2016-irma","34":"pa_2016-irma-plus","35":"pa_2016-teodora","36":"pa_2017-comfort-idro-l80","37":"pa_2017-comfort-p70","38":"pa_2017-comfort-p70h49","39":"pa_2017-comfort-plus-crystal","40":"pa_2017-virna-idro","41":"pa_2018-comfort-idro-l80","42":"pa_2018-comfort-p70","43":"pa_2018-comfort-p70h49","44":"pa_2018-comfort-plus-crystal","45":"pa_2018-doroty","46":"pa_2018-hp22-evo","47":"pa_2018-irma","48":"pa_2018-teodora","49":"pa_2018-virna-idro","50":"pa_2021-comfort-p70h49","51":"pa_2021-comfort-plus-crystal","52":"pa_2023-comfort-p70-5-0","53":"pa_2023-comfort-p70-plus-5-0","54":"pa_comfort-idro-l80-2582","55":"pa_comfort-idro-l80-2583","56":"pa_comfort-idro-l80-2584","57":"pa_comfort-maxi-1808","58":"pa_comfort-p70-2131","59":"pa_comfort-p70-2132","60":"pa_comfort-p70-2133","61":"pa_comfort-p70-2134","62":"pa_comfort-p70-5-0-2911","63":"pa_comfort-p70-plus-5-0-2913","64":"pa_comfort-p70h49-2135","65":"pa_comfort-p70h49-2136","66":"pa_comfort-p70h49-2137","67":"pa_comfort-p70h49-2138","68":"pa_comfort-p70h49-2646","69":"pa_comfort-plus-1867","70":"pa_comfort-plus-1868","71":"pa_comfort-plus-crystal-2139","72":"pa_comfort-plus-crystal-2140","73":"pa_comfort-plus-crystal-2141","74":"pa_comfort-plus-crystal-2142","75":"pa_comfort-plus-crystal-2647","76":"pa_doroty-1966","77":"pa_doroty-1967","78":"pa_ecologica-idro-1823","79":"pa_ecologica-idro-1824","80":"pa_esmeralda-1830","81":"pa_hp22-evo-1538","82":"pa_hp22-evo-1539","83":"pa_hp30-evo-1540","84":"pa_irina-1984","85":"pa_irma-1985","86":"pa_irma-1986","87":"pa_irma-1987","88":"pa_irma-plus-1988","89":"pa_isabella-1692","90":"pa_marque-extraflame","91":"pa_rosy-1700","92":"pa_rosy-1701","93":"pa_rosy-1993","94":"pa_teodora-2003","95":"pa_teodora-2004","96":"pa_teodora-2005","97":"pa_teodora-2006","98":"pa_toutes-annees-comfort-idro-l80","99":"pa_toutes-annees-comfort-idro","100":"pa_toutes-annees-comfort-maxi","101":"pa_toutes-annees-comfort-p70","102":"pa_toutes-annees-comfort-p70-5-0","103":"pa_toutes-annees-comfort-p70-plus-5-0","104":"pa_toutes-annees-comfort-p70h49","105":"pa_toutes-annees-comfort-plus","106":"pa_toutes-annees-comfort-plus-crystal","107":"pa_toutes-annees-doroty","108":"pa_toutes-annees-ecologica-idro","109":"pa_toutes-annees-esmeralda","110":"pa_toutes-annees-hp22-evo","111":"pa_toutes-annees-irina","112":"pa_toutes-annees-irma","113":"pa_toutes-annees-irma-plus","114":"pa_toutes-annees-isabella","115":"pa_toutes-annees-rosy","116":"pa_toutes-annees-teodora","117":"pa_toutes-annees-virna-idro","118":"pa_virna-idro-2120","119":"pa_virna-idro-2121","121":"first","122":"instock","123":"taxable","124":"shipping-taxable","125":"purchasable","126":"product-type-simple"},"yoast_head":"<!-- This site is optimized with the Yoast SEO plugin v27.0 - https:\/\/yoast.com\/product\/yoast-seo-wordpress\/ -->\n<title>R\u00e9f 2000705 sonde temp\u00e9rature ambiante<\/title>\n<meta name=\"description\" content=\"Pi\u00e8ce d\u00e9tach\u00e9e : r\u00e9f 2000705 sonde temp\u00e9rature ambiante\" \/>\n<meta name=\"robots\" content=\"index, follow, max-snippet:-1, max-image-preview:large, max-video-preview:-1\" \/>\n<link rel=\"canonical\" href=\"https:\/\/www.stera.fr\/boutique\/pieces-detachees-poeles-a-granules\/ref-2000705-sonde-temperature-ambiante\/\" \/>\n<meta property=\"og:locale\" content=\"fr_FR\" \/>\n<meta property=\"og:type\" content=\"article\" \/>\n<meta property=\"og:title\" content=\"r\u00e9f 2000705 sonde temp\u00e9rature ambiante\" \/>\n<meta property=\"og:description\" content=\"Pi\u00e8ce d\u00e9tach\u00e9e : r\u00e9f 2000705 sonde temp\u00e9rature ambiante\" \/>\n<meta property=\"og:url\" content=\"https:\/\/www.stera.fr\/boutique\/pieces-detachees-poeles-a-granules\/ref-2000705-sonde-temperature-ambiante\/\" \/>\n<meta property=\"og:site_name\" content=\"Stera\" \/>\n<meta property=\"article:publisher\" content=\"https:\/\/fr-fr.facebook.com\/Stera.fr\/\" \/>\n<meta property=\"article:modified_time\" content=\"2025-10-03T14:57:08+00:00\" \/>\n<meta property=\"og:image\" content=\"https:\/\/www.stera.fr\/boutique\/wp-content\/uploads\/2021\/03\/2000705-scaled.jpg\" \/>\n\t<meta property=\"og:image:width\" content=\"1920\" \/>\n\t<meta property=\"og:image:height\" content=\"2560\" \/>\n\t<meta property=\"og:image:type\" content=\"image\/jpeg\" \/>\n<meta name=\"twitter:card\" content=\"summary_large_image\" \/>\n<script type=\"application\/ld+json\" class=\"yoast-schema-graph\">{\"@context\":\"https:\/\/schema.org\",\"@graph\":[{\"@type\":\"WebPage\",\"@id\":\"https:\/\/www.stera.fr\/boutique\/pieces-detachees-poeles-a-granules\/ref-2000705-sonde-temperature-ambiante\/\",\"url\":\"https:\/\/www.stera.fr\/boutique\/pieces-detachees-poeles-a-granules\/ref-2000705-sonde-temperature-ambiante\/\",\"name\":\"r\u00e9f 2000705 sonde temp\u00e9rature ambiante\",\"isPartOf\":{\"@id\":\"https:\/\/www.stera.fr\/boutique\/#website\"},\"primaryImageOfPage\":{\"@id\":\"https:\/\/www.stera.fr\/boutique\/pieces-detachees-poeles-a-granules\/ref-2000705-sonde-temperature-ambiante\/#primaryimage\"},\"image\":{\"@id\":\"https:\/\/www.stera.fr\/boutique\/pieces-detachees-poeles-a-granules\/ref-2000705-sonde-temperature-ambiante\/#primaryimage\"},\"thumbnailUrl\":\"https:\/\/www.stera.fr\/boutique\/wp-content\/uploads\/2021\/03\/2000705-scaled.jpg\",\"datePublished\":\"2025-05-05T20:37:02+00:00\",\"dateModified\":\"2025-10-03T14:57:08+00:00\",\"description\":\"Pi\u00e8ce d\u00e9tach\u00e9e : r\u00e9f 2000705 sonde temp\u00e9rature ambiante\",\"breadcrumb\":{\"@id\":\"https:\/\/www.stera.fr\/boutique\/pieces-detachees-poeles-a-granules\/ref-2000705-sonde-temperature-ambiante\/#breadcrumb\"},\"inLanguage\":\"fr-FR\",\"potentialAction\":[{\"@type\":\"ReadAction\",\"target\":[\"https:\/\/www.stera.fr\/boutique\/pieces-detachees-poeles-a-granules\/ref-2000705-sonde-temperature-ambiante\/\"]}]},{\"@type\":\"ImageObject\",\"inLanguage\":\"fr-FR\",\"@id\":\"https:\/\/www.stera.fr\/boutique\/pieces-detachees-poeles-a-granules\/ref-2000705-sonde-temperature-ambiante\/#primaryimage\",\"url\":\"https:\/\/www.stera.fr\/boutique\/wp-content\/uploads\/2021\/03\/2000705-scaled.jpg\",\"contentUrl\":\"https:\/\/www.stera.fr\/boutique\/wp-content\/uploads\/2021\/03\/2000705-scaled.jpg\",\"width\":1920,\"height\":2560},{\"@type\":\"BreadcrumbList\",\"@id\":\"https:\/\/www.stera.fr\/boutique\/pieces-detachees-poeles-a-granules\/ref-2000705-sonde-temperature-ambiante\/#breadcrumb\",\"itemListElement\":[{\"@type\":\"ListItem\",\"position\":1,\"name\":\"Accueil\",\"item\":\"https:\/\/www.stera.fr\/boutique\/\"},{\"@type\":\"ListItem\",\"position\":2,\"name\":\"Boutique\",\"item\":\"https:\/\/www.stera.fr\/boutique\/pieces-detachees-poeles-a-granules\/\"},{\"@type\":\"ListItem\",\"position\":3,\"name\":\"r\u00e9f 2000705 sonde temp\u00e9rature ambiante\"}]},{\"@type\":\"WebSite\",\"@id\":\"https:\/\/www.stera.fr\/boutique\/#website\",\"url\":\"https:\/\/www.stera.fr\/boutique\/\",\"name\":\"Stera\",\"description\":\"\",\"potentialAction\":[{\"@type\":\"SearchAction\",\"target\":{\"@type\":\"EntryPoint\",\"urlTemplate\":\"https:\/\/www.stera.fr\/boutique\/?s={search_term_string}\"},\"query-input\":{\"@type\":\"PropertyValueSpecification\",\"valueRequired\":true,\"valueName\":\"search_term_string\"}}],\"inLanguage\":\"fr-FR\"}]}<\/script>\n<!-- \/ Yoast SEO plugin. -->","yoast_head_json":{"title":"R\u00e9f 2000705 sonde temp\u00e9rature ambiante","description":"Pi\u00e8ce d\u00e9tach\u00e9e : r\u00e9f 2000705 sonde temp\u00e9rature ambiante","robots":{"index":"index","follow":"follow","max-snippet":"max-snippet:-1","max-image-preview":"max-image-preview:large","max-video-preview":"max-video-preview:-1"},"canonical":"https:\/\/www.stera.fr\/boutique\/pieces-detachees-poeles-a-granules\/ref-2000705-sonde-temperature-ambiante\/","og_locale":"fr_FR","og_type":"article","og_title":"r\u00e9f 2000705 sonde temp\u00e9rature ambiante","og_description":"Pi\u00e8ce d\u00e9tach\u00e9e : r\u00e9f 2000705 sonde temp\u00e9rature ambiante","og_url":"https:\/\/www.stera.fr\/boutique\/pieces-detachees-poeles-a-granules\/ref-2000705-sonde-temperature-ambiante\/","og_site_name":"Stera","article_publisher":"https:\/\/fr-fr.facebook.com\/Stera.fr\/","article_modified_time":"2025-10-03T14:57:08+00:00","og_image":[{"width":1920,"height":2560,"url":"https:\/\/www.stera.fr\/boutique\/wp-content\/uploads\/2021\/03\/2000705-scaled.jpg","type":"image\/jpeg"}],"twitter_card":"summary_large_image","schema":{"@context":"https:\/\/schema.org","@graph":[{"@type":"WebPage","@id":"https:\/\/www.stera.fr\/boutique\/pieces-detachees-poeles-a-granules\/ref-2000705-sonde-temperature-ambiante\/","url":"https:\/\/www.stera.fr\/boutique\/pieces-detachees-poeles-a-granules\/ref-2000705-sonde-temperature-ambiante\/","name":"r\u00e9f 2000705 sonde temp\u00e9rature ambiante","isPartOf":{"@id":"https:\/\/www.stera.fr\/boutique\/#website"},"primaryImageOfPage":{"@id":"https:\/\/www.stera.fr\/boutique\/pieces-detachees-poeles-a-granules\/ref-2000705-sonde-temperature-ambiante\/#primaryimage"},"image":{"@id":"https:\/\/www.stera.fr\/boutique\/pieces-detachees-poeles-a-granules\/ref-2000705-sonde-temperature-ambiante\/#primaryimage"},"thumbnailUrl":"https:\/\/www.stera.fr\/boutique\/wp-content\/uploads\/2021\/03\/2000705-scaled.jpg","datePublished":"2025-05-05T20:37:02+00:00","dateModified":"2025-10-03T14:57:08+00:00","description":"Pi\u00e8ce d\u00e9tach\u00e9e : r\u00e9f 2000705 sonde temp\u00e9rature ambiante","breadcrumb":{"@id":"https:\/\/www.stera.fr\/boutique\/pieces-detachees-poeles-a-granules\/ref-2000705-sonde-temperature-ambiante\/#breadcrumb"},"inLanguage":"fr-FR","potentialAction":[{"@type":"ReadAction","target":["https:\/\/www.stera.fr\/boutique\/pieces-detachees-poeles-a-granules\/ref-2000705-sonde-temperature-ambiante\/"]}]},{"@type":"ImageObject","inLanguage":"fr-FR","@id":"https:\/\/www.stera.fr\/boutique\/pieces-detachees-poeles-a-granules\/ref-2000705-sonde-temperature-ambiante\/#primaryimage","url":"https:\/\/www.stera.fr\/boutique\/wp-content\/uploads\/2021\/03\/2000705-scaled.jpg","contentUrl":"https:\/\/www.stera.fr\/boutique\/wp-content\/uploads\/2021\/03\/2000705-scaled.jpg","width":1920,"height":2560},{"@type":"BreadcrumbList","@id":"https:\/\/www.stera.fr\/boutique\/pieces-detachees-poeles-a-granules\/ref-2000705-sonde-temperature-ambiante\/#breadcrumb","itemListElement":[{"@type":"ListItem","position":1,"name":"Accueil","item":"https:\/\/www.stera.fr\/boutique\/"},{"@type":"ListItem","position":2,"name":"Boutique","item":"https:\/\/www.stera.fr\/boutique\/pieces-detachees-poeles-a-granules\/"},{"@type":"ListItem","position":3,"name":"r\u00e9f 2000705 sonde temp\u00e9rature ambiante"}]},{"@type":"WebSite","@id":"https:\/\/www.stera.fr\/boutique\/#website","url":"https:\/\/www.stera.fr\/boutique\/","name":"Stera","description":"","potentialAction":[{"@type":"SearchAction","target":{"@type":"EntryPoint","urlTemplate":"https:\/\/www.stera.fr\/boutique\/?s={search_term_string}"},"query-input":{"@type":"PropertyValueSpecification","valueRequired":true,"valueName":"search_term_string"}}],"inLanguage":"fr-FR"}]}},"_links":{"self":[{"href":"https:\/\/www.stera.fr\/boutique\/wp-json\/wp\/v2\/product\/7707","targetHints":{"allow":["GET"]}}],"collection":[{"href":"https:\/\/www.stera.fr\/boutique\/wp-json\/wp\/v2\/product"}],"about":[{"href":"https:\/\/www.stera.fr\/boutique\/wp-json\/wp\/v2\/types\/product"}],"replies":[{"embeddable":true,"href":"https:\/\/www.stera.fr\/boutique\/wp-json\/wp\/v2\/comments?post=7707"}],"wp:featuredmedia":[{"embeddable":true,"href":"https:\/\/www.stera.fr\/boutique\/wp-json\/wp\/v2\/media\/9549"}],"wp:attachment":[{"href":"https:\/\/www.stera.fr\/boutique\/wp-json\/wp\/v2\/media?parent=7707"}],"wp:term":[{"taxonomy":"product_brand","embeddable":true,"href":"https:\/\/www.stera.fr\/boutique\/wp-json\/wp\/v2\/product_brand?post=7707"},{"taxonomy":"product_cat","embeddable":true,"href":"https:\/\/www.stera.fr\/boutique\/wp-json\/wp\/v2\/product_cat?post=7707"},{"taxonomy":"product_tag","embeddable":true,"href":"https:\/\/www.stera.fr\/boutique\/wp-json\/wp\/v2\/product_tag?post=7707"}],"curies":[{"name":"wp","href":"https:\/\/api.w.org\/{rel}","templated":true}]}}