
{"id":7721,"date":"2025-05-05T20:38:27","date_gmt":"2025-05-05T20:38:27","guid":{"rendered":"https:\/\/www.stera.fr\/boutique\/pieces-detachees-poeles-a-granules\/ref-2271013-motoreducteur-nettoyage-brasier\/"},"modified":"2025-10-03T14:53:36","modified_gmt":"2025-10-03T14:53:36","slug":"ref-2271013-motoreducteur-jusquen-2015","status":"publish","type":"product","link":"https:\/\/www.stera.fr\/boutique\/pieces-detachees-poeles-a-granules\/ref-2271013-motoreducteur-jusquen-2015\/","title":{"rendered":"r\u00e9f 2271013 motor\u00e9ducteur (jusqu&rsquo;en 2015)"},"content":{"rendered":"<p>r\u00e9f 2271013 motor\u00e9ducteur (jusqu&rsquo;en 2015)<\/p>\n","protected":false},"excerpt":{"rendered":"<p>r\u00e9f 2271013 motor\u00e9ducteur (jusqu&rsquo;en 2015)<\/p>\n","protected":false},"featured_media":7845,"comment_status":"closed","ping_status":"open","template":"","meta":[],"product_brand":[],"product_cat":[716],"product_tag":[],"class_list":{"0":"post-7721","1":"product","2":"type-product","3":"status-publish","4":"has-post-thumbnail","6":"product_cat-motoreducteur","7":"product_shipping_class-1500-e","8":"pa_2006-lucrezia-idro","9":"pa_2007-lucrezia-idro","10":"pa_2008-lucrezia-idro","11":"pa_2009-lp20","12":"pa_2009-lucrezia-idro","13":"pa_2010-iside-idro","14":"pa_2010-lp14","15":"pa_2010-lp20","16":"pa_2010-lp30","17":"pa_2010-lucrezia-idro","18":"pa_2010-melinda-idro","19":"pa_2011-iside-idro","20":"pa_2011-lp14","21":"pa_2011-lp20","22":"pa_2011-lp30","23":"pa_2011-lucrezia-idro","24":"pa_2011-melinda-idro","25":"pa_2012-giordana-idro","26":"pa_2012-iside-idro","27":"pa_2012-lp14","28":"pa_2012-lp20","29":"pa_2012-lp30","30":"pa_2012-lucrezia-idro","31":"pa_2012-melinda-idro","32":"pa_2013-diadema-idro","33":"pa_2013-diadema-idro-acs","34":"pa_2013-liliana-idro","35":"pa_2014-giordana-idro","36":"pa_2014-iside-idro","37":"pa_2014-liliana-idro","38":"pa_2014-melinda-idro","39":"pa_2015-diadema-idro","40":"pa_2015-diadema-idro-acs","41":"pa_2017-giordana-idro","42":"pa_diadema-idro-2064","43":"pa_diadema-idro-2065","44":"pa_diadema-idro-acs-2069","45":"pa_diadema-idro-acs-2070","46":"pa_giordana-idro-2081","47":"pa_giordana-idro-2082","48":"pa_giordana-idro-2083","49":"pa_iside-idro-1693","50":"pa_iside-idro-2084","51":"pa_iside-idro-2085","52":"pa_iside-idro-2086","53":"pa_liliana-idro-2090","54":"pa_liliana-idro-2091","55":"pa_lp14-1895","56":"pa_lp14-1896","57":"pa_lp14-2095","58":"pa_lp20-1897","59":"pa_lp20-1898","60":"pa_lp20-1899","61":"pa_lp20-2096","62":"pa_lp30-2210","63":"pa_lp30-2211","64":"pa_lp30-2302","65":"pa_lucrezia-idro-1900","66":"pa_lucrezia-idro-1901","67":"pa_lucrezia-idro-1902","68":"pa_lucrezia-idro-1903","69":"pa_lucrezia-idro-1904","70":"pa_lucrezia-idro-2097","71":"pa_lucrezia-idro-2098","72":"pa_marque-extraflame","73":"pa_melinda-idro-1697","74":"pa_melinda-idro-2099","75":"pa_melinda-idro-2100","76":"pa_melinda-idro-2101","77":"pa_toutes-annees-diadema-idro","78":"pa_toutes-annees-diadema-idro-acs","79":"pa_toutes-annees-giordana-idro","80":"pa_toutes-annees-iside-idro","81":"pa_toutes-annees-liliana-idro","82":"pa_toutes-annees-lp14","83":"pa_toutes-annees-lp20","84":"pa_toutes-annees-lp30","85":"pa_toutes-annees-lucrezia-idro","86":"pa_toutes-annees-melinda-idro","88":"first","89":"instock","90":"taxable","91":"shipping-taxable","92":"purchasable","93":"product-type-simple"},"yoast_head":"<!-- This site is optimized with the Yoast SEO plugin v27.0 - https:\/\/yoast.com\/product\/yoast-seo-wordpress\/ -->\n<title>R\u00e9f 2271013 motor\u00e9ducteur (jusqu&#039;en 2015)<\/title>\n<meta name=\"description\" content=\"Pi\u00e8ce d\u00e9tach\u00e9e : r\u00e9f 2271013 motor\u00e9ducteur (jusqu&#039;en 2015)\" \/>\n<meta name=\"robots\" content=\"index, follow, max-snippet:-1, max-image-preview:large, max-video-preview:-1\" \/>\n<link rel=\"canonical\" href=\"https:\/\/www.stera.fr\/boutique\/pieces-detachees-poeles-a-granules\/ref-2271013-motoreducteur-jusquen-2015\/\" \/>\n<meta property=\"og:locale\" content=\"fr_FR\" \/>\n<meta property=\"og:type\" content=\"article\" \/>\n<meta property=\"og:title\" content=\"r\u00e9f 2271013 motor\u00e9ducteur (jusqu&#039;en 2015)\" \/>\n<meta property=\"og:description\" content=\"Pi\u00e8ce d\u00e9tach\u00e9e : r\u00e9f 2271013 motor\u00e9ducteur (jusqu&#039;en 2015)\" \/>\n<meta property=\"og:url\" content=\"https:\/\/www.stera.fr\/boutique\/pieces-detachees-poeles-a-granules\/ref-2271013-motoreducteur-jusquen-2015\/\" \/>\n<meta property=\"og:site_name\" content=\"Stera\" \/>\n<meta property=\"article:publisher\" content=\"https:\/\/fr-fr.facebook.com\/Stera.fr\/\" \/>\n<meta property=\"article:modified_time\" content=\"2025-10-03T14:53:36+00:00\" \/>\n<meta property=\"og:image\" content=\"https:\/\/www.stera.fr\/boutique\/wp-content\/uploads\/2017\/07\/2271013.jpg\" \/>\n\t<meta property=\"og:image:width\" content=\"1200\" \/>\n\t<meta property=\"og:image:height\" content=\"900\" \/>\n\t<meta property=\"og:image:type\" content=\"image\/jpeg\" \/>\n<meta name=\"twitter:card\" content=\"summary_large_image\" \/>\n<script type=\"application\/ld+json\" class=\"yoast-schema-graph\">{\"@context\":\"https:\/\/schema.org\",\"@graph\":[{\"@type\":\"WebPage\",\"@id\":\"https:\/\/www.stera.fr\/boutique\/pieces-detachees-poeles-a-granules\/ref-2271013-motoreducteur-jusquen-2015\/\",\"url\":\"https:\/\/www.stera.fr\/boutique\/pieces-detachees-poeles-a-granules\/ref-2271013-motoreducteur-jusquen-2015\/\",\"name\":\"r\u00e9f 2271013 motor\u00e9ducteur (jusqu'en 2015)\",\"isPartOf\":{\"@id\":\"https:\/\/www.stera.fr\/boutique\/#website\"},\"primaryImageOfPage\":{\"@id\":\"https:\/\/www.stera.fr\/boutique\/pieces-detachees-poeles-a-granules\/ref-2271013-motoreducteur-jusquen-2015\/#primaryimage\"},\"image\":{\"@id\":\"https:\/\/www.stera.fr\/boutique\/pieces-detachees-poeles-a-granules\/ref-2271013-motoreducteur-jusquen-2015\/#primaryimage\"},\"thumbnailUrl\":\"https:\/\/www.stera.fr\/boutique\/wp-content\/uploads\/2017\/07\/2271013.jpg\",\"datePublished\":\"2025-05-05T20:38:27+00:00\",\"dateModified\":\"2025-10-03T14:53:36+00:00\",\"description\":\"Pi\u00e8ce d\u00e9tach\u00e9e : r\u00e9f 2271013 motor\u00e9ducteur (jusqu'en 2015)\",\"breadcrumb\":{\"@id\":\"https:\/\/www.stera.fr\/boutique\/pieces-detachees-poeles-a-granules\/ref-2271013-motoreducteur-jusquen-2015\/#breadcrumb\"},\"inLanguage\":\"fr-FR\",\"potentialAction\":[{\"@type\":\"ReadAction\",\"target\":[\"https:\/\/www.stera.fr\/boutique\/pieces-detachees-poeles-a-granules\/ref-2271013-motoreducteur-jusquen-2015\/\"]}]},{\"@type\":\"ImageObject\",\"inLanguage\":\"fr-FR\",\"@id\":\"https:\/\/www.stera.fr\/boutique\/pieces-detachees-poeles-a-granules\/ref-2271013-motoreducteur-jusquen-2015\/#primaryimage\",\"url\":\"https:\/\/www.stera.fr\/boutique\/wp-content\/uploads\/2017\/07\/2271013.jpg\",\"contentUrl\":\"https:\/\/www.stera.fr\/boutique\/wp-content\/uploads\/2017\/07\/2271013.jpg\",\"width\":1200,\"height\":900},{\"@type\":\"BreadcrumbList\",\"@id\":\"https:\/\/www.stera.fr\/boutique\/pieces-detachees-poeles-a-granules\/ref-2271013-motoreducteur-jusquen-2015\/#breadcrumb\",\"itemListElement\":[{\"@type\":\"ListItem\",\"position\":1,\"name\":\"Accueil\",\"item\":\"https:\/\/www.stera.fr\/boutique\/\"},{\"@type\":\"ListItem\",\"position\":2,\"name\":\"Boutique\",\"item\":\"https:\/\/www.stera.fr\/boutique\/pieces-detachees-poeles-a-granules\/\"},{\"@type\":\"ListItem\",\"position\":3,\"name\":\"r\u00e9f 2271013 motor\u00e9ducteur (jusqu&rsquo;en 2015)\"}]},{\"@type\":\"WebSite\",\"@id\":\"https:\/\/www.stera.fr\/boutique\/#website\",\"url\":\"https:\/\/www.stera.fr\/boutique\/\",\"name\":\"Stera\",\"description\":\"\",\"potentialAction\":[{\"@type\":\"SearchAction\",\"target\":{\"@type\":\"EntryPoint\",\"urlTemplate\":\"https:\/\/www.stera.fr\/boutique\/?s={search_term_string}\"},\"query-input\":{\"@type\":\"PropertyValueSpecification\",\"valueRequired\":true,\"valueName\":\"search_term_string\"}}],\"inLanguage\":\"fr-FR\"}]}<\/script>\n<!-- \/ Yoast SEO plugin. -->","yoast_head_json":{"title":"R\u00e9f 2271013 motor\u00e9ducteur (jusqu'en 2015)","description":"Pi\u00e8ce d\u00e9tach\u00e9e : r\u00e9f 2271013 motor\u00e9ducteur (jusqu'en 2015)","robots":{"index":"index","follow":"follow","max-snippet":"max-snippet:-1","max-image-preview":"max-image-preview:large","max-video-preview":"max-video-preview:-1"},"canonical":"https:\/\/www.stera.fr\/boutique\/pieces-detachees-poeles-a-granules\/ref-2271013-motoreducteur-jusquen-2015\/","og_locale":"fr_FR","og_type":"article","og_title":"r\u00e9f 2271013 motor\u00e9ducteur (jusqu'en 2015)","og_description":"Pi\u00e8ce d\u00e9tach\u00e9e : r\u00e9f 2271013 motor\u00e9ducteur (jusqu'en 2015)","og_url":"https:\/\/www.stera.fr\/boutique\/pieces-detachees-poeles-a-granules\/ref-2271013-motoreducteur-jusquen-2015\/","og_site_name":"Stera","article_publisher":"https:\/\/fr-fr.facebook.com\/Stera.fr\/","article_modified_time":"2025-10-03T14:53:36+00:00","og_image":[{"width":1200,"height":900,"url":"https:\/\/www.stera.fr\/boutique\/wp-content\/uploads\/2017\/07\/2271013.jpg","type":"image\/jpeg"}],"twitter_card":"summary_large_image","schema":{"@context":"https:\/\/schema.org","@graph":[{"@type":"WebPage","@id":"https:\/\/www.stera.fr\/boutique\/pieces-detachees-poeles-a-granules\/ref-2271013-motoreducteur-jusquen-2015\/","url":"https:\/\/www.stera.fr\/boutique\/pieces-detachees-poeles-a-granules\/ref-2271013-motoreducteur-jusquen-2015\/","name":"r\u00e9f 2271013 motor\u00e9ducteur (jusqu'en 2015)","isPartOf":{"@id":"https:\/\/www.stera.fr\/boutique\/#website"},"primaryImageOfPage":{"@id":"https:\/\/www.stera.fr\/boutique\/pieces-detachees-poeles-a-granules\/ref-2271013-motoreducteur-jusquen-2015\/#primaryimage"},"image":{"@id":"https:\/\/www.stera.fr\/boutique\/pieces-detachees-poeles-a-granules\/ref-2271013-motoreducteur-jusquen-2015\/#primaryimage"},"thumbnailUrl":"https:\/\/www.stera.fr\/boutique\/wp-content\/uploads\/2017\/07\/2271013.jpg","datePublished":"2025-05-05T20:38:27+00:00","dateModified":"2025-10-03T14:53:36+00:00","description":"Pi\u00e8ce d\u00e9tach\u00e9e : r\u00e9f 2271013 motor\u00e9ducteur (jusqu'en 2015)","breadcrumb":{"@id":"https:\/\/www.stera.fr\/boutique\/pieces-detachees-poeles-a-granules\/ref-2271013-motoreducteur-jusquen-2015\/#breadcrumb"},"inLanguage":"fr-FR","potentialAction":[{"@type":"ReadAction","target":["https:\/\/www.stera.fr\/boutique\/pieces-detachees-poeles-a-granules\/ref-2271013-motoreducteur-jusquen-2015\/"]}]},{"@type":"ImageObject","inLanguage":"fr-FR","@id":"https:\/\/www.stera.fr\/boutique\/pieces-detachees-poeles-a-granules\/ref-2271013-motoreducteur-jusquen-2015\/#primaryimage","url":"https:\/\/www.stera.fr\/boutique\/wp-content\/uploads\/2017\/07\/2271013.jpg","contentUrl":"https:\/\/www.stera.fr\/boutique\/wp-content\/uploads\/2017\/07\/2271013.jpg","width":1200,"height":900},{"@type":"BreadcrumbList","@id":"https:\/\/www.stera.fr\/boutique\/pieces-detachees-poeles-a-granules\/ref-2271013-motoreducteur-jusquen-2015\/#breadcrumb","itemListElement":[{"@type":"ListItem","position":1,"name":"Accueil","item":"https:\/\/www.stera.fr\/boutique\/"},{"@type":"ListItem","position":2,"name":"Boutique","item":"https:\/\/www.stera.fr\/boutique\/pieces-detachees-poeles-a-granules\/"},{"@type":"ListItem","position":3,"name":"r\u00e9f 2271013 motor\u00e9ducteur (jusqu&rsquo;en 2015)"}]},{"@type":"WebSite","@id":"https:\/\/www.stera.fr\/boutique\/#website","url":"https:\/\/www.stera.fr\/boutique\/","name":"Stera","description":"","potentialAction":[{"@type":"SearchAction","target":{"@type":"EntryPoint","urlTemplate":"https:\/\/www.stera.fr\/boutique\/?s={search_term_string}"},"query-input":{"@type":"PropertyValueSpecification","valueRequired":true,"valueName":"search_term_string"}}],"inLanguage":"fr-FR"}]}},"_links":{"self":[{"href":"https:\/\/www.stera.fr\/boutique\/wp-json\/wp\/v2\/product\/7721","targetHints":{"allow":["GET"]}}],"collection":[{"href":"https:\/\/www.stera.fr\/boutique\/wp-json\/wp\/v2\/product"}],"about":[{"href":"https:\/\/www.stera.fr\/boutique\/wp-json\/wp\/v2\/types\/product"}],"replies":[{"embeddable":true,"href":"https:\/\/www.stera.fr\/boutique\/wp-json\/wp\/v2\/comments?post=7721"}],"wp:featuredmedia":[{"embeddable":true,"href":"https:\/\/www.stera.fr\/boutique\/wp-json\/wp\/v2\/media\/7845"}],"wp:attachment":[{"href":"https:\/\/www.stera.fr\/boutique\/wp-json\/wp\/v2\/media?parent=7721"}],"wp:term":[{"taxonomy":"product_brand","embeddable":true,"href":"https:\/\/www.stera.fr\/boutique\/wp-json\/wp\/v2\/product_brand?post=7721"},{"taxonomy":"product_cat","embeddable":true,"href":"https:\/\/www.stera.fr\/boutique\/wp-json\/wp\/v2\/product_cat?post=7721"},{"taxonomy":"product_tag","embeddable":true,"href":"https:\/\/www.stera.fr\/boutique\/wp-json\/wp\/v2\/product_tag?post=7721"}],"curies":[{"name":"wp","href":"https:\/\/api.w.org\/{rel}","templated":true}]}}