
{"id":7729,"date":"2025-05-05T20:38:55","date_gmt":"2025-05-05T20:38:55","guid":{"rendered":"https:\/\/www.stera.fr\/boutique\/pieces-detachees-poeles-a-granules\/ref-2271033-moteur-sortie-fumee\/"},"modified":"2025-10-03T14:53:34","modified_gmt":"2025-10-03T14:53:34","slug":"ref-2271033-moteur-sortie-fumee","status":"publish","type":"product","link":"https:\/\/www.stera.fr\/boutique\/pieces-detachees-poeles-a-granules\/ref-2271033-moteur-sortie-fumee\/","title":{"rendered":"r\u00e9f 2271033 moteur sortie fum\u00e9e"},"content":{"rendered":"<p>r\u00e9f 2271033 moteur sortie fum\u00e9e<\/p>\n","protected":false},"excerpt":{"rendered":"<p>r\u00e9f 2271033 moteur sortie fum\u00e9e<\/p>\n","protected":false},"featured_media":7853,"comment_status":"closed","ping_status":"open","template":"","meta":[],"product_brand":[],"product_cat":[715],"product_tag":[],"class_list":{"0":"post-7729","1":"product","2":"type-product","3":"status-publish","4":"has-post-thumbnail","6":"product_cat-moteur-fumee","7":"product_shipping_class-1500-e","8":"pa_2011-melinda-steel-air","9":"pa_2012-clementina","10":"pa_2012-dorina","11":"pa_2012-graziosa","12":"pa_2012-graziosa-plus","13":"pa_2012-melinda-steel-air","14":"pa_2012-rosy","15":"pa_2012-viviana","16":"pa_2012-viviana-plus","17":"pa_2013-comfort-p70","18":"pa_2013-comfort-p70h49","19":"pa_2014-doroty","20":"pa_2014-irma","21":"pa_2015-novella","22":"pa_2015-novella-plus","23":"pa_2015-sibilla","24":"pa_2015-sibilla-plus","25":"pa_2016-comfort-p70","26":"pa_2016-comfort-p70h49","27":"pa_2016-doroty","28":"pa_2016-graziosa","29":"pa_2016-irma","30":"pa_2016-irma-plus","31":"pa_2016-melinda-steel-air","32":"pa_2016-sibilla","33":"pa_2016-sibilla-plus","34":"pa_2017-comfort-p70","35":"pa_2017-comfort-p70h49","36":"pa_2017-novella-evo","37":"pa_2017-novella-plus-evo","38":"pa_2017-viviana-evo","39":"pa_2017-viviana-plus-evo","40":"pa_2018-comfort-p70","41":"pa_2018-comfort-p70h49","42":"pa_2018-doroty","43":"pa_2018-irma","44":"pa_2018-novella-evo","45":"pa_2018-novella-plus-evo","46":"pa_2018-sibilla","47":"pa_2018-viviana","48":"pa_2018-viviana-evo","49":"pa_2018-viviana-plus-evo","50":"pa_2020-novella-evo","51":"pa_2020-novella-plus-evo","52":"pa_2020-viviana-evo","53":"pa_2020-viviana-plus-evo","54":"pa_2021-comfort-p70h49","55":"pa_clementina-1648","56":"pa_comfort-p70-2131","57":"pa_comfort-p70-2132","58":"pa_comfort-p70-2133","59":"pa_comfort-p70-2134","60":"pa_comfort-p70h49-2135","61":"pa_comfort-p70h49-2136","62":"pa_comfort-p70h49-2137","63":"pa_comfort-p70h49-2138","64":"pa_comfort-p70h49-2646","65":"pa_dorina-1667","66":"pa_doroty-1965","67":"pa_doroty-1966","68":"pa_doroty-1967","69":"pa_graziosa-1977","70":"pa_graziosa-1978","71":"pa_graziosa-plus-1979","72":"pa_irma-1985","73":"pa_irma-1986","74":"pa_irma-1987","75":"pa_irma-plus-1988","76":"pa_marque-extraflame","77":"pa_melinda-steel-air-1698","78":"pa_melinda-steel-air-1989","79":"pa_melinda-steel-air-1990","80":"pa_novella-1991","81":"pa_novella-evo-2590","82":"pa_novella-evo-2022","83":"pa_novella-evo-2023","84":"pa_novella-plus-1992","85":"pa_novella-plus-evo-2591","86":"pa_novella-plus-evo-2024","87":"pa_novella-plus-evo-2025","88":"pa_rosy-1993","89":"pa_sibilla-1994","90":"pa_sibilla-1995","91":"pa_sibilla-1996","92":"pa_sibilla-plus-1997","93":"pa_sibilla-plus-1998","94":"pa_toutes-annees-clementina","95":"pa_toutes-annees-comfort-p70","96":"pa_toutes-annees-comfort-p70h49","97":"pa_toutes-annees-dorina","98":"pa_toutes-annees-doroty","99":"pa_toutes-annees-graziosa","100":"pa_toutes-annees-graziosa-plus","101":"pa_toutes-annees-irma","102":"pa_toutes-annees-irma-plus","103":"pa_toutes-annees-melinda-steel-air","104":"pa_toutes-annees-novella","105":"pa_toutes-annees-novella-evo","106":"pa_toutes-annees-novella-plus","107":"pa_toutes-annees-novella-plus-evo","108":"pa_toutes-annees-rosy","109":"pa_toutes-annees-sibilla","110":"pa_toutes-annees-sibilla-plus","111":"pa_toutes-annees-viviana","112":"pa_toutes-annees-viviana-evo","113":"pa_toutes-annees-viviana-plus","114":"pa_toutes-annees-viviana-plus-evo","115":"pa_viviana-1708","116":"pa_viviana-1709","117":"pa_viviana-evo-2594","118":"pa_viviana-evo-1727","119":"pa_viviana-evo-1728","120":"pa_viviana-plus-1710","121":"pa_viviana-plus-evo-2595","122":"pa_viviana-plus-evo-1729","123":"pa_viviana-plus-evo-1730","125":"first","126":"instock","127":"taxable","128":"shipping-taxable","129":"purchasable","130":"product-type-simple"},"yoast_head":"<!-- This site is optimized with the Yoast SEO plugin v27.0 - https:\/\/yoast.com\/product\/yoast-seo-wordpress\/ -->\n<title>R\u00e9f 2271033 moteur sortie fum\u00e9e<\/title>\n<meta name=\"description\" content=\"Pi\u00e8ce d\u00e9tach\u00e9e : r\u00e9f 2271033 moteur sortie fum\u00e9e\" \/>\n<meta name=\"robots\" content=\"index, follow, max-snippet:-1, max-image-preview:large, max-video-preview:-1\" \/>\n<link rel=\"canonical\" href=\"https:\/\/www.stera.fr\/boutique\/pieces-detachees-poeles-a-granules\/ref-2271033-moteur-sortie-fumee\/\" \/>\n<meta property=\"og:locale\" content=\"fr_FR\" \/>\n<meta property=\"og:type\" content=\"article\" \/>\n<meta property=\"og:title\" content=\"r\u00e9f 2271033 moteur sortie fum\u00e9e\" \/>\n<meta property=\"og:description\" content=\"Pi\u00e8ce d\u00e9tach\u00e9e : r\u00e9f 2271033 moteur sortie fum\u00e9e\" \/>\n<meta property=\"og:url\" content=\"https:\/\/www.stera.fr\/boutique\/pieces-detachees-poeles-a-granules\/ref-2271033-moteur-sortie-fumee\/\" \/>\n<meta property=\"og:site_name\" content=\"Stera\" \/>\n<meta property=\"article:publisher\" content=\"https:\/\/fr-fr.facebook.com\/Stera.fr\/\" \/>\n<meta property=\"article:modified_time\" content=\"2025-10-03T14:53:34+00:00\" \/>\n<meta property=\"og:image\" content=\"https:\/\/www.stera.fr\/boutique\/wp-content\/uploads\/2017\/07\/2271033.jpg\" \/>\n\t<meta property=\"og:image:width\" content=\"1200\" \/>\n\t<meta property=\"og:image:height\" content=\"674\" \/>\n\t<meta property=\"og:image:type\" content=\"image\/jpeg\" \/>\n<meta name=\"twitter:card\" content=\"summary_large_image\" \/>\n<script type=\"application\/ld+json\" class=\"yoast-schema-graph\">{\"@context\":\"https:\/\/schema.org\",\"@graph\":[{\"@type\":\"WebPage\",\"@id\":\"https:\/\/www.stera.fr\/boutique\/pieces-detachees-poeles-a-granules\/ref-2271033-moteur-sortie-fumee\/\",\"url\":\"https:\/\/www.stera.fr\/boutique\/pieces-detachees-poeles-a-granules\/ref-2271033-moteur-sortie-fumee\/\",\"name\":\"r\u00e9f 2271033 moteur sortie fum\u00e9e\",\"isPartOf\":{\"@id\":\"https:\/\/www.stera.fr\/boutique\/#website\"},\"primaryImageOfPage\":{\"@id\":\"https:\/\/www.stera.fr\/boutique\/pieces-detachees-poeles-a-granules\/ref-2271033-moteur-sortie-fumee\/#primaryimage\"},\"image\":{\"@id\":\"https:\/\/www.stera.fr\/boutique\/pieces-detachees-poeles-a-granules\/ref-2271033-moteur-sortie-fumee\/#primaryimage\"},\"thumbnailUrl\":\"https:\/\/www.stera.fr\/boutique\/wp-content\/uploads\/2017\/07\/2271033.jpg\",\"datePublished\":\"2025-05-05T20:38:55+00:00\",\"dateModified\":\"2025-10-03T14:53:34+00:00\",\"description\":\"Pi\u00e8ce d\u00e9tach\u00e9e : r\u00e9f 2271033 moteur sortie fum\u00e9e\",\"breadcrumb\":{\"@id\":\"https:\/\/www.stera.fr\/boutique\/pieces-detachees-poeles-a-granules\/ref-2271033-moteur-sortie-fumee\/#breadcrumb\"},\"inLanguage\":\"fr-FR\",\"potentialAction\":[{\"@type\":\"ReadAction\",\"target\":[\"https:\/\/www.stera.fr\/boutique\/pieces-detachees-poeles-a-granules\/ref-2271033-moteur-sortie-fumee\/\"]}]},{\"@type\":\"ImageObject\",\"inLanguage\":\"fr-FR\",\"@id\":\"https:\/\/www.stera.fr\/boutique\/pieces-detachees-poeles-a-granules\/ref-2271033-moteur-sortie-fumee\/#primaryimage\",\"url\":\"https:\/\/www.stera.fr\/boutique\/wp-content\/uploads\/2017\/07\/2271033.jpg\",\"contentUrl\":\"https:\/\/www.stera.fr\/boutique\/wp-content\/uploads\/2017\/07\/2271033.jpg\",\"width\":1200,\"height\":674},{\"@type\":\"BreadcrumbList\",\"@id\":\"https:\/\/www.stera.fr\/boutique\/pieces-detachees-poeles-a-granules\/ref-2271033-moteur-sortie-fumee\/#breadcrumb\",\"itemListElement\":[{\"@type\":\"ListItem\",\"position\":1,\"name\":\"Accueil\",\"item\":\"https:\/\/www.stera.fr\/boutique\/\"},{\"@type\":\"ListItem\",\"position\":2,\"name\":\"Boutique\",\"item\":\"https:\/\/www.stera.fr\/boutique\/pieces-detachees-poeles-a-granules\/\"},{\"@type\":\"ListItem\",\"position\":3,\"name\":\"r\u00e9f 2271033 moteur sortie fum\u00e9e\"}]},{\"@type\":\"WebSite\",\"@id\":\"https:\/\/www.stera.fr\/boutique\/#website\",\"url\":\"https:\/\/www.stera.fr\/boutique\/\",\"name\":\"Stera\",\"description\":\"\",\"potentialAction\":[{\"@type\":\"SearchAction\",\"target\":{\"@type\":\"EntryPoint\",\"urlTemplate\":\"https:\/\/www.stera.fr\/boutique\/?s={search_term_string}\"},\"query-input\":{\"@type\":\"PropertyValueSpecification\",\"valueRequired\":true,\"valueName\":\"search_term_string\"}}],\"inLanguage\":\"fr-FR\"}]}<\/script>\n<!-- \/ Yoast SEO plugin. -->","yoast_head_json":{"title":"R\u00e9f 2271033 moteur sortie fum\u00e9e","description":"Pi\u00e8ce d\u00e9tach\u00e9e : r\u00e9f 2271033 moteur sortie fum\u00e9e","robots":{"index":"index","follow":"follow","max-snippet":"max-snippet:-1","max-image-preview":"max-image-preview:large","max-video-preview":"max-video-preview:-1"},"canonical":"https:\/\/www.stera.fr\/boutique\/pieces-detachees-poeles-a-granules\/ref-2271033-moteur-sortie-fumee\/","og_locale":"fr_FR","og_type":"article","og_title":"r\u00e9f 2271033 moteur sortie fum\u00e9e","og_description":"Pi\u00e8ce d\u00e9tach\u00e9e : r\u00e9f 2271033 moteur sortie fum\u00e9e","og_url":"https:\/\/www.stera.fr\/boutique\/pieces-detachees-poeles-a-granules\/ref-2271033-moteur-sortie-fumee\/","og_site_name":"Stera","article_publisher":"https:\/\/fr-fr.facebook.com\/Stera.fr\/","article_modified_time":"2025-10-03T14:53:34+00:00","og_image":[{"width":1200,"height":674,"url":"https:\/\/www.stera.fr\/boutique\/wp-content\/uploads\/2017\/07\/2271033.jpg","type":"image\/jpeg"}],"twitter_card":"summary_large_image","schema":{"@context":"https:\/\/schema.org","@graph":[{"@type":"WebPage","@id":"https:\/\/www.stera.fr\/boutique\/pieces-detachees-poeles-a-granules\/ref-2271033-moteur-sortie-fumee\/","url":"https:\/\/www.stera.fr\/boutique\/pieces-detachees-poeles-a-granules\/ref-2271033-moteur-sortie-fumee\/","name":"r\u00e9f 2271033 moteur sortie fum\u00e9e","isPartOf":{"@id":"https:\/\/www.stera.fr\/boutique\/#website"},"primaryImageOfPage":{"@id":"https:\/\/www.stera.fr\/boutique\/pieces-detachees-poeles-a-granules\/ref-2271033-moteur-sortie-fumee\/#primaryimage"},"image":{"@id":"https:\/\/www.stera.fr\/boutique\/pieces-detachees-poeles-a-granules\/ref-2271033-moteur-sortie-fumee\/#primaryimage"},"thumbnailUrl":"https:\/\/www.stera.fr\/boutique\/wp-content\/uploads\/2017\/07\/2271033.jpg","datePublished":"2025-05-05T20:38:55+00:00","dateModified":"2025-10-03T14:53:34+00:00","description":"Pi\u00e8ce d\u00e9tach\u00e9e : r\u00e9f 2271033 moteur sortie fum\u00e9e","breadcrumb":{"@id":"https:\/\/www.stera.fr\/boutique\/pieces-detachees-poeles-a-granules\/ref-2271033-moteur-sortie-fumee\/#breadcrumb"},"inLanguage":"fr-FR","potentialAction":[{"@type":"ReadAction","target":["https:\/\/www.stera.fr\/boutique\/pieces-detachees-poeles-a-granules\/ref-2271033-moteur-sortie-fumee\/"]}]},{"@type":"ImageObject","inLanguage":"fr-FR","@id":"https:\/\/www.stera.fr\/boutique\/pieces-detachees-poeles-a-granules\/ref-2271033-moteur-sortie-fumee\/#primaryimage","url":"https:\/\/www.stera.fr\/boutique\/wp-content\/uploads\/2017\/07\/2271033.jpg","contentUrl":"https:\/\/www.stera.fr\/boutique\/wp-content\/uploads\/2017\/07\/2271033.jpg","width":1200,"height":674},{"@type":"BreadcrumbList","@id":"https:\/\/www.stera.fr\/boutique\/pieces-detachees-poeles-a-granules\/ref-2271033-moteur-sortie-fumee\/#breadcrumb","itemListElement":[{"@type":"ListItem","position":1,"name":"Accueil","item":"https:\/\/www.stera.fr\/boutique\/"},{"@type":"ListItem","position":2,"name":"Boutique","item":"https:\/\/www.stera.fr\/boutique\/pieces-detachees-poeles-a-granules\/"},{"@type":"ListItem","position":3,"name":"r\u00e9f 2271033 moteur sortie fum\u00e9e"}]},{"@type":"WebSite","@id":"https:\/\/www.stera.fr\/boutique\/#website","url":"https:\/\/www.stera.fr\/boutique\/","name":"Stera","description":"","potentialAction":[{"@type":"SearchAction","target":{"@type":"EntryPoint","urlTemplate":"https:\/\/www.stera.fr\/boutique\/?s={search_term_string}"},"query-input":{"@type":"PropertyValueSpecification","valueRequired":true,"valueName":"search_term_string"}}],"inLanguage":"fr-FR"}]}},"_links":{"self":[{"href":"https:\/\/www.stera.fr\/boutique\/wp-json\/wp\/v2\/product\/7729","targetHints":{"allow":["GET"]}}],"collection":[{"href":"https:\/\/www.stera.fr\/boutique\/wp-json\/wp\/v2\/product"}],"about":[{"href":"https:\/\/www.stera.fr\/boutique\/wp-json\/wp\/v2\/types\/product"}],"replies":[{"embeddable":true,"href":"https:\/\/www.stera.fr\/boutique\/wp-json\/wp\/v2\/comments?post=7729"}],"wp:featuredmedia":[{"embeddable":true,"href":"https:\/\/www.stera.fr\/boutique\/wp-json\/wp\/v2\/media\/7853"}],"wp:attachment":[{"href":"https:\/\/www.stera.fr\/boutique\/wp-json\/wp\/v2\/media?parent=7729"}],"wp:term":[{"taxonomy":"product_brand","embeddable":true,"href":"https:\/\/www.stera.fr\/boutique\/wp-json\/wp\/v2\/product_brand?post=7729"},{"taxonomy":"product_cat","embeddable":true,"href":"https:\/\/www.stera.fr\/boutique\/wp-json\/wp\/v2\/product_cat?post=7729"},{"taxonomy":"product_tag","embeddable":true,"href":"https:\/\/www.stera.fr\/boutique\/wp-json\/wp\/v2\/product_tag?post=7729"}],"curies":[{"name":"wp","href":"https:\/\/api.w.org\/{rel}","templated":true}]}}