
{"id":7730,"date":"2025-05-05T20:39:38","date_gmt":"2025-05-05T20:39:38","guid":{"rendered":"https:\/\/www.stera.fr\/boutique\/pieces-detachees-poeles-a-granules\/ref-2271034-moteur-centrifuge\/"},"modified":"2025-10-03T14:53:27","modified_gmt":"2025-10-03T14:53:27","slug":"ref-2271034-moteur-centrifuge","status":"publish","type":"product","link":"https:\/\/www.stera.fr\/boutique\/pieces-detachees-poeles-a-granules\/ref-2271034-moteur-centrifuge\/","title":{"rendered":"r\u00e9f 2271034 moteur centrifuge"},"content":{"rendered":"<p>r\u00e9f 2271034 moteur centrifuge<\/p>\n","protected":false},"excerpt":{"rendered":"<p>r\u00e9f 2271034 moteur centrifuge<\/p>\n","protected":false},"featured_media":7854,"comment_status":"closed","ping_status":"open","template":"","meta":[],"product_brand":[],"product_cat":[714],"product_tag":[],"class_list":{"0":"post-7730","1":"product","2":"type-product","3":"status-publish","4":"has-post-thumbnail","6":"product_cat-ventilateur","7":"product_shipping_class-1500-e","8":"pa_2011-graziosa-plus","9":"pa_2012-graziosa-plus","10":"pa_2012-viviana-plus","11":"pa_2013-ilenia","12":"pa_2014-ilenia","13":"pa_2015-annabella","14":"pa_2015-giusy-plus","15":"pa_2015-novella-plus","16":"pa_2015-sibilla-plus","17":"pa_2016-annabella","18":"pa_2016-giusy-plus","19":"pa_2016-ilenia","20":"pa_2016-irma-plus","21":"pa_2016-sibilla-plus","22":"pa_2017-giusy-plus","23":"pa_2017-novella-plus-evo","24":"pa_2017-viviana-plus-evo","25":"pa_2018-annabella","26":"pa_2018-giusy-plus-evo","27":"pa_2018-novella-plus-evo","28":"pa_2018-viviana-plus-evo","29":"pa_2020-novella-plus-evo","30":"pa_2020-viviana-plus-evo","31":"pa_2021-klaudia-plus","32":"pa_2022-annabella-ad-evo","33":"pa_2022-giusy-evo-plus-2-0","34":"pa_2022-klaudia-plus","35":"pa_2022-mirka-plus","36":"pa_2023-klaudia-plus-5-0","37":"pa_2024-annabella-plus-5-0","38":"pa_2024-giusy-plus-5-0","39":"pa_2024-klaudia-plus-5-0","40":"pa_2024-klaudia-plus-5-0-evo","41":"pa_2024-mirka-plus","42":"pa_annabella-1960","43":"pa_annabella-1961","44":"pa_annabella-1962","45":"pa_annabella-ad-evo-2658","46":"pa_annabella-plus-5-0-2856","47":"pa_giusy-evo-plus-2-0-2718","48":"pa_giusy-plus-1683","49":"pa_giusy-plus-1684","50":"pa_giusy-plus-1685","51":"pa_giusy-plus-5-0-2930","52":"pa_giusy-plus-evo-1725","53":"pa_graziosa-plus-1842","54":"pa_graziosa-plus-1979","55":"pa_ilenia-1980","56":"pa_ilenia-1981","57":"pa_ilenia-1982","58":"pa_irma-plus-1988","59":"pa_klaudia-plus-2727","60":"pa_klaudia-plus-2728","61":"pa_klaudia-plus-5-0-2729","62":"pa_klaudia-plus-5-0-2939","63":"pa_klaudia-plus-5-0-evo-2940","64":"pa_marque-extraflame","65":"pa_mirka-plus-2733","66":"pa_mirka-plus-2946","67":"pa_novella-plus-1992","68":"pa_novella-plus-evo-2591","69":"pa_novella-plus-evo-2024","70":"pa_novella-plus-evo-2025","71":"pa_sibilla-plus-1997","72":"pa_sibilla-plus-1998","73":"pa_toutes-annees-annabella","74":"pa_toutes-annees-annabella-ad-evo","75":"pa_toutes-annees-annabella-plus-5-0","76":"pa_toutes-annees-giusy-evo-plus-2-0","77":"pa_toutes-annees-giusy-plus","78":"pa_toutes-annees-giusy-plus-5-0","79":"pa_toutes-annees-giusy-plus-evo","80":"pa_toutes-annees-graziosa-plus","81":"pa_toutes-annees-ilenia","82":"pa_toutes-annees-irma-plus","83":"pa_toutes-annees-klaudia-plus","84":"pa_toutes-annees-klaudia-plus-5-0","85":"pa_toutes-annees-klaudia-plus-5-0-evo","86":"pa_toutes-annees-mirka-plus","87":"pa_toutes-annees-novella-plus","88":"pa_toutes-annees-novella-plus-evo","89":"pa_toutes-annees-sibilla-plus","90":"pa_toutes-annees-viviana-plus","91":"pa_toutes-annees-viviana-plus-evo","92":"pa_viviana-plus-1710","93":"pa_viviana-plus-evo-2595","94":"pa_viviana-plus-evo-1729","95":"pa_viviana-plus-evo-1730","97":"first","98":"instock","99":"taxable","100":"shipping-taxable","101":"purchasable","102":"product-type-simple"},"yoast_head":"<!-- This site is optimized with the Yoast SEO plugin v27.0 - https:\/\/yoast.com\/product\/yoast-seo-wordpress\/ -->\n<title>R\u00e9f 2271034 moteur centrifuge<\/title>\n<meta name=\"description\" content=\"Pi\u00e8ce d\u00e9tach\u00e9e : r\u00e9f 2271034 moteur centrifuge\" \/>\n<meta name=\"robots\" content=\"index, follow, max-snippet:-1, max-image-preview:large, max-video-preview:-1\" \/>\n<link rel=\"canonical\" href=\"https:\/\/www.stera.fr\/boutique\/pieces-detachees-poeles-a-granules\/ref-2271034-moteur-centrifuge\/\" \/>\n<meta property=\"og:locale\" content=\"fr_FR\" \/>\n<meta property=\"og:type\" content=\"article\" \/>\n<meta property=\"og:title\" content=\"r\u00e9f 2271034 moteur centrifuge\" \/>\n<meta property=\"og:description\" content=\"Pi\u00e8ce d\u00e9tach\u00e9e : r\u00e9f 2271034 moteur centrifuge\" \/>\n<meta property=\"og:url\" content=\"https:\/\/www.stera.fr\/boutique\/pieces-detachees-poeles-a-granules\/ref-2271034-moteur-centrifuge\/\" \/>\n<meta property=\"og:site_name\" content=\"Stera\" \/>\n<meta property=\"article:publisher\" content=\"https:\/\/fr-fr.facebook.com\/Stera.fr\/\" \/>\n<meta property=\"article:modified_time\" content=\"2025-10-03T14:53:27+00:00\" \/>\n<meta property=\"og:image\" content=\"https:\/\/www.stera.fr\/boutique\/wp-content\/uploads\/2017\/07\/2271034.jpg\" \/>\n\t<meta property=\"og:image:width\" content=\"1200\" \/>\n\t<meta property=\"og:image:height\" content=\"674\" \/>\n\t<meta property=\"og:image:type\" content=\"image\/jpeg\" \/>\n<meta name=\"twitter:card\" content=\"summary_large_image\" \/>\n<script type=\"application\/ld+json\" class=\"yoast-schema-graph\">{\"@context\":\"https:\/\/schema.org\",\"@graph\":[{\"@type\":\"WebPage\",\"@id\":\"https:\/\/www.stera.fr\/boutique\/pieces-detachees-poeles-a-granules\/ref-2271034-moteur-centrifuge\/\",\"url\":\"https:\/\/www.stera.fr\/boutique\/pieces-detachees-poeles-a-granules\/ref-2271034-moteur-centrifuge\/\",\"name\":\"r\u00e9f 2271034 moteur centrifuge\",\"isPartOf\":{\"@id\":\"https:\/\/www.stera.fr\/boutique\/#website\"},\"primaryImageOfPage\":{\"@id\":\"https:\/\/www.stera.fr\/boutique\/pieces-detachees-poeles-a-granules\/ref-2271034-moteur-centrifuge\/#primaryimage\"},\"image\":{\"@id\":\"https:\/\/www.stera.fr\/boutique\/pieces-detachees-poeles-a-granules\/ref-2271034-moteur-centrifuge\/#primaryimage\"},\"thumbnailUrl\":\"https:\/\/www.stera.fr\/boutique\/wp-content\/uploads\/2017\/07\/2271034.jpg\",\"datePublished\":\"2025-05-05T20:39:38+00:00\",\"dateModified\":\"2025-10-03T14:53:27+00:00\",\"description\":\"Pi\u00e8ce d\u00e9tach\u00e9e : r\u00e9f 2271034 moteur centrifuge\",\"breadcrumb\":{\"@id\":\"https:\/\/www.stera.fr\/boutique\/pieces-detachees-poeles-a-granules\/ref-2271034-moteur-centrifuge\/#breadcrumb\"},\"inLanguage\":\"fr-FR\",\"potentialAction\":[{\"@type\":\"ReadAction\",\"target\":[\"https:\/\/www.stera.fr\/boutique\/pieces-detachees-poeles-a-granules\/ref-2271034-moteur-centrifuge\/\"]}]},{\"@type\":\"ImageObject\",\"inLanguage\":\"fr-FR\",\"@id\":\"https:\/\/www.stera.fr\/boutique\/pieces-detachees-poeles-a-granules\/ref-2271034-moteur-centrifuge\/#primaryimage\",\"url\":\"https:\/\/www.stera.fr\/boutique\/wp-content\/uploads\/2017\/07\/2271034.jpg\",\"contentUrl\":\"https:\/\/www.stera.fr\/boutique\/wp-content\/uploads\/2017\/07\/2271034.jpg\",\"width\":1200,\"height\":674},{\"@type\":\"BreadcrumbList\",\"@id\":\"https:\/\/www.stera.fr\/boutique\/pieces-detachees-poeles-a-granules\/ref-2271034-moteur-centrifuge\/#breadcrumb\",\"itemListElement\":[{\"@type\":\"ListItem\",\"position\":1,\"name\":\"Accueil\",\"item\":\"https:\/\/www.stera.fr\/boutique\/\"},{\"@type\":\"ListItem\",\"position\":2,\"name\":\"Boutique\",\"item\":\"https:\/\/www.stera.fr\/boutique\/pieces-detachees-poeles-a-granules\/\"},{\"@type\":\"ListItem\",\"position\":3,\"name\":\"r\u00e9f 2271034 moteur centrifuge\"}]},{\"@type\":\"WebSite\",\"@id\":\"https:\/\/www.stera.fr\/boutique\/#website\",\"url\":\"https:\/\/www.stera.fr\/boutique\/\",\"name\":\"Stera\",\"description\":\"\",\"potentialAction\":[{\"@type\":\"SearchAction\",\"target\":{\"@type\":\"EntryPoint\",\"urlTemplate\":\"https:\/\/www.stera.fr\/boutique\/?s={search_term_string}\"},\"query-input\":{\"@type\":\"PropertyValueSpecification\",\"valueRequired\":true,\"valueName\":\"search_term_string\"}}],\"inLanguage\":\"fr-FR\"}]}<\/script>\n<!-- \/ Yoast SEO plugin. -->","yoast_head_json":{"title":"R\u00e9f 2271034 moteur centrifuge","description":"Pi\u00e8ce d\u00e9tach\u00e9e : r\u00e9f 2271034 moteur centrifuge","robots":{"index":"index","follow":"follow","max-snippet":"max-snippet:-1","max-image-preview":"max-image-preview:large","max-video-preview":"max-video-preview:-1"},"canonical":"https:\/\/www.stera.fr\/boutique\/pieces-detachees-poeles-a-granules\/ref-2271034-moteur-centrifuge\/","og_locale":"fr_FR","og_type":"article","og_title":"r\u00e9f 2271034 moteur centrifuge","og_description":"Pi\u00e8ce d\u00e9tach\u00e9e : r\u00e9f 2271034 moteur centrifuge","og_url":"https:\/\/www.stera.fr\/boutique\/pieces-detachees-poeles-a-granules\/ref-2271034-moteur-centrifuge\/","og_site_name":"Stera","article_publisher":"https:\/\/fr-fr.facebook.com\/Stera.fr\/","article_modified_time":"2025-10-03T14:53:27+00:00","og_image":[{"width":1200,"height":674,"url":"https:\/\/www.stera.fr\/boutique\/wp-content\/uploads\/2017\/07\/2271034.jpg","type":"image\/jpeg"}],"twitter_card":"summary_large_image","schema":{"@context":"https:\/\/schema.org","@graph":[{"@type":"WebPage","@id":"https:\/\/www.stera.fr\/boutique\/pieces-detachees-poeles-a-granules\/ref-2271034-moteur-centrifuge\/","url":"https:\/\/www.stera.fr\/boutique\/pieces-detachees-poeles-a-granules\/ref-2271034-moteur-centrifuge\/","name":"r\u00e9f 2271034 moteur centrifuge","isPartOf":{"@id":"https:\/\/www.stera.fr\/boutique\/#website"},"primaryImageOfPage":{"@id":"https:\/\/www.stera.fr\/boutique\/pieces-detachees-poeles-a-granules\/ref-2271034-moteur-centrifuge\/#primaryimage"},"image":{"@id":"https:\/\/www.stera.fr\/boutique\/pieces-detachees-poeles-a-granules\/ref-2271034-moteur-centrifuge\/#primaryimage"},"thumbnailUrl":"https:\/\/www.stera.fr\/boutique\/wp-content\/uploads\/2017\/07\/2271034.jpg","datePublished":"2025-05-05T20:39:38+00:00","dateModified":"2025-10-03T14:53:27+00:00","description":"Pi\u00e8ce d\u00e9tach\u00e9e : r\u00e9f 2271034 moteur centrifuge","breadcrumb":{"@id":"https:\/\/www.stera.fr\/boutique\/pieces-detachees-poeles-a-granules\/ref-2271034-moteur-centrifuge\/#breadcrumb"},"inLanguage":"fr-FR","potentialAction":[{"@type":"ReadAction","target":["https:\/\/www.stera.fr\/boutique\/pieces-detachees-poeles-a-granules\/ref-2271034-moteur-centrifuge\/"]}]},{"@type":"ImageObject","inLanguage":"fr-FR","@id":"https:\/\/www.stera.fr\/boutique\/pieces-detachees-poeles-a-granules\/ref-2271034-moteur-centrifuge\/#primaryimage","url":"https:\/\/www.stera.fr\/boutique\/wp-content\/uploads\/2017\/07\/2271034.jpg","contentUrl":"https:\/\/www.stera.fr\/boutique\/wp-content\/uploads\/2017\/07\/2271034.jpg","width":1200,"height":674},{"@type":"BreadcrumbList","@id":"https:\/\/www.stera.fr\/boutique\/pieces-detachees-poeles-a-granules\/ref-2271034-moteur-centrifuge\/#breadcrumb","itemListElement":[{"@type":"ListItem","position":1,"name":"Accueil","item":"https:\/\/www.stera.fr\/boutique\/"},{"@type":"ListItem","position":2,"name":"Boutique","item":"https:\/\/www.stera.fr\/boutique\/pieces-detachees-poeles-a-granules\/"},{"@type":"ListItem","position":3,"name":"r\u00e9f 2271034 moteur centrifuge"}]},{"@type":"WebSite","@id":"https:\/\/www.stera.fr\/boutique\/#website","url":"https:\/\/www.stera.fr\/boutique\/","name":"Stera","description":"","potentialAction":[{"@type":"SearchAction","target":{"@type":"EntryPoint","urlTemplate":"https:\/\/www.stera.fr\/boutique\/?s={search_term_string}"},"query-input":{"@type":"PropertyValueSpecification","valueRequired":true,"valueName":"search_term_string"}}],"inLanguage":"fr-FR"}]}},"_links":{"self":[{"href":"https:\/\/www.stera.fr\/boutique\/wp-json\/wp\/v2\/product\/7730","targetHints":{"allow":["GET"]}}],"collection":[{"href":"https:\/\/www.stera.fr\/boutique\/wp-json\/wp\/v2\/product"}],"about":[{"href":"https:\/\/www.stera.fr\/boutique\/wp-json\/wp\/v2\/types\/product"}],"replies":[{"embeddable":true,"href":"https:\/\/www.stera.fr\/boutique\/wp-json\/wp\/v2\/comments?post=7730"}],"wp:featuredmedia":[{"embeddable":true,"href":"https:\/\/www.stera.fr\/boutique\/wp-json\/wp\/v2\/media\/7854"}],"wp:attachment":[{"href":"https:\/\/www.stera.fr\/boutique\/wp-json\/wp\/v2\/media?parent=7730"}],"wp:term":[{"taxonomy":"product_brand","embeddable":true,"href":"https:\/\/www.stera.fr\/boutique\/wp-json\/wp\/v2\/product_brand?post=7730"},{"taxonomy":"product_cat","embeddable":true,"href":"https:\/\/www.stera.fr\/boutique\/wp-json\/wp\/v2\/product_cat?post=7730"},{"taxonomy":"product_tag","embeddable":true,"href":"https:\/\/www.stera.fr\/boutique\/wp-json\/wp\/v2\/product_tag?post=7730"}],"curies":[{"name":"wp","href":"https:\/\/api.w.org\/{rel}","templated":true}]}}