
{"id":7751,"date":"2025-05-05T20:44:23","date_gmt":"2025-05-05T20:44:23","guid":{"rendered":"https:\/\/www.stera.fr\/boutique\/pieces-detachees-poeles-a-granules\/ref-2272502-telecommande\/"},"modified":"2025-10-03T14:50:39","modified_gmt":"2025-10-03T14:50:39","slug":"ref-2272502-telecommande-jusqua-2010","status":"publish","type":"product","link":"https:\/\/www.stera.fr\/boutique\/pieces-detachees-poeles-a-granules\/ref-2272502-telecommande-jusqua-2010\/","title":{"rendered":"r\u00e9f 2272502 t\u00e9l\u00e9commande (jusqu&rsquo;\u00e0 2010)"},"content":{"rendered":"<p>r\u00e9f 2272502 t\u00e9l\u00e9commande (jusqu&rsquo;\u00e0 2010)<\/p>\n","protected":false},"excerpt":{"rendered":"<p>r\u00e9f 2272502 t\u00e9l\u00e9commande (jusqu&rsquo;\u00e0 2010)<\/p>\n","protected":false},"featured_media":7875,"comment_status":"closed","ping_status":"open","template":"","meta":[],"product_brand":[],"product_cat":[721],"product_tag":[],"class_list":{"0":"post-7751","1":"product","2":"type-product","3":"status-publish","4":"has-post-thumbnail","6":"product_cat-telecommande","7":"product_shipping_class-800-e","8":"pa_2002-comfort-maxi","9":"pa_2003-divina","10":"pa_2003-ecologica","11":"pa_2003-ecologica-idro","12":"pa_2004-divina","13":"pa_2004-divina-plus","14":"pa_2004-ecologica-idro","15":"pa_2005-comfort-maxi","16":"pa_2005-contessa","17":"pa_2005-delizia-forno","18":"pa_2005-divina","19":"pa_2005-divina-plus","20":"pa_2005-ecologica","21":"pa_2005-ecologica-idro","22":"pa_2005-falo","23":"pa_2006-comfort-maxi","24":"pa_2006-delizia-forno","25":"pa_2006-divina","26":"pa_2006-divina-plus","27":"pa_2006-ecologica","28":"pa_2006-ecologica-idro","29":"pa_2006-falo","30":"pa_2006-isabella","31":"pa_2006-lucrezia-idro","32":"pa_2007-clementina","33":"pa_2007-comfort-maxi","34":"pa_2007-delizia-forno","35":"pa_2007-divina","36":"pa_2007-divina-plus","37":"pa_2007-duchessa","38":"pa_2007-ecologica","39":"pa_2007-ecologica-idro","40":"pa_2007-esmeralda","41":"pa_2007-falo","42":"pa_2007-isabella","43":"pa_2007-lucrezia-idro","44":"pa_2008-comfort-idro","45":"pa_2008-comfort-maxi","46":"pa_2008-comfort-plus","47":"pa_2008-delizia-forno","48":"pa_2008-divina","49":"pa_2008-divina-plus","50":"pa_2008-duchessa","51":"pa_2008-ecologica","52":"pa_2008-ecologica-idro","53":"pa_2008-esmeralda","54":"pa_2008-falo","55":"pa_2008-graziosa","56":"pa_2008-irina","57":"pa_2008-isabella","58":"pa_2008-lucrezia-idro","59":"pa_2009-clementina","60":"pa_2009-comfort-idro","61":"pa_2009-comfort-maxi","62":"pa_2009-comfort-plus","63":"pa_2009-delizia-forno","64":"pa_2009-divina","65":"pa_2009-divina-plus","66":"pa_2009-duchessa","67":"pa_2009-duchessa-idro","68":"pa_2009-ecologica","69":"pa_2009-ecologica-idro","70":"pa_2009-elisir","71":"pa_2009-esmeralda","72":"pa_2009-falo","73":"pa_2009-graziosa","74":"pa_2009-irina","75":"pa_2009-lucrezia-idro","76":"pa_2010-clementina","77":"pa_2010-comfort-idro","78":"pa_2010-comfort-maxi","79":"pa_2010-comfort-plus","80":"pa_2010-delizia-forno","81":"pa_2010-divina","82":"pa_2010-duchessa","83":"pa_2010-duchessa-idro","84":"pa_2010-ecologica","85":"pa_2010-elisir","86":"pa_2010-emma","87":"pa_2010-emma-plus","88":"pa_2010-esmeralda","89":"pa_2010-falo","90":"pa_2010-graziosa","91":"pa_2010-irina","92":"pa_2010-iside-idro","93":"pa_2010-lucrezia-idro","94":"pa_2010-melinda-idro","95":"pa_2011-elisir","96":"pa_2011-isabella","97":"pa_2012-clementina","98":"pa_clementina-1645","99":"pa_clementina-1646","100":"pa_clementina-1647","101":"pa_clementina-1648","102":"pa_comfort-idro-1795","103":"pa_comfort-idro-1796","104":"pa_comfort-idro-1797","105":"pa_comfort-maxi-2259","106":"pa_comfort-maxi-1801","107":"pa_comfort-maxi-1802","108":"pa_comfort-maxi-1803","109":"pa_comfort-maxi-1804","110":"pa_comfort-maxi-1805","111":"pa_comfort-maxi-1806","112":"pa_comfort-plus-2290","113":"pa_comfort-plus-1864","114":"pa_comfort-plus-1865","115":"pa_delizia-forno-1889","116":"pa_delizia-forno-1890","117":"pa_delizia-forno-1891","118":"pa_delizia-forno-1892","119":"pa_delizia-forno-1893","120":"pa_delizia-forno-1894","121":"pa_divina-2266","122":"pa_divina-1654","123":"pa_divina-1655","124":"pa_divina-1656","125":"pa_divina-1657","126":"pa_divina-1658","127":"pa_divina-1659","128":"pa_divina-1660","129":"pa_divina-plus-1661","130":"pa_divina-plus-1662","131":"pa_divina-plus-1663","132":"pa_divina-plus-1664","133":"pa_divina-plus-1665","134":"pa_divina-plus-1666","135":"pa_duchessa-1668","136":"pa_duchessa-1669","137":"pa_duchessa-1670","138":"pa_duchessa-1671","139":"pa_duchessa-idro-1672","140":"pa_duchessa-idro-1673","141":"pa_ecologica-2269","142":"pa_ecologica-1809","143":"pa_ecologica-1810","144":"pa_ecologica-1811","145":"pa_ecologica-1812","146":"pa_ecologica-1813","147":"pa_ecologica-1814","148":"pa_ecologica-idro-2270","149":"pa_ecologica-idro-1817","150":"pa_ecologica-idro-1818","151":"pa_ecologica-idro-1819","152":"pa_ecologica-idro-1820","153":"pa_ecologica-idro-1821","154":"pa_ecologica-idro-1822","155":"pa_elisir-1675","156":"pa_elisir-1676","157":"pa_elisir-1677","158":"pa_emma-1678","159":"pa_emma-plus-1679","160":"pa_esmeralda-1825","161":"pa_esmeralda-1826","162":"pa_esmeralda-1827","163":"pa_esmeralda-1828","164":"pa_falo-1831","165":"pa_falo-1832","166":"pa_falo-1833","167":"pa_falo-1834","168":"pa_falo-1835","169":"pa_falo-1836","170":"pa_graziosa-1839","171":"pa_graziosa-1840","172":"pa_graziosa-1841","173":"pa_irina-1686","174":"pa_irina-1687","175":"pa_irina-1688","176":"pa_isabella-1689","177":"pa_isabella-1690","178":"pa_isabella-1691","179":"pa_isabella-1692","180":"pa_iside-idro-1693","181":"pa_lucrezia-idro-1900","182":"pa_lucrezia-idro-1901","183":"pa_lucrezia-idro-1902","184":"pa_lucrezia-idro-1903","185":"pa_lucrezia-idro-1904","186":"pa_marque-extraflame","187":"pa_melinda-idro-1697","188":"pa_toutes-annees-clementina","189":"pa_toutes-annees-comfort-idro","190":"pa_toutes-annees-comfort-maxi","191":"pa_toutes-annees-comfort-plus","192":"pa_toutes-annees-contessa","193":"pa_toutes-annees-delizia-forno","194":"pa_toutes-annees-divina","195":"pa_toutes-annees-divina-plus","196":"pa_toutes-annees-duchessa","197":"pa_toutes-annees-duchessa-idro","198":"pa_toutes-annees-ecologica","199":"pa_toutes-annees-ecologica-idro","200":"pa_toutes-annees-elisir","201":"pa_toutes-annees-emma","202":"pa_toutes-annees-emma-plus","203":"pa_toutes-annees-esmeralda","204":"pa_toutes-annees-falo","205":"pa_toutes-annees-graziosa","206":"pa_toutes-annees-irina","207":"pa_toutes-annees-isabella","208":"pa_toutes-annees-iside-idro","209":"pa_toutes-annees-lucrezia-idro","210":"pa_toutes-annees-melinda-idro","212":"first","213":"instock","214":"taxable","215":"shipping-taxable","216":"purchasable","217":"product-type-simple"},"yoast_head":"<!-- This site is optimized with the Yoast SEO plugin v27.0 - https:\/\/yoast.com\/product\/yoast-seo-wordpress\/ -->\n<title>R\u00e9f 2272502 t\u00e9l\u00e9commande (jusqu&#039;\u00e0 2010)<\/title>\n<meta name=\"description\" content=\"Pi\u00e8ce d\u00e9tach\u00e9e : r\u00e9f 2272502 t\u00e9l\u00e9commande (jusqu&#039;\u00e0 2010)\" \/>\n<meta name=\"robots\" content=\"index, follow, max-snippet:-1, max-image-preview:large, max-video-preview:-1\" \/>\n<link rel=\"canonical\" href=\"https:\/\/www.stera.fr\/boutique\/pieces-detachees-poeles-a-granules\/ref-2272502-telecommande-jusqua-2010\/\" \/>\n<meta property=\"og:locale\" content=\"fr_FR\" \/>\n<meta property=\"og:type\" content=\"article\" \/>\n<meta property=\"og:title\" content=\"r\u00e9f 2272502 t\u00e9l\u00e9commande (jusqu&#039;\u00e0 2010)\" \/>\n<meta property=\"og:description\" content=\"Pi\u00e8ce d\u00e9tach\u00e9e : r\u00e9f 2272502 t\u00e9l\u00e9commande (jusqu&#039;\u00e0 2010)\" \/>\n<meta property=\"og:url\" content=\"https:\/\/www.stera.fr\/boutique\/pieces-detachees-poeles-a-granules\/ref-2272502-telecommande-jusqua-2010\/\" \/>\n<meta property=\"og:site_name\" content=\"Stera\" \/>\n<meta property=\"article:publisher\" content=\"https:\/\/fr-fr.facebook.com\/Stera.fr\/\" \/>\n<meta property=\"article:modified_time\" content=\"2025-10-03T14:50:39+00:00\" \/>\n<meta property=\"og:image\" content=\"https:\/\/www.stera.fr\/boutique\/wp-content\/uploads\/2017\/07\/2272502.jpg\" \/>\n\t<meta property=\"og:image:width\" content=\"1200\" \/>\n\t<meta property=\"og:image:height\" content=\"674\" \/>\n\t<meta property=\"og:image:type\" content=\"image\/jpeg\" \/>\n<meta name=\"twitter:card\" content=\"summary_large_image\" \/>\n<script type=\"application\/ld+json\" class=\"yoast-schema-graph\">{\"@context\":\"https:\/\/schema.org\",\"@graph\":[{\"@type\":\"WebPage\",\"@id\":\"https:\/\/www.stera.fr\/boutique\/pieces-detachees-poeles-a-granules\/ref-2272502-telecommande-jusqua-2010\/\",\"url\":\"https:\/\/www.stera.fr\/boutique\/pieces-detachees-poeles-a-granules\/ref-2272502-telecommande-jusqua-2010\/\",\"name\":\"r\u00e9f 2272502 t\u00e9l\u00e9commande (jusqu'\u00e0 2010)\",\"isPartOf\":{\"@id\":\"https:\/\/www.stera.fr\/boutique\/#website\"},\"primaryImageOfPage\":{\"@id\":\"https:\/\/www.stera.fr\/boutique\/pieces-detachees-poeles-a-granules\/ref-2272502-telecommande-jusqua-2010\/#primaryimage\"},\"image\":{\"@id\":\"https:\/\/www.stera.fr\/boutique\/pieces-detachees-poeles-a-granules\/ref-2272502-telecommande-jusqua-2010\/#primaryimage\"},\"thumbnailUrl\":\"https:\/\/www.stera.fr\/boutique\/wp-content\/uploads\/2017\/07\/2272502.jpg\",\"datePublished\":\"2025-05-05T20:44:23+00:00\",\"dateModified\":\"2025-10-03T14:50:39+00:00\",\"description\":\"Pi\u00e8ce d\u00e9tach\u00e9e : r\u00e9f 2272502 t\u00e9l\u00e9commande (jusqu'\u00e0 2010)\",\"breadcrumb\":{\"@id\":\"https:\/\/www.stera.fr\/boutique\/pieces-detachees-poeles-a-granules\/ref-2272502-telecommande-jusqua-2010\/#breadcrumb\"},\"inLanguage\":\"fr-FR\",\"potentialAction\":[{\"@type\":\"ReadAction\",\"target\":[\"https:\/\/www.stera.fr\/boutique\/pieces-detachees-poeles-a-granules\/ref-2272502-telecommande-jusqua-2010\/\"]}]},{\"@type\":\"ImageObject\",\"inLanguage\":\"fr-FR\",\"@id\":\"https:\/\/www.stera.fr\/boutique\/pieces-detachees-poeles-a-granules\/ref-2272502-telecommande-jusqua-2010\/#primaryimage\",\"url\":\"https:\/\/www.stera.fr\/boutique\/wp-content\/uploads\/2017\/07\/2272502.jpg\",\"contentUrl\":\"https:\/\/www.stera.fr\/boutique\/wp-content\/uploads\/2017\/07\/2272502.jpg\",\"width\":1200,\"height\":674},{\"@type\":\"BreadcrumbList\",\"@id\":\"https:\/\/www.stera.fr\/boutique\/pieces-detachees-poeles-a-granules\/ref-2272502-telecommande-jusqua-2010\/#breadcrumb\",\"itemListElement\":[{\"@type\":\"ListItem\",\"position\":1,\"name\":\"Accueil\",\"item\":\"https:\/\/www.stera.fr\/boutique\/\"},{\"@type\":\"ListItem\",\"position\":2,\"name\":\"Boutique\",\"item\":\"https:\/\/www.stera.fr\/boutique\/pieces-detachees-poeles-a-granules\/\"},{\"@type\":\"ListItem\",\"position\":3,\"name\":\"r\u00e9f 2272502 t\u00e9l\u00e9commande (jusqu&rsquo;\u00e0 2010)\"}]},{\"@type\":\"WebSite\",\"@id\":\"https:\/\/www.stera.fr\/boutique\/#website\",\"url\":\"https:\/\/www.stera.fr\/boutique\/\",\"name\":\"Stera\",\"description\":\"\",\"potentialAction\":[{\"@type\":\"SearchAction\",\"target\":{\"@type\":\"EntryPoint\",\"urlTemplate\":\"https:\/\/www.stera.fr\/boutique\/?s={search_term_string}\"},\"query-input\":{\"@type\":\"PropertyValueSpecification\",\"valueRequired\":true,\"valueName\":\"search_term_string\"}}],\"inLanguage\":\"fr-FR\"}]}<\/script>\n<!-- \/ Yoast SEO plugin. -->","yoast_head_json":{"title":"R\u00e9f 2272502 t\u00e9l\u00e9commande (jusqu'\u00e0 2010)","description":"Pi\u00e8ce d\u00e9tach\u00e9e : r\u00e9f 2272502 t\u00e9l\u00e9commande (jusqu'\u00e0 2010)","robots":{"index":"index","follow":"follow","max-snippet":"max-snippet:-1","max-image-preview":"max-image-preview:large","max-video-preview":"max-video-preview:-1"},"canonical":"https:\/\/www.stera.fr\/boutique\/pieces-detachees-poeles-a-granules\/ref-2272502-telecommande-jusqua-2010\/","og_locale":"fr_FR","og_type":"article","og_title":"r\u00e9f 2272502 t\u00e9l\u00e9commande (jusqu'\u00e0 2010)","og_description":"Pi\u00e8ce d\u00e9tach\u00e9e : r\u00e9f 2272502 t\u00e9l\u00e9commande (jusqu'\u00e0 2010)","og_url":"https:\/\/www.stera.fr\/boutique\/pieces-detachees-poeles-a-granules\/ref-2272502-telecommande-jusqua-2010\/","og_site_name":"Stera","article_publisher":"https:\/\/fr-fr.facebook.com\/Stera.fr\/","article_modified_time":"2025-10-03T14:50:39+00:00","og_image":[{"width":1200,"height":674,"url":"https:\/\/www.stera.fr\/boutique\/wp-content\/uploads\/2017\/07\/2272502.jpg","type":"image\/jpeg"}],"twitter_card":"summary_large_image","schema":{"@context":"https:\/\/schema.org","@graph":[{"@type":"WebPage","@id":"https:\/\/www.stera.fr\/boutique\/pieces-detachees-poeles-a-granules\/ref-2272502-telecommande-jusqua-2010\/","url":"https:\/\/www.stera.fr\/boutique\/pieces-detachees-poeles-a-granules\/ref-2272502-telecommande-jusqua-2010\/","name":"r\u00e9f 2272502 t\u00e9l\u00e9commande (jusqu'\u00e0 2010)","isPartOf":{"@id":"https:\/\/www.stera.fr\/boutique\/#website"},"primaryImageOfPage":{"@id":"https:\/\/www.stera.fr\/boutique\/pieces-detachees-poeles-a-granules\/ref-2272502-telecommande-jusqua-2010\/#primaryimage"},"image":{"@id":"https:\/\/www.stera.fr\/boutique\/pieces-detachees-poeles-a-granules\/ref-2272502-telecommande-jusqua-2010\/#primaryimage"},"thumbnailUrl":"https:\/\/www.stera.fr\/boutique\/wp-content\/uploads\/2017\/07\/2272502.jpg","datePublished":"2025-05-05T20:44:23+00:00","dateModified":"2025-10-03T14:50:39+00:00","description":"Pi\u00e8ce d\u00e9tach\u00e9e : r\u00e9f 2272502 t\u00e9l\u00e9commande (jusqu'\u00e0 2010)","breadcrumb":{"@id":"https:\/\/www.stera.fr\/boutique\/pieces-detachees-poeles-a-granules\/ref-2272502-telecommande-jusqua-2010\/#breadcrumb"},"inLanguage":"fr-FR","potentialAction":[{"@type":"ReadAction","target":["https:\/\/www.stera.fr\/boutique\/pieces-detachees-poeles-a-granules\/ref-2272502-telecommande-jusqua-2010\/"]}]},{"@type":"ImageObject","inLanguage":"fr-FR","@id":"https:\/\/www.stera.fr\/boutique\/pieces-detachees-poeles-a-granules\/ref-2272502-telecommande-jusqua-2010\/#primaryimage","url":"https:\/\/www.stera.fr\/boutique\/wp-content\/uploads\/2017\/07\/2272502.jpg","contentUrl":"https:\/\/www.stera.fr\/boutique\/wp-content\/uploads\/2017\/07\/2272502.jpg","width":1200,"height":674},{"@type":"BreadcrumbList","@id":"https:\/\/www.stera.fr\/boutique\/pieces-detachees-poeles-a-granules\/ref-2272502-telecommande-jusqua-2010\/#breadcrumb","itemListElement":[{"@type":"ListItem","position":1,"name":"Accueil","item":"https:\/\/www.stera.fr\/boutique\/"},{"@type":"ListItem","position":2,"name":"Boutique","item":"https:\/\/www.stera.fr\/boutique\/pieces-detachees-poeles-a-granules\/"},{"@type":"ListItem","position":3,"name":"r\u00e9f 2272502 t\u00e9l\u00e9commande (jusqu&rsquo;\u00e0 2010)"}]},{"@type":"WebSite","@id":"https:\/\/www.stera.fr\/boutique\/#website","url":"https:\/\/www.stera.fr\/boutique\/","name":"Stera","description":"","potentialAction":[{"@type":"SearchAction","target":{"@type":"EntryPoint","urlTemplate":"https:\/\/www.stera.fr\/boutique\/?s={search_term_string}"},"query-input":{"@type":"PropertyValueSpecification","valueRequired":true,"valueName":"search_term_string"}}],"inLanguage":"fr-FR"}]}},"_links":{"self":[{"href":"https:\/\/www.stera.fr\/boutique\/wp-json\/wp\/v2\/product\/7751","targetHints":{"allow":["GET"]}}],"collection":[{"href":"https:\/\/www.stera.fr\/boutique\/wp-json\/wp\/v2\/product"}],"about":[{"href":"https:\/\/www.stera.fr\/boutique\/wp-json\/wp\/v2\/types\/product"}],"replies":[{"embeddable":true,"href":"https:\/\/www.stera.fr\/boutique\/wp-json\/wp\/v2\/comments?post=7751"}],"wp:featuredmedia":[{"embeddable":true,"href":"https:\/\/www.stera.fr\/boutique\/wp-json\/wp\/v2\/media\/7875"}],"wp:attachment":[{"href":"https:\/\/www.stera.fr\/boutique\/wp-json\/wp\/v2\/media?parent=7751"}],"wp:term":[{"taxonomy":"product_brand","embeddable":true,"href":"https:\/\/www.stera.fr\/boutique\/wp-json\/wp\/v2\/product_brand?post=7751"},{"taxonomy":"product_cat","embeddable":true,"href":"https:\/\/www.stera.fr\/boutique\/wp-json\/wp\/v2\/product_cat?post=7751"},{"taxonomy":"product_tag","embeddable":true,"href":"https:\/\/www.stera.fr\/boutique\/wp-json\/wp\/v2\/product_tag?post=7751"}],"curies":[{"name":"wp","href":"https:\/\/api.w.org\/{rel}","templated":true}]}}