
{"id":7799,"date":"2025-05-05T20:50:58","date_gmt":"2025-05-05T20:50:58","guid":{"rendered":"https:\/\/www.stera.fr\/boutique\/pieces-detachees-poeles-a-granules\/ref-3278221-brasier-avec-diviseur-et-pivot\/"},"modified":"2025-10-03T10:22:41","modified_gmt":"2025-10-03T10:22:41","slug":"ref-3278221-brasier-avec-diviseur-et-pivot","status":"publish","type":"product","link":"https:\/\/www.stera.fr\/boutique\/pieces-detachees-poeles-a-granules\/ref-3278221-brasier-avec-diviseur-et-pivot\/","title":{"rendered":"r\u00e9f 3278221 brasier avec diviseur et pivot"},"content":{"rendered":"<p>r\u00e9f 3278221 brasier avec diviseur et pivot<\/p>\n","protected":false},"excerpt":{"rendered":"<p>r\u00e9f 3278221 brasier avec diviseur et pivot<\/p>\n","protected":false},"featured_media":7923,"comment_status":"closed","ping_status":"open","template":"","meta":[],"product_brand":[],"product_cat":[705],"product_tag":[],"class_list":{"0":"post-7799","1":"product","2":"type-product","3":"status-publish","4":"has-post-thumbnail","6":"product_cat-brasier","7":"product_shipping_class-1500-e","8":"pa_2012-viviana","9":"pa_2012-viviana-plus","10":"pa_2013-comfort-p70","11":"pa_2013-comfort-p70h49","12":"pa_2014-doroty","13":"pa_2014-irma","14":"pa_2015-novella","15":"pa_2015-novella-plus","16":"pa_2015-sibilla","17":"pa_2015-sibilla-plus","18":"pa_2016-comfort-p70","19":"pa_2016-comfort-p70h49","20":"pa_2016-doroty","21":"pa_2016-irma","22":"pa_2016-irma-plus","23":"pa_2016-sibilla","24":"pa_2016-sibilla-plus","25":"pa_2017-comfort-p70","26":"pa_2017-comfort-p70h49","27":"pa_2018-comfort-p70","28":"pa_2018-comfort-p70h49","29":"pa_2018-doroty","30":"pa_2018-irma","31":"pa_2018-sibilla","32":"pa_2018-viviana","33":"pa_2021-comfort-p70h49","34":"pa_comfort-p70-2131","35":"pa_comfort-p70-2132","36":"pa_comfort-p70-2133","37":"pa_comfort-p70-2134","38":"pa_comfort-p70h49-2135","39":"pa_comfort-p70h49-2136","40":"pa_comfort-p70h49-2137","41":"pa_comfort-p70h49-2138","42":"pa_comfort-p70h49-2646","43":"pa_doroty-1965","44":"pa_doroty-1966","45":"pa_doroty-1967","46":"pa_irma-1985","47":"pa_irma-1986","48":"pa_irma-1987","49":"pa_irma-plus-1988","50":"pa_marque-extraflame","51":"pa_novella-1991","52":"pa_novella-plus-1992","53":"pa_sibilla-1994","54":"pa_sibilla-1995","55":"pa_sibilla-1996","56":"pa_sibilla-plus-1997","57":"pa_sibilla-plus-1998","58":"pa_toutes-annees-comfort-p70","59":"pa_toutes-annees-comfort-p70h49","60":"pa_toutes-annees-doroty","61":"pa_toutes-annees-irma","62":"pa_toutes-annees-irma-plus","63":"pa_toutes-annees-novella","64":"pa_toutes-annees-novella-plus","65":"pa_toutes-annees-sibilla","66":"pa_toutes-annees-sibilla-plus","67":"pa_toutes-annees-viviana","68":"pa_toutes-annees-viviana-plus","69":"pa_viviana-1708","70":"pa_viviana-1709","71":"pa_viviana-plus-1710","73":"first","74":"instock","75":"taxable","76":"shipping-taxable","77":"purchasable","78":"product-type-simple"},"yoast_head":"<!-- This site is optimized with the Yoast SEO plugin v27.0 - https:\/\/yoast.com\/product\/yoast-seo-wordpress\/ -->\n<title>R\u00e9f 3278221 brasier avec diviseur et pivot<\/title>\n<meta name=\"description\" content=\"Pi\u00e8ce d\u00e9tach\u00e9e : r\u00e9f 3278221 brasier avec diviseur et pivot\" \/>\n<meta name=\"robots\" content=\"index, follow, max-snippet:-1, max-image-preview:large, max-video-preview:-1\" \/>\n<link rel=\"canonical\" href=\"https:\/\/www.stera.fr\/boutique\/pieces-detachees-poeles-a-granules\/ref-3278221-brasier-avec-diviseur-et-pivot\/\" \/>\n<meta property=\"og:locale\" content=\"fr_FR\" \/>\n<meta property=\"og:type\" content=\"article\" \/>\n<meta property=\"og:title\" content=\"r\u00e9f 3278221 brasier avec diviseur et pivot\" \/>\n<meta property=\"og:description\" content=\"Pi\u00e8ce d\u00e9tach\u00e9e : r\u00e9f 3278221 brasier avec diviseur et pivot\" \/>\n<meta property=\"og:url\" content=\"https:\/\/www.stera.fr\/boutique\/pieces-detachees-poeles-a-granules\/ref-3278221-brasier-avec-diviseur-et-pivot\/\" \/>\n<meta property=\"og:site_name\" content=\"Stera\" \/>\n<meta property=\"article:publisher\" content=\"https:\/\/fr-fr.facebook.com\/Stera.fr\/\" \/>\n<meta property=\"article:modified_time\" content=\"2025-10-03T10:22:41+00:00\" \/>\n<meta property=\"og:image\" content=\"https:\/\/www.stera.fr\/boutique\/wp-content\/uploads\/2017\/07\/3278221.jpg\" \/>\n\t<meta property=\"og:image:width\" content=\"1200\" \/>\n\t<meta property=\"og:image:height\" content=\"674\" \/>\n\t<meta property=\"og:image:type\" content=\"image\/jpeg\" \/>\n<meta name=\"twitter:card\" content=\"summary_large_image\" \/>\n<script type=\"application\/ld+json\" class=\"yoast-schema-graph\">{\"@context\":\"https:\/\/schema.org\",\"@graph\":[{\"@type\":\"WebPage\",\"@id\":\"https:\/\/www.stera.fr\/boutique\/pieces-detachees-poeles-a-granules\/ref-3278221-brasier-avec-diviseur-et-pivot\/\",\"url\":\"https:\/\/www.stera.fr\/boutique\/pieces-detachees-poeles-a-granules\/ref-3278221-brasier-avec-diviseur-et-pivot\/\",\"name\":\"r\u00e9f 3278221 brasier avec diviseur et pivot\",\"isPartOf\":{\"@id\":\"https:\/\/www.stera.fr\/boutique\/#website\"},\"primaryImageOfPage\":{\"@id\":\"https:\/\/www.stera.fr\/boutique\/pieces-detachees-poeles-a-granules\/ref-3278221-brasier-avec-diviseur-et-pivot\/#primaryimage\"},\"image\":{\"@id\":\"https:\/\/www.stera.fr\/boutique\/pieces-detachees-poeles-a-granules\/ref-3278221-brasier-avec-diviseur-et-pivot\/#primaryimage\"},\"thumbnailUrl\":\"https:\/\/www.stera.fr\/boutique\/wp-content\/uploads\/2017\/07\/3278221.jpg\",\"datePublished\":\"2025-05-05T20:50:58+00:00\",\"dateModified\":\"2025-10-03T10:22:41+00:00\",\"description\":\"Pi\u00e8ce d\u00e9tach\u00e9e : r\u00e9f 3278221 brasier avec diviseur et pivot\",\"breadcrumb\":{\"@id\":\"https:\/\/www.stera.fr\/boutique\/pieces-detachees-poeles-a-granules\/ref-3278221-brasier-avec-diviseur-et-pivot\/#breadcrumb\"},\"inLanguage\":\"fr-FR\",\"potentialAction\":[{\"@type\":\"ReadAction\",\"target\":[\"https:\/\/www.stera.fr\/boutique\/pieces-detachees-poeles-a-granules\/ref-3278221-brasier-avec-diviseur-et-pivot\/\"]}]},{\"@type\":\"ImageObject\",\"inLanguage\":\"fr-FR\",\"@id\":\"https:\/\/www.stera.fr\/boutique\/pieces-detachees-poeles-a-granules\/ref-3278221-brasier-avec-diviseur-et-pivot\/#primaryimage\",\"url\":\"https:\/\/www.stera.fr\/boutique\/wp-content\/uploads\/2017\/07\/3278221.jpg\",\"contentUrl\":\"https:\/\/www.stera.fr\/boutique\/wp-content\/uploads\/2017\/07\/3278221.jpg\",\"width\":1200,\"height\":674},{\"@type\":\"BreadcrumbList\",\"@id\":\"https:\/\/www.stera.fr\/boutique\/pieces-detachees-poeles-a-granules\/ref-3278221-brasier-avec-diviseur-et-pivot\/#breadcrumb\",\"itemListElement\":[{\"@type\":\"ListItem\",\"position\":1,\"name\":\"Accueil\",\"item\":\"https:\/\/www.stera.fr\/boutique\/\"},{\"@type\":\"ListItem\",\"position\":2,\"name\":\"Boutique\",\"item\":\"https:\/\/www.stera.fr\/boutique\/pieces-detachees-poeles-a-granules\/\"},{\"@type\":\"ListItem\",\"position\":3,\"name\":\"r\u00e9f 3278221 brasier avec diviseur et pivot\"}]},{\"@type\":\"WebSite\",\"@id\":\"https:\/\/www.stera.fr\/boutique\/#website\",\"url\":\"https:\/\/www.stera.fr\/boutique\/\",\"name\":\"Stera\",\"description\":\"\",\"potentialAction\":[{\"@type\":\"SearchAction\",\"target\":{\"@type\":\"EntryPoint\",\"urlTemplate\":\"https:\/\/www.stera.fr\/boutique\/?s={search_term_string}\"},\"query-input\":{\"@type\":\"PropertyValueSpecification\",\"valueRequired\":true,\"valueName\":\"search_term_string\"}}],\"inLanguage\":\"fr-FR\"}]}<\/script>\n<!-- \/ Yoast SEO plugin. -->","yoast_head_json":{"title":"R\u00e9f 3278221 brasier avec diviseur et pivot","description":"Pi\u00e8ce d\u00e9tach\u00e9e : r\u00e9f 3278221 brasier avec diviseur et pivot","robots":{"index":"index","follow":"follow","max-snippet":"max-snippet:-1","max-image-preview":"max-image-preview:large","max-video-preview":"max-video-preview:-1"},"canonical":"https:\/\/www.stera.fr\/boutique\/pieces-detachees-poeles-a-granules\/ref-3278221-brasier-avec-diviseur-et-pivot\/","og_locale":"fr_FR","og_type":"article","og_title":"r\u00e9f 3278221 brasier avec diviseur et pivot","og_description":"Pi\u00e8ce d\u00e9tach\u00e9e : r\u00e9f 3278221 brasier avec diviseur et pivot","og_url":"https:\/\/www.stera.fr\/boutique\/pieces-detachees-poeles-a-granules\/ref-3278221-brasier-avec-diviseur-et-pivot\/","og_site_name":"Stera","article_publisher":"https:\/\/fr-fr.facebook.com\/Stera.fr\/","article_modified_time":"2025-10-03T10:22:41+00:00","og_image":[{"width":1200,"height":674,"url":"https:\/\/www.stera.fr\/boutique\/wp-content\/uploads\/2017\/07\/3278221.jpg","type":"image\/jpeg"}],"twitter_card":"summary_large_image","schema":{"@context":"https:\/\/schema.org","@graph":[{"@type":"WebPage","@id":"https:\/\/www.stera.fr\/boutique\/pieces-detachees-poeles-a-granules\/ref-3278221-brasier-avec-diviseur-et-pivot\/","url":"https:\/\/www.stera.fr\/boutique\/pieces-detachees-poeles-a-granules\/ref-3278221-brasier-avec-diviseur-et-pivot\/","name":"r\u00e9f 3278221 brasier avec diviseur et pivot","isPartOf":{"@id":"https:\/\/www.stera.fr\/boutique\/#website"},"primaryImageOfPage":{"@id":"https:\/\/www.stera.fr\/boutique\/pieces-detachees-poeles-a-granules\/ref-3278221-brasier-avec-diviseur-et-pivot\/#primaryimage"},"image":{"@id":"https:\/\/www.stera.fr\/boutique\/pieces-detachees-poeles-a-granules\/ref-3278221-brasier-avec-diviseur-et-pivot\/#primaryimage"},"thumbnailUrl":"https:\/\/www.stera.fr\/boutique\/wp-content\/uploads\/2017\/07\/3278221.jpg","datePublished":"2025-05-05T20:50:58+00:00","dateModified":"2025-10-03T10:22:41+00:00","description":"Pi\u00e8ce d\u00e9tach\u00e9e : r\u00e9f 3278221 brasier avec diviseur et pivot","breadcrumb":{"@id":"https:\/\/www.stera.fr\/boutique\/pieces-detachees-poeles-a-granules\/ref-3278221-brasier-avec-diviseur-et-pivot\/#breadcrumb"},"inLanguage":"fr-FR","potentialAction":[{"@type":"ReadAction","target":["https:\/\/www.stera.fr\/boutique\/pieces-detachees-poeles-a-granules\/ref-3278221-brasier-avec-diviseur-et-pivot\/"]}]},{"@type":"ImageObject","inLanguage":"fr-FR","@id":"https:\/\/www.stera.fr\/boutique\/pieces-detachees-poeles-a-granules\/ref-3278221-brasier-avec-diviseur-et-pivot\/#primaryimage","url":"https:\/\/www.stera.fr\/boutique\/wp-content\/uploads\/2017\/07\/3278221.jpg","contentUrl":"https:\/\/www.stera.fr\/boutique\/wp-content\/uploads\/2017\/07\/3278221.jpg","width":1200,"height":674},{"@type":"BreadcrumbList","@id":"https:\/\/www.stera.fr\/boutique\/pieces-detachees-poeles-a-granules\/ref-3278221-brasier-avec-diviseur-et-pivot\/#breadcrumb","itemListElement":[{"@type":"ListItem","position":1,"name":"Accueil","item":"https:\/\/www.stera.fr\/boutique\/"},{"@type":"ListItem","position":2,"name":"Boutique","item":"https:\/\/www.stera.fr\/boutique\/pieces-detachees-poeles-a-granules\/"},{"@type":"ListItem","position":3,"name":"r\u00e9f 3278221 brasier avec diviseur et pivot"}]},{"@type":"WebSite","@id":"https:\/\/www.stera.fr\/boutique\/#website","url":"https:\/\/www.stera.fr\/boutique\/","name":"Stera","description":"","potentialAction":[{"@type":"SearchAction","target":{"@type":"EntryPoint","urlTemplate":"https:\/\/www.stera.fr\/boutique\/?s={search_term_string}"},"query-input":{"@type":"PropertyValueSpecification","valueRequired":true,"valueName":"search_term_string"}}],"inLanguage":"fr-FR"}]}},"_links":{"self":[{"href":"https:\/\/www.stera.fr\/boutique\/wp-json\/wp\/v2\/product\/7799","targetHints":{"allow":["GET"]}}],"collection":[{"href":"https:\/\/www.stera.fr\/boutique\/wp-json\/wp\/v2\/product"}],"about":[{"href":"https:\/\/www.stera.fr\/boutique\/wp-json\/wp\/v2\/types\/product"}],"replies":[{"embeddable":true,"href":"https:\/\/www.stera.fr\/boutique\/wp-json\/wp\/v2\/comments?post=7799"}],"wp:featuredmedia":[{"embeddable":true,"href":"https:\/\/www.stera.fr\/boutique\/wp-json\/wp\/v2\/media\/7923"}],"wp:attachment":[{"href":"https:\/\/www.stera.fr\/boutique\/wp-json\/wp\/v2\/media?parent=7799"}],"wp:term":[{"taxonomy":"product_brand","embeddable":true,"href":"https:\/\/www.stera.fr\/boutique\/wp-json\/wp\/v2\/product_brand?post=7799"},{"taxonomy":"product_cat","embeddable":true,"href":"https:\/\/www.stera.fr\/boutique\/wp-json\/wp\/v2\/product_cat?post=7799"},{"taxonomy":"product_tag","embeddable":true,"href":"https:\/\/www.stera.fr\/boutique\/wp-json\/wp\/v2\/product_tag?post=7799"}],"curies":[{"name":"wp","href":"https:\/\/api.w.org\/{rel}","templated":true}]}}