
{"id":7811,"date":"2025-05-05T20:53:59","date_gmt":"2025-05-05T20:53:59","guid":{"rendered":"https:\/\/www.stera.fr\/boutique\/pieces-detachees-poeles-a-granules\/ref-7270231-pare-flamme-fonte\/"},"modified":"2025-10-03T09:15:53","modified_gmt":"2025-10-03T09:15:53","slug":"ref-7270231-pare-flamme-fonte","status":"publish","type":"product","link":"https:\/\/www.stera.fr\/boutique\/pieces-detachees-poeles-a-granules\/ref-7270231-pare-flamme-fonte\/","title":{"rendered":"r\u00e9f 7270231 pare-flamme fonte"},"content":{"rendered":"<p>r\u00e9f 7270231 pare-flamme fonte<\/p>\n","protected":false},"excerpt":{"rendered":"<p>r\u00e9f 7270231 pare-flamme fonte<\/p>\n","protected":false},"featured_media":7935,"comment_status":"closed","ping_status":"closed","template":"","meta":[],"product_brand":[],"product_cat":[705],"product_tag":[],"class_list":{"0":"post-7811","1":"product","2":"type-product","3":"status-publish","4":"has-post-thumbnail","6":"product_cat-brasier","7":"product_shipping_class-1000-e","8":"pa_2013-comfort-p70","9":"pa_2013-comfort-p70h49","10":"pa_2015-giusy","11":"pa_2015-giusy-plus","12":"pa_2015-ketty","13":"pa_2015-serafina","14":"pa_2015-sibilla","15":"pa_2015-sibilla-plus","16":"pa_2016-comfort-p70","17":"pa_2016-comfort-p70h49","18":"pa_2016-giusy","19":"pa_2016-giusy-plus","20":"pa_2016-ketty","21":"pa_2016-serafina","22":"pa_2016-sibilla","23":"pa_2016-sibilla-plus","24":"pa_2017-comfort-p70","25":"pa_2017-comfort-p70h49","26":"pa_2017-giusy","27":"pa_2017-giusy-plus","28":"pa_2017-ketty","29":"pa_2017-serafina","30":"pa_2018-comfort-p70","31":"pa_2018-comfort-p70h49","32":"pa_2018-giusy-evo","33":"pa_2018-giusy-plus-evo","34":"pa_2018-ketty-evo","35":"pa_2018-serafina","36":"pa_2018-sibilla","37":"pa_2021-comfort-p70h49","38":"pa_2021-giusy-evo","39":"pa_2021-ketty-evo","40":"pa_2021-serafina","41":"pa_comfort-p70-2131","42":"pa_comfort-p70-2132","43":"pa_comfort-p70-2133","44":"pa_comfort-p70-2134","45":"pa_comfort-p70h49-2135","46":"pa_comfort-p70h49-2136","47":"pa_comfort-p70h49-2137","48":"pa_comfort-p70h49-2138","49":"pa_comfort-p70h49-2646","50":"pa_giusy-1680","51":"pa_giusy-1681","52":"pa_giusy-1682","53":"pa_giusy-evo-1724","54":"pa_giusy-evo-2649","55":"pa_giusy-plus-1683","56":"pa_giusy-plus-1684","57":"pa_giusy-plus-1685","58":"pa_giusy-plus-evo-1725","59":"pa_ketty-1694","60":"pa_ketty-1695","61":"pa_ketty-1696","62":"pa_ketty-evo-1726","63":"pa_ketty-evo-2650","64":"pa_marque-extraflame","65":"pa_serafina-1702","66":"pa_serafina-1703","67":"pa_serafina-1704","68":"pa_serafina-1705","69":"pa_serafina-2653","70":"pa_sibilla-1994","71":"pa_sibilla-1995","72":"pa_sibilla-1996","73":"pa_sibilla-plus-1997","74":"pa_sibilla-plus-1998","75":"pa_toutes-annees-comfort-p70","76":"pa_toutes-annees-comfort-p70h49","77":"pa_toutes-annees-giusy","78":"pa_toutes-annees-giusy-evo","79":"pa_toutes-annees-giusy-plus","80":"pa_toutes-annees-giusy-plus-evo","81":"pa_toutes-annees-ketty","82":"pa_toutes-annees-ketty-evo","83":"pa_toutes-annees-serafina","84":"pa_toutes-annees-sibilla","85":"pa_toutes-annees-sibilla-plus","87":"first","88":"instock","89":"taxable","90":"shipping-taxable","91":"purchasable","92":"product-type-simple"},"yoast_head":"<!-- This site is optimized with the Yoast SEO plugin v27.0 - https:\/\/yoast.com\/product\/yoast-seo-wordpress\/ -->\n<title>R\u00e9f 7270231 pare-flamme fonte<\/title>\n<meta name=\"description\" content=\"Pi\u00e8ce d\u00e9tach\u00e9e : r\u00e9f 7270231 pare-flamme fonte\" \/>\n<meta name=\"robots\" content=\"index, follow, max-snippet:-1, max-image-preview:large, max-video-preview:-1\" \/>\n<link rel=\"canonical\" href=\"https:\/\/www.stera.fr\/boutique\/pieces-detachees-poeles-a-granules\/ref-7270231-pare-flamme-fonte\/\" \/>\n<meta property=\"og:locale\" content=\"fr_FR\" \/>\n<meta property=\"og:type\" content=\"article\" \/>\n<meta property=\"og:title\" content=\"r\u00e9f 7270231 pare-flamme fonte\" \/>\n<meta property=\"og:description\" content=\"Pi\u00e8ce d\u00e9tach\u00e9e : r\u00e9f 7270231 pare-flamme fonte\" \/>\n<meta property=\"og:url\" content=\"https:\/\/www.stera.fr\/boutique\/pieces-detachees-poeles-a-granules\/ref-7270231-pare-flamme-fonte\/\" \/>\n<meta property=\"og:site_name\" content=\"Stera\" \/>\n<meta property=\"article:publisher\" content=\"https:\/\/fr-fr.facebook.com\/Stera.fr\/\" \/>\n<meta property=\"article:modified_time\" content=\"2025-10-03T09:15:53+00:00\" \/>\n<meta property=\"og:image\" content=\"https:\/\/www.stera.fr\/boutique\/wp-content\/uploads\/2017\/07\/7270231.jpg\" \/>\n\t<meta property=\"og:image:width\" content=\"1200\" \/>\n\t<meta property=\"og:image:height\" content=\"900\" \/>\n\t<meta property=\"og:image:type\" content=\"image\/jpeg\" \/>\n<meta name=\"twitter:card\" content=\"summary_large_image\" \/>\n<script type=\"application\/ld+json\" class=\"yoast-schema-graph\">{\"@context\":\"https:\/\/schema.org\",\"@graph\":[{\"@type\":\"WebPage\",\"@id\":\"https:\/\/www.stera.fr\/boutique\/pieces-detachees-poeles-a-granules\/ref-7270231-pare-flamme-fonte\/\",\"url\":\"https:\/\/www.stera.fr\/boutique\/pieces-detachees-poeles-a-granules\/ref-7270231-pare-flamme-fonte\/\",\"name\":\"r\u00e9f 7270231 pare-flamme fonte\",\"isPartOf\":{\"@id\":\"https:\/\/www.stera.fr\/boutique\/#website\"},\"primaryImageOfPage\":{\"@id\":\"https:\/\/www.stera.fr\/boutique\/pieces-detachees-poeles-a-granules\/ref-7270231-pare-flamme-fonte\/#primaryimage\"},\"image\":{\"@id\":\"https:\/\/www.stera.fr\/boutique\/pieces-detachees-poeles-a-granules\/ref-7270231-pare-flamme-fonte\/#primaryimage\"},\"thumbnailUrl\":\"https:\/\/www.stera.fr\/boutique\/wp-content\/uploads\/2017\/07\/7270231.jpg\",\"datePublished\":\"2025-05-05T20:53:59+00:00\",\"dateModified\":\"2025-10-03T09:15:53+00:00\",\"description\":\"Pi\u00e8ce d\u00e9tach\u00e9e : r\u00e9f 7270231 pare-flamme fonte\",\"breadcrumb\":{\"@id\":\"https:\/\/www.stera.fr\/boutique\/pieces-detachees-poeles-a-granules\/ref-7270231-pare-flamme-fonte\/#breadcrumb\"},\"inLanguage\":\"fr-FR\",\"potentialAction\":[{\"@type\":\"ReadAction\",\"target\":[\"https:\/\/www.stera.fr\/boutique\/pieces-detachees-poeles-a-granules\/ref-7270231-pare-flamme-fonte\/\"]}]},{\"@type\":\"ImageObject\",\"inLanguage\":\"fr-FR\",\"@id\":\"https:\/\/www.stera.fr\/boutique\/pieces-detachees-poeles-a-granules\/ref-7270231-pare-flamme-fonte\/#primaryimage\",\"url\":\"https:\/\/www.stera.fr\/boutique\/wp-content\/uploads\/2017\/07\/7270231.jpg\",\"contentUrl\":\"https:\/\/www.stera.fr\/boutique\/wp-content\/uploads\/2017\/07\/7270231.jpg\",\"width\":1200,\"height\":900},{\"@type\":\"BreadcrumbList\",\"@id\":\"https:\/\/www.stera.fr\/boutique\/pieces-detachees-poeles-a-granules\/ref-7270231-pare-flamme-fonte\/#breadcrumb\",\"itemListElement\":[{\"@type\":\"ListItem\",\"position\":1,\"name\":\"Accueil\",\"item\":\"https:\/\/www.stera.fr\/boutique\/\"},{\"@type\":\"ListItem\",\"position\":2,\"name\":\"Boutique\",\"item\":\"https:\/\/www.stera.fr\/boutique\/pieces-detachees-poeles-a-granules\/\"},{\"@type\":\"ListItem\",\"position\":3,\"name\":\"r\u00e9f 7270231 pare-flamme fonte\"}]},{\"@type\":\"WebSite\",\"@id\":\"https:\/\/www.stera.fr\/boutique\/#website\",\"url\":\"https:\/\/www.stera.fr\/boutique\/\",\"name\":\"Stera\",\"description\":\"\",\"potentialAction\":[{\"@type\":\"SearchAction\",\"target\":{\"@type\":\"EntryPoint\",\"urlTemplate\":\"https:\/\/www.stera.fr\/boutique\/?s={search_term_string}\"},\"query-input\":{\"@type\":\"PropertyValueSpecification\",\"valueRequired\":true,\"valueName\":\"search_term_string\"}}],\"inLanguage\":\"fr-FR\"}]}<\/script>\n<!-- \/ Yoast SEO plugin. -->","yoast_head_json":{"title":"R\u00e9f 7270231 pare-flamme fonte","description":"Pi\u00e8ce d\u00e9tach\u00e9e : r\u00e9f 7270231 pare-flamme fonte","robots":{"index":"index","follow":"follow","max-snippet":"max-snippet:-1","max-image-preview":"max-image-preview:large","max-video-preview":"max-video-preview:-1"},"canonical":"https:\/\/www.stera.fr\/boutique\/pieces-detachees-poeles-a-granules\/ref-7270231-pare-flamme-fonte\/","og_locale":"fr_FR","og_type":"article","og_title":"r\u00e9f 7270231 pare-flamme fonte","og_description":"Pi\u00e8ce d\u00e9tach\u00e9e : r\u00e9f 7270231 pare-flamme fonte","og_url":"https:\/\/www.stera.fr\/boutique\/pieces-detachees-poeles-a-granules\/ref-7270231-pare-flamme-fonte\/","og_site_name":"Stera","article_publisher":"https:\/\/fr-fr.facebook.com\/Stera.fr\/","article_modified_time":"2025-10-03T09:15:53+00:00","og_image":[{"width":1200,"height":900,"url":"https:\/\/www.stera.fr\/boutique\/wp-content\/uploads\/2017\/07\/7270231.jpg","type":"image\/jpeg"}],"twitter_card":"summary_large_image","schema":{"@context":"https:\/\/schema.org","@graph":[{"@type":"WebPage","@id":"https:\/\/www.stera.fr\/boutique\/pieces-detachees-poeles-a-granules\/ref-7270231-pare-flamme-fonte\/","url":"https:\/\/www.stera.fr\/boutique\/pieces-detachees-poeles-a-granules\/ref-7270231-pare-flamme-fonte\/","name":"r\u00e9f 7270231 pare-flamme fonte","isPartOf":{"@id":"https:\/\/www.stera.fr\/boutique\/#website"},"primaryImageOfPage":{"@id":"https:\/\/www.stera.fr\/boutique\/pieces-detachees-poeles-a-granules\/ref-7270231-pare-flamme-fonte\/#primaryimage"},"image":{"@id":"https:\/\/www.stera.fr\/boutique\/pieces-detachees-poeles-a-granules\/ref-7270231-pare-flamme-fonte\/#primaryimage"},"thumbnailUrl":"https:\/\/www.stera.fr\/boutique\/wp-content\/uploads\/2017\/07\/7270231.jpg","datePublished":"2025-05-05T20:53:59+00:00","dateModified":"2025-10-03T09:15:53+00:00","description":"Pi\u00e8ce d\u00e9tach\u00e9e : r\u00e9f 7270231 pare-flamme fonte","breadcrumb":{"@id":"https:\/\/www.stera.fr\/boutique\/pieces-detachees-poeles-a-granules\/ref-7270231-pare-flamme-fonte\/#breadcrumb"},"inLanguage":"fr-FR","potentialAction":[{"@type":"ReadAction","target":["https:\/\/www.stera.fr\/boutique\/pieces-detachees-poeles-a-granules\/ref-7270231-pare-flamme-fonte\/"]}]},{"@type":"ImageObject","inLanguage":"fr-FR","@id":"https:\/\/www.stera.fr\/boutique\/pieces-detachees-poeles-a-granules\/ref-7270231-pare-flamme-fonte\/#primaryimage","url":"https:\/\/www.stera.fr\/boutique\/wp-content\/uploads\/2017\/07\/7270231.jpg","contentUrl":"https:\/\/www.stera.fr\/boutique\/wp-content\/uploads\/2017\/07\/7270231.jpg","width":1200,"height":900},{"@type":"BreadcrumbList","@id":"https:\/\/www.stera.fr\/boutique\/pieces-detachees-poeles-a-granules\/ref-7270231-pare-flamme-fonte\/#breadcrumb","itemListElement":[{"@type":"ListItem","position":1,"name":"Accueil","item":"https:\/\/www.stera.fr\/boutique\/"},{"@type":"ListItem","position":2,"name":"Boutique","item":"https:\/\/www.stera.fr\/boutique\/pieces-detachees-poeles-a-granules\/"},{"@type":"ListItem","position":3,"name":"r\u00e9f 7270231 pare-flamme fonte"}]},{"@type":"WebSite","@id":"https:\/\/www.stera.fr\/boutique\/#website","url":"https:\/\/www.stera.fr\/boutique\/","name":"Stera","description":"","potentialAction":[{"@type":"SearchAction","target":{"@type":"EntryPoint","urlTemplate":"https:\/\/www.stera.fr\/boutique\/?s={search_term_string}"},"query-input":{"@type":"PropertyValueSpecification","valueRequired":true,"valueName":"search_term_string"}}],"inLanguage":"fr-FR"}]}},"_links":{"self":[{"href":"https:\/\/www.stera.fr\/boutique\/wp-json\/wp\/v2\/product\/7811","targetHints":{"allow":["GET"]}}],"collection":[{"href":"https:\/\/www.stera.fr\/boutique\/wp-json\/wp\/v2\/product"}],"about":[{"href":"https:\/\/www.stera.fr\/boutique\/wp-json\/wp\/v2\/types\/product"}],"replies":[{"embeddable":true,"href":"https:\/\/www.stera.fr\/boutique\/wp-json\/wp\/v2\/comments?post=7811"}],"wp:featuredmedia":[{"embeddable":true,"href":"https:\/\/www.stera.fr\/boutique\/wp-json\/wp\/v2\/media\/7935"}],"wp:attachment":[{"href":"https:\/\/www.stera.fr\/boutique\/wp-json\/wp\/v2\/media?parent=7811"}],"wp:term":[{"taxonomy":"product_brand","embeddable":true,"href":"https:\/\/www.stera.fr\/boutique\/wp-json\/wp\/v2\/product_brand?post=7811"},{"taxonomy":"product_cat","embeddable":true,"href":"https:\/\/www.stera.fr\/boutique\/wp-json\/wp\/v2\/product_cat?post=7811"},{"taxonomy":"product_tag","embeddable":true,"href":"https:\/\/www.stera.fr\/boutique\/wp-json\/wp\/v2\/product_tag?post=7811"}],"curies":[{"name":"wp","href":"https:\/\/api.w.org\/{rel}","templated":true}]}}

réf 7270231 pare-flamme fonte

<p>réf 7270231 pare-flamme fonte</p>

<!-- This site is optimized with the Yoast SEO plugin v27.0 - https://yoast.com/product/yoast-seo-wordpress/ -->
<title>Réf 7270231 pare-flamme fonte</title>
<meta name="description" content="Pièce détachée : réf 7270231 pare-flamme fonte" />
<meta name="robots" content="index, follow, max-snippet:-1, max-image-preview:large, max-video-preview:-1" />
<link rel="canonical" href="https://www.stera.fr/boutique/pieces-detachees-poeles-a-granules/ref-7270231-pare-flamme-fonte/" />
<meta property="og:locale" content="fr_FR" />
<meta property="og:type" content="article" />
<meta property="og:title" content="réf 7270231 pare-flamme fonte" />
<meta property="og:description" content="Pièce détachée : réf 7270231 pare-flamme fonte" />
<meta property="og:url" content="https://www.stera.fr/boutique/pieces-detachees-poeles-a-granules/ref-7270231-pare-flamme-fonte/" />
<meta property="og:site_name" content="Stera" />
<meta property="article:publisher" content="https://fr-fr.facebook.com/Stera.fr/" />
<meta property="article:modified_time" content="2025-10-03T09:15:53+00:00" />
<meta property="og:image" content="https://www.stera.fr/boutique/wp-content/uploads/2017/07/7270231.jpg" />
	<meta property="og:image:width" content="1200" />
	<meta property="og:image:height" content="900" />
	<meta property="og:image:type" content="image/jpeg" />
<meta name="twitter:card" content="summary_large_image" />
<script type="application/ld+json" class="yoast-schema-graph">{"@context":"https://schema.org","@graph":[{"@type":"WebPage","@id":"https://www.stera.fr/boutique/pieces-detachees-poeles-a-granules/ref-7270231-pare-flamme-fonte/","url":"https://www.stera.fr/boutique/pieces-detachees-poeles-a-granules/ref-7270231-pare-flamme-fonte/","name":"réf 7270231 pare-flamme fonte","isPartOf":{"@id":"https://www.stera.fr/boutique/#website"},"primaryImageOfPage":{"@id":"https://www.stera.fr/boutique/pieces-detachees-poeles-a-granules/ref-7270231-pare-flamme-fonte/#primaryimage"},"image":{"@id":"https://www.stera.fr/boutique/pieces-detachees-poeles-a-granules/ref-7270231-pare-flamme-fonte/#primaryimage"},"thumbnailUrl":"https://www.stera.fr/boutique/wp-content/uploads/2017/07/7270231.jpg","datePublished":"2025-05-05T20:53:59+00:00","dateModified":"2025-10-03T09:15:53+00:00","description":"Pièce détachée : réf 7270231 pare-flamme fonte","breadcrumb":{"@id":"https://www.stera.fr/boutique/pieces-detachees-poeles-a-granules/ref-7270231-pare-flamme-fonte/#breadcrumb"},"inLanguage":"fr-FR","potentialAction":[{"@type":"ReadAction","target":["https://www.stera.fr/boutique/pieces-detachees-poeles-a-granules/ref-7270231-pare-flamme-fonte/"]}]},{"@type":"ImageObject","inLanguage":"fr-FR","@id":"https://www.stera.fr/boutique/pieces-detachees-poeles-a-granules/ref-7270231-pare-flamme-fonte/#primaryimage","url":"https://www.stera.fr/boutique/wp-content/uploads/2017/07/7270231.jpg","contentUrl":"https://www.stera.fr/boutique/wp-content/uploads/2017/07/7270231.jpg","width":1200,"height":900},{"@type":"BreadcrumbList","@id":"https://www.stera.fr/boutique/pieces-detachees-poeles-a-granules/ref-7270231-pare-flamme-fonte/#breadcrumb","itemListElement":[{"@type":"ListItem","position":1,"name":"Accueil","item":"https://www.stera.fr/boutique/"},{"@type":"ListItem","position":2,"name":"Boutique","item":"https://www.stera.fr/boutique/pieces-detachees-poeles-a-granules/"},{"@type":"ListItem","position":3,"name":"réf 7270231 pare-flamme fonte"}]},{"@type":"WebSite","@id":"https://www.stera.fr/boutique/#website","url":"https://www.stera.fr/boutique/","name":"Stera","description":"","potentialAction":[{"@type":"SearchAction","target":{"@type":"EntryPoint","urlTemplate":"https://www.stera.fr/boutique/?s={search_term_string}"},"query-input":{"@type":"PropertyValueSpecification","valueRequired":true,"valueName":"search_term_string"}}],"inLanguage":"fr-FR"}]}</script>
<!-- / Yoast SEO plugin. -->

Réf 7270231 pare-flamme fonte

Pièce détachée : réf 7270231 pare-flamme fonte
