
{"id":8681,"date":"2025-05-05T20:52:02","date_gmt":"2025-05-05T20:52:02","guid":{"rendered":"https:\/\/www.stera.fr\/boutique\/pieces-detachees-poeles-a-granules\/ref-3279689-brasier-sans-diviseur\/"},"modified":"2025-10-03T10:21:32","modified_gmt":"2025-10-03T10:21:32","slug":"ref-3279689-brasier-sans-diviseur-a-partir-2018","status":"publish","type":"product","link":"https:\/\/www.stera.fr\/boutique\/pieces-detachees-poeles-a-granules\/ref-3279689-brasier-sans-diviseur-a-partir-2018\/","title":{"rendered":"r\u00e9f 3279689 brasier sans diviseur (\u00e0 partir 2018)"},"content":{"rendered":"<p>r\u00e9f 3279689 brasier sans diviseur (\u00e0 partir 2018)<\/p>\n","protected":false},"excerpt":{"rendered":"<p>r\u00e9f 3279689 brasier sans diviseur (\u00e0 partir 2018)<\/p>\n","protected":false},"featured_media":0,"comment_status":"closed","ping_status":"open","template":"","meta":[],"product_brand":[],"product_cat":[705],"product_tag":[],"class_list":{"0":"post-8681","1":"product","2":"type-product","3":"status-publish","5":"product_cat-brasier","6":"product_shipping_class-1500-e","7":"pa_2018-costanza-idro","8":"pa_2018-lucia","9":"pa_2019-lucia-plus","10":"pa_2020-angela-evo","11":"pa_2020-angela-plus-evo","12":"pa_2020-moira","13":"pa_2021-lucia","14":"pa_2021-costanza-idro","15":"pa_2021-teodora-evo","16":"pa_2022-angela-evo","17":"pa_2022-angela-plus-evo","18":"pa_2022-angy","19":"pa_2022-costanza-idro","20":"pa_2022-ilary","21":"pa_2022-ilary-plus","22":"pa_2023-angy-top","23":"pa_2023-costanza-idro","24":"pa_2023-ilary-top","25":"pa_2023-ilary-top-plus","26":"pa_2023-lina-top","27":"pa_2023-teodora-evo","28":"pa_2024-costanza-idro-5-0","29":"pa_angela-evo-2596","30":"pa_angela-evo-2643","31":"pa_angela-plus-evo-2597","32":"pa_angela-plus-evo-2644","33":"pa_angy-2645","34":"pa_angy-top-2908","35":"pa_costanza-idro-1544","36":"pa_costanza-idro-2914","37":"pa_costanza-idro-2915","38":"pa_costanza-idro-2916","39":"pa_costanza-idro-5-0-2917","40":"pa_ilary-2719","41":"pa_ilary-plus-2720","42":"pa_ilary-top-2931","43":"pa_ilary-top-plus-2932","44":"pa_lina-top-2941","45":"pa_lucia-1545","46":"pa_lucia-2651","47":"pa_lucia-plus-2585","48":"pa_marque-extraflame","49":"pa_moira-2589","50":"pa_teodora-evo-2744","51":"pa_teodora-evo-2954","52":"pa_toutes-annees-angela-evo","53":"pa_toutes-annees-angela-plus-evo","54":"pa_toutes-annees-lucia-plus","55":"pa_toutes-annees-angy","56":"pa_toutes-annees-angy-top","57":"pa_toutes-annees-costanza-idro","58":"pa_toutes-annees-costanza-idro-5-0","59":"pa_toutes-annees-ilary","60":"pa_toutes-annees-ilary-plus","61":"pa_toutes-annees-ilary-top","62":"pa_toutes-annees-ilary-top-plus","63":"pa_toutes-annees-lina-top","64":"pa_toutes-annees-lucia","65":"pa_toutes-annees-moira","66":"pa_toutes-annees-teodora-evo","68":"first","69":"instock","70":"taxable","71":"shipping-taxable","72":"purchasable","73":"product-type-simple"},"yoast_head":"<!-- This site is optimized with the Yoast SEO plugin v27.0 - https:\/\/yoast.com\/product\/yoast-seo-wordpress\/ -->\n<title>R\u00e9f 3279689 brasier sans diviseur (\u00e0 partir 2018)<\/title>\n<meta name=\"description\" content=\"Pi\u00e8ce d\u00e9tach\u00e9e : r\u00e9f 3279689 brasier sans diviseur (\u00e0 partir 2018)\" \/>\n<meta name=\"robots\" content=\"index, follow, max-snippet:-1, max-image-preview:large, max-video-preview:-1\" \/>\n<link rel=\"canonical\" href=\"https:\/\/www.stera.fr\/boutique\/pieces-detachees-poeles-a-granules\/ref-3279689-brasier-sans-diviseur-a-partir-2018\/\" \/>\n<meta property=\"og:locale\" content=\"fr_FR\" \/>\n<meta property=\"og:type\" content=\"article\" \/>\n<meta property=\"og:title\" content=\"r\u00e9f 3279689 brasier sans diviseur (\u00e0 partir 2018)\" \/>\n<meta property=\"og:description\" content=\"Pi\u00e8ce d\u00e9tach\u00e9e : r\u00e9f 3279689 brasier sans diviseur (\u00e0 partir 2018)\" \/>\n<meta property=\"og:url\" content=\"https:\/\/www.stera.fr\/boutique\/pieces-detachees-poeles-a-granules\/ref-3279689-brasier-sans-diviseur-a-partir-2018\/\" \/>\n<meta property=\"og:site_name\" content=\"Stera\" \/>\n<meta property=\"article:publisher\" content=\"https:\/\/fr-fr.facebook.com\/Stera.fr\/\" \/>\n<meta property=\"article:modified_time\" content=\"2025-10-03T10:21:32+00:00\" \/>\n<meta name=\"twitter:card\" content=\"summary_large_image\" \/>\n<script type=\"application\/ld+json\" class=\"yoast-schema-graph\">{\"@context\":\"https:\/\/schema.org\",\"@graph\":[{\"@type\":\"WebPage\",\"@id\":\"https:\/\/www.stera.fr\/boutique\/pieces-detachees-poeles-a-granules\/ref-3279689-brasier-sans-diviseur-a-partir-2018\/\",\"url\":\"https:\/\/www.stera.fr\/boutique\/pieces-detachees-poeles-a-granules\/ref-3279689-brasier-sans-diviseur-a-partir-2018\/\",\"name\":\"r\u00e9f 3279689 brasier sans diviseur (\u00e0 partir 2018)\",\"isPartOf\":{\"@id\":\"https:\/\/www.stera.fr\/boutique\/#website\"},\"datePublished\":\"2025-05-05T20:52:02+00:00\",\"dateModified\":\"2025-10-03T10:21:32+00:00\",\"description\":\"Pi\u00e8ce d\u00e9tach\u00e9e : r\u00e9f 3279689 brasier sans diviseur (\u00e0 partir 2018)\",\"breadcrumb\":{\"@id\":\"https:\/\/www.stera.fr\/boutique\/pieces-detachees-poeles-a-granules\/ref-3279689-brasier-sans-diviseur-a-partir-2018\/#breadcrumb\"},\"inLanguage\":\"fr-FR\",\"potentialAction\":[{\"@type\":\"ReadAction\",\"target\":[\"https:\/\/www.stera.fr\/boutique\/pieces-detachees-poeles-a-granules\/ref-3279689-brasier-sans-diviseur-a-partir-2018\/\"]}]},{\"@type\":\"BreadcrumbList\",\"@id\":\"https:\/\/www.stera.fr\/boutique\/pieces-detachees-poeles-a-granules\/ref-3279689-brasier-sans-diviseur-a-partir-2018\/#breadcrumb\",\"itemListElement\":[{\"@type\":\"ListItem\",\"position\":1,\"name\":\"Accueil\",\"item\":\"https:\/\/www.stera.fr\/boutique\/\"},{\"@type\":\"ListItem\",\"position\":2,\"name\":\"Boutique\",\"item\":\"https:\/\/www.stera.fr\/boutique\/pieces-detachees-poeles-a-granules\/\"},{\"@type\":\"ListItem\",\"position\":3,\"name\":\"r\u00e9f 3279689 brasier sans diviseur (\u00e0 partir 2018)\"}]},{\"@type\":\"WebSite\",\"@id\":\"https:\/\/www.stera.fr\/boutique\/#website\",\"url\":\"https:\/\/www.stera.fr\/boutique\/\",\"name\":\"Stera\",\"description\":\"\",\"potentialAction\":[{\"@type\":\"SearchAction\",\"target\":{\"@type\":\"EntryPoint\",\"urlTemplate\":\"https:\/\/www.stera.fr\/boutique\/?s={search_term_string}\"},\"query-input\":{\"@type\":\"PropertyValueSpecification\",\"valueRequired\":true,\"valueName\":\"search_term_string\"}}],\"inLanguage\":\"fr-FR\"}]}<\/script>\n<!-- \/ Yoast SEO plugin. -->","yoast_head_json":{"title":"R\u00e9f 3279689 brasier sans diviseur (\u00e0 partir 2018)","description":"Pi\u00e8ce d\u00e9tach\u00e9e : r\u00e9f 3279689 brasier sans diviseur (\u00e0 partir 2018)","robots":{"index":"index","follow":"follow","max-snippet":"max-snippet:-1","max-image-preview":"max-image-preview:large","max-video-preview":"max-video-preview:-1"},"canonical":"https:\/\/www.stera.fr\/boutique\/pieces-detachees-poeles-a-granules\/ref-3279689-brasier-sans-diviseur-a-partir-2018\/","og_locale":"fr_FR","og_type":"article","og_title":"r\u00e9f 3279689 brasier sans diviseur (\u00e0 partir 2018)","og_description":"Pi\u00e8ce d\u00e9tach\u00e9e : r\u00e9f 3279689 brasier sans diviseur (\u00e0 partir 2018)","og_url":"https:\/\/www.stera.fr\/boutique\/pieces-detachees-poeles-a-granules\/ref-3279689-brasier-sans-diviseur-a-partir-2018\/","og_site_name":"Stera","article_publisher":"https:\/\/fr-fr.facebook.com\/Stera.fr\/","article_modified_time":"2025-10-03T10:21:32+00:00","twitter_card":"summary_large_image","schema":{"@context":"https:\/\/schema.org","@graph":[{"@type":"WebPage","@id":"https:\/\/www.stera.fr\/boutique\/pieces-detachees-poeles-a-granules\/ref-3279689-brasier-sans-diviseur-a-partir-2018\/","url":"https:\/\/www.stera.fr\/boutique\/pieces-detachees-poeles-a-granules\/ref-3279689-brasier-sans-diviseur-a-partir-2018\/","name":"r\u00e9f 3279689 brasier sans diviseur (\u00e0 partir 2018)","isPartOf":{"@id":"https:\/\/www.stera.fr\/boutique\/#website"},"datePublished":"2025-05-05T20:52:02+00:00","dateModified":"2025-10-03T10:21:32+00:00","description":"Pi\u00e8ce d\u00e9tach\u00e9e : r\u00e9f 3279689 brasier sans diviseur (\u00e0 partir 2018)","breadcrumb":{"@id":"https:\/\/www.stera.fr\/boutique\/pieces-detachees-poeles-a-granules\/ref-3279689-brasier-sans-diviseur-a-partir-2018\/#breadcrumb"},"inLanguage":"fr-FR","potentialAction":[{"@type":"ReadAction","target":["https:\/\/www.stera.fr\/boutique\/pieces-detachees-poeles-a-granules\/ref-3279689-brasier-sans-diviseur-a-partir-2018\/"]}]},{"@type":"BreadcrumbList","@id":"https:\/\/www.stera.fr\/boutique\/pieces-detachees-poeles-a-granules\/ref-3279689-brasier-sans-diviseur-a-partir-2018\/#breadcrumb","itemListElement":[{"@type":"ListItem","position":1,"name":"Accueil","item":"https:\/\/www.stera.fr\/boutique\/"},{"@type":"ListItem","position":2,"name":"Boutique","item":"https:\/\/www.stera.fr\/boutique\/pieces-detachees-poeles-a-granules\/"},{"@type":"ListItem","position":3,"name":"r\u00e9f 3279689 brasier sans diviseur (\u00e0 partir 2018)"}]},{"@type":"WebSite","@id":"https:\/\/www.stera.fr\/boutique\/#website","url":"https:\/\/www.stera.fr\/boutique\/","name":"Stera","description":"","potentialAction":[{"@type":"SearchAction","target":{"@type":"EntryPoint","urlTemplate":"https:\/\/www.stera.fr\/boutique\/?s={search_term_string}"},"query-input":{"@type":"PropertyValueSpecification","valueRequired":true,"valueName":"search_term_string"}}],"inLanguage":"fr-FR"}]}},"_links":{"self":[{"href":"https:\/\/www.stera.fr\/boutique\/wp-json\/wp\/v2\/product\/8681","targetHints":{"allow":["GET"]}}],"collection":[{"href":"https:\/\/www.stera.fr\/boutique\/wp-json\/wp\/v2\/product"}],"about":[{"href":"https:\/\/www.stera.fr\/boutique\/wp-json\/wp\/v2\/types\/product"}],"replies":[{"embeddable":true,"href":"https:\/\/www.stera.fr\/boutique\/wp-json\/wp\/v2\/comments?post=8681"}],"wp:attachment":[{"href":"https:\/\/www.stera.fr\/boutique\/wp-json\/wp\/v2\/media?parent=8681"}],"wp:term":[{"taxonomy":"product_brand","embeddable":true,"href":"https:\/\/www.stera.fr\/boutique\/wp-json\/wp\/v2\/product_brand?post=8681"},{"taxonomy":"product_cat","embeddable":true,"href":"https:\/\/www.stera.fr\/boutique\/wp-json\/wp\/v2\/product_cat?post=8681"},{"taxonomy":"product_tag","embeddable":true,"href":"https:\/\/www.stera.fr\/boutique\/wp-json\/wp\/v2\/product_tag?post=8681"}],"curies":[{"name":"wp","href":"https:\/\/api.w.org\/{rel}","templated":true}]}}

réf 3279689 brasier sans diviseur (à partir 2018)

<p>réf 3279689 brasier sans diviseur (à partir 2018)</p>

<!-- This site is optimized with the Yoast SEO plugin v27.0 - https://yoast.com/product/yoast-seo-wordpress/ -->
<title>Réf 3279689 brasier sans diviseur (à partir 2018)</title>
<meta name="description" content="Pièce détachée : réf 3279689 brasier sans diviseur (à partir 2018)" />
<meta name="robots" content="index, follow, max-snippet:-1, max-image-preview:large, max-video-preview:-1" />
<link rel="canonical" href="https://www.stera.fr/boutique/pieces-detachees-poeles-a-granules/ref-3279689-brasier-sans-diviseur-a-partir-2018/" />
<meta property="og:locale" content="fr_FR" />
<meta property="og:type" content="article" />
<meta property="og:title" content="réf 3279689 brasier sans diviseur (à partir 2018)" />
<meta property="og:description" content="Pièce détachée : réf 3279689 brasier sans diviseur (à partir 2018)" />
<meta property="og:url" content="https://www.stera.fr/boutique/pieces-detachees-poeles-a-granules/ref-3279689-brasier-sans-diviseur-a-partir-2018/" />
<meta property="og:site_name" content="Stera" />
<meta property="article:publisher" content="https://fr-fr.facebook.com/Stera.fr/" />
<meta property="article:modified_time" content="2025-10-03T10:21:32+00:00" />
<meta name="twitter:card" content="summary_large_image" />
<script type="application/ld+json" class="yoast-schema-graph">{"@context":"https://schema.org","@graph":[{"@type":"WebPage","@id":"https://www.stera.fr/boutique/pieces-detachees-poeles-a-granules/ref-3279689-brasier-sans-diviseur-a-partir-2018/","url":"https://www.stera.fr/boutique/pieces-detachees-poeles-a-granules/ref-3279689-brasier-sans-diviseur-a-partir-2018/","name":"réf 3279689 brasier sans diviseur (à partir 2018)","isPartOf":{"@id":"https://www.stera.fr/boutique/#website"},"datePublished":"2025-05-05T20:52:02+00:00","dateModified":"2025-10-03T10:21:32+00:00","description":"Pièce détachée : réf 3279689 brasier sans diviseur (à partir 2018)","breadcrumb":{"@id":"https://www.stera.fr/boutique/pieces-detachees-poeles-a-granules/ref-3279689-brasier-sans-diviseur-a-partir-2018/#breadcrumb"},"inLanguage":"fr-FR","potentialAction":[{"@type":"ReadAction","target":["https://www.stera.fr/boutique/pieces-detachees-poeles-a-granules/ref-3279689-brasier-sans-diviseur-a-partir-2018/"]}]},{"@type":"BreadcrumbList","@id":"https://www.stera.fr/boutique/pieces-detachees-poeles-a-granules/ref-3279689-brasier-sans-diviseur-a-partir-2018/#breadcrumb","itemListElement":[{"@type":"ListItem","position":1,"name":"Accueil","item":"https://www.stera.fr/boutique/"},{"@type":"ListItem","position":2,"name":"Boutique","item":"https://www.stera.fr/boutique/pieces-detachees-poeles-a-granules/"},{"@type":"ListItem","position":3,"name":"réf 3279689 brasier sans diviseur (à partir 2018)"}]},{"@type":"WebSite","@id":"https://www.stera.fr/boutique/#website","url":"https://www.stera.fr/boutique/","name":"Stera","description":"","potentialAction":[{"@type":"SearchAction","target":{"@type":"EntryPoint","urlTemplate":"https://www.stera.fr/boutique/?s={search_term_string}"},"query-input":{"@type":"PropertyValueSpecification","valueRequired":true,"valueName":"search_term_string"}}],"inLanguage":"fr-FR"}]}</script>
<!-- / Yoast SEO plugin. -->

Réf 3279689 brasier sans diviseur (à partir 2018)

Pièce détachée : réf 3279689 brasier sans diviseur (à partir 2018)
