
{"id":8694,"date":"2025-05-05T20:51:47","date_gmt":"2025-05-05T20:51:47","guid":{"rendered":"https:\/\/www.stera.fr\/boutique\/pieces-detachees-poeles-a-granules\/ref-3279316-pare-flamme-noir\/"},"modified":"2025-10-03T10:21:36","modified_gmt":"2025-10-03T10:21:36","slug":"ref-3279316-pare-flamme-noir","status":"publish","type":"product","link":"https:\/\/www.stera.fr\/boutique\/pieces-detachees-poeles-a-granules\/ref-3279316-pare-flamme-noir\/","title":{"rendered":"r\u00e9f 3279316 pare-flamme noir"},"content":{"rendered":"<p>r\u00e9f 3279316 pare-flamme noir<\/p>\n","protected":false},"excerpt":{"rendered":"<p>r\u00e9f 3279316 pare-flamme noir<\/p>\n","protected":false},"featured_media":9613,"comment_status":"closed","ping_status":"open","template":"","meta":[],"product_brand":[],"product_cat":[705],"product_tag":[],"class_list":{"0":"post-8694","1":"product","2":"type-product","3":"status-publish","4":"has-post-thumbnail","6":"product_cat-brasier","7":"product_shipping_class-1000-e","8":"pa_2017-angela","9":"pa_2017-angela-plus","10":"pa_2017-moira","11":"pa_2018-angela-plus-sp","12":"pa_2018-angela-sp","13":"pa_2018-lucia","14":"pa_2018-moira-sp","15":"pa_2019-amika","16":"pa_2019-debby-cx","17":"pa_2019-lucia-plus","18":"pa_2020-angela-evo","19":"pa_2020-angela-plus-evo","20":"pa_2020-debby","21":"pa_2020-moira","22":"pa_2021-amika","23":"pa_2021-lucia","24":"pa_2021-debby","25":"pa_2021-debby-cx","26":"pa_2021-pamela","27":"pa_2022-amika","28":"pa_2022-angela-evo","29":"pa_2022-angela-plus-evo","30":"pa_2022-angy","31":"pa_2022-debby","32":"pa_2022-debby-cx","33":"pa_2022-ilary","34":"pa_2022-ilary-plus","35":"pa_2022-pamela","36":"pa_2023-angy-top","37":"pa_2023-ilary-top","38":"pa_2023-ilary-top-plus","39":"pa_2023-lina-top","40":"pa_2024-amika","41":"pa_2024-debby","42":"pa_amika-2600","43":"pa_amika-2640","44":"pa_amika-2641","45":"pa_amika-2871","46":"pa_angela-2183","47":"pa_angela-evo-2596","48":"pa_angela-evo-2643","49":"pa_angela-plus-2184","50":"pa_angela-plus-evo-2597","51":"pa_angela-plus-evo-2644","52":"pa_angela-plus-sp-2187","53":"pa_angela-sp-2186","54":"pa_angy-2645","55":"pa_angy-top-2908","56":"pa_debby-2604","57":"pa_debby-2797","58":"pa_debby-2714","59":"pa_debby-2922","60":"pa_debby-cx-2605","61":"pa_debby-cx-2715","62":"pa_debby-cx-2716","63":"pa_ilary-2719","64":"pa_ilary-plus-2720","65":"pa_ilary-top-2931","66":"pa_ilary-top-plus-2932","67":"pa_lina-top-2941","68":"pa_lucia-1545","69":"pa_lucia-2651","70":"pa_lucia-plus-2585","71":"pa_marque-extraflame","72":"pa_moira-2589","73":"pa_moira-2185","74":"pa_moira-sp-2188","75":"pa_pamela-2736","76":"pa_pamela-2737","77":"pa_toutes-annees-amika","78":"pa_toutes-annees-angela-evo","79":"pa_toutes-annees-angela-plus-evo","80":"pa_toutes-annees-debby","81":"pa_toutes-annees-debby-cx","82":"pa_toutes-annees-lucia-plus","83":"pa_toutes-annees-angela","84":"pa_toutes-annees-angela-plus","85":"pa_toutes-annees-angela-plus-sp","86":"pa_toutes-annees-angela-sp","87":"pa_toutes-annees-angy","88":"pa_toutes-annees-angy-top","89":"pa_toutes-annees-ilary","90":"pa_toutes-annees-ilary-plus","91":"pa_toutes-annees-ilary-top","92":"pa_toutes-annees-ilary-top-plus","93":"pa_toutes-annees-lina-top","94":"pa_toutes-annees-lucia","95":"pa_toutes-annees-moira","96":"pa_toutes-annees-moira-sp","97":"pa_toutes-annees-pamela","99":"first","100":"instock","101":"taxable","102":"shipping-taxable","103":"purchasable","104":"product-type-simple"},"yoast_head":"<!-- This site is optimized with the Yoast SEO plugin v27.0 - https:\/\/yoast.com\/product\/yoast-seo-wordpress\/ -->\n<title>R\u00e9f 3279316 pare-flamme noir<\/title>\n<meta name=\"description\" content=\"Pi\u00e8ce d\u00e9tach\u00e9e : r\u00e9f 3279316 pare-flamme noir\" \/>\n<meta name=\"robots\" content=\"index, follow, max-snippet:-1, max-image-preview:large, max-video-preview:-1\" \/>\n<link rel=\"canonical\" href=\"https:\/\/www.stera.fr\/boutique\/pieces-detachees-poeles-a-granules\/ref-3279316-pare-flamme-noir\/\" \/>\n<meta property=\"og:locale\" content=\"fr_FR\" \/>\n<meta property=\"og:type\" content=\"article\" \/>\n<meta property=\"og:title\" content=\"r\u00e9f 3279316 pare-flamme noir\" \/>\n<meta property=\"og:description\" content=\"Pi\u00e8ce d\u00e9tach\u00e9e : r\u00e9f 3279316 pare-flamme noir\" \/>\n<meta property=\"og:url\" content=\"https:\/\/www.stera.fr\/boutique\/pieces-detachees-poeles-a-granules\/ref-3279316-pare-flamme-noir\/\" \/>\n<meta property=\"og:site_name\" content=\"Stera\" \/>\n<meta property=\"article:publisher\" content=\"https:\/\/fr-fr.facebook.com\/Stera.fr\/\" \/>\n<meta property=\"article:modified_time\" content=\"2025-10-03T10:21:36+00:00\" \/>\n<meta property=\"og:image\" content=\"https:\/\/www.stera.fr\/boutique\/wp-content\/uploads\/2021\/03\/3279316-scaled.jpg\" \/>\n\t<meta property=\"og:image:width\" content=\"1920\" \/>\n\t<meta property=\"og:image:height\" content=\"2560\" \/>\n\t<meta property=\"og:image:type\" content=\"image\/jpeg\" \/>\n<meta name=\"twitter:card\" content=\"summary_large_image\" \/>\n<script type=\"application\/ld+json\" class=\"yoast-schema-graph\">{\"@context\":\"https:\/\/schema.org\",\"@graph\":[{\"@type\":\"WebPage\",\"@id\":\"https:\/\/www.stera.fr\/boutique\/pieces-detachees-poeles-a-granules\/ref-3279316-pare-flamme-noir\/\",\"url\":\"https:\/\/www.stera.fr\/boutique\/pieces-detachees-poeles-a-granules\/ref-3279316-pare-flamme-noir\/\",\"name\":\"r\u00e9f 3279316 pare-flamme noir\",\"isPartOf\":{\"@id\":\"https:\/\/www.stera.fr\/boutique\/#website\"},\"primaryImageOfPage\":{\"@id\":\"https:\/\/www.stera.fr\/boutique\/pieces-detachees-poeles-a-granules\/ref-3279316-pare-flamme-noir\/#primaryimage\"},\"image\":{\"@id\":\"https:\/\/www.stera.fr\/boutique\/pieces-detachees-poeles-a-granules\/ref-3279316-pare-flamme-noir\/#primaryimage\"},\"thumbnailUrl\":\"https:\/\/www.stera.fr\/boutique\/wp-content\/uploads\/2021\/03\/3279316-scaled.jpg\",\"datePublished\":\"2025-05-05T20:51:47+00:00\",\"dateModified\":\"2025-10-03T10:21:36+00:00\",\"description\":\"Pi\u00e8ce d\u00e9tach\u00e9e : r\u00e9f 3279316 pare-flamme noir\",\"breadcrumb\":{\"@id\":\"https:\/\/www.stera.fr\/boutique\/pieces-detachees-poeles-a-granules\/ref-3279316-pare-flamme-noir\/#breadcrumb\"},\"inLanguage\":\"fr-FR\",\"potentialAction\":[{\"@type\":\"ReadAction\",\"target\":[\"https:\/\/www.stera.fr\/boutique\/pieces-detachees-poeles-a-granules\/ref-3279316-pare-flamme-noir\/\"]}]},{\"@type\":\"ImageObject\",\"inLanguage\":\"fr-FR\",\"@id\":\"https:\/\/www.stera.fr\/boutique\/pieces-detachees-poeles-a-granules\/ref-3279316-pare-flamme-noir\/#primaryimage\",\"url\":\"https:\/\/www.stera.fr\/boutique\/wp-content\/uploads\/2021\/03\/3279316-scaled.jpg\",\"contentUrl\":\"https:\/\/www.stera.fr\/boutique\/wp-content\/uploads\/2021\/03\/3279316-scaled.jpg\",\"width\":1920,\"height\":2560},{\"@type\":\"BreadcrumbList\",\"@id\":\"https:\/\/www.stera.fr\/boutique\/pieces-detachees-poeles-a-granules\/ref-3279316-pare-flamme-noir\/#breadcrumb\",\"itemListElement\":[{\"@type\":\"ListItem\",\"position\":1,\"name\":\"Accueil\",\"item\":\"https:\/\/www.stera.fr\/boutique\/\"},{\"@type\":\"ListItem\",\"position\":2,\"name\":\"Boutique\",\"item\":\"https:\/\/www.stera.fr\/boutique\/pieces-detachees-poeles-a-granules\/\"},{\"@type\":\"ListItem\",\"position\":3,\"name\":\"r\u00e9f 3279316 pare-flamme noir\"}]},{\"@type\":\"WebSite\",\"@id\":\"https:\/\/www.stera.fr\/boutique\/#website\",\"url\":\"https:\/\/www.stera.fr\/boutique\/\",\"name\":\"Stera\",\"description\":\"\",\"potentialAction\":[{\"@type\":\"SearchAction\",\"target\":{\"@type\":\"EntryPoint\",\"urlTemplate\":\"https:\/\/www.stera.fr\/boutique\/?s={search_term_string}\"},\"query-input\":{\"@type\":\"PropertyValueSpecification\",\"valueRequired\":true,\"valueName\":\"search_term_string\"}}],\"inLanguage\":\"fr-FR\"}]}<\/script>\n<!-- \/ Yoast SEO plugin. -->","yoast_head_json":{"title":"R\u00e9f 3279316 pare-flamme noir","description":"Pi\u00e8ce d\u00e9tach\u00e9e : r\u00e9f 3279316 pare-flamme noir","robots":{"index":"index","follow":"follow","max-snippet":"max-snippet:-1","max-image-preview":"max-image-preview:large","max-video-preview":"max-video-preview:-1"},"canonical":"https:\/\/www.stera.fr\/boutique\/pieces-detachees-poeles-a-granules\/ref-3279316-pare-flamme-noir\/","og_locale":"fr_FR","og_type":"article","og_title":"r\u00e9f 3279316 pare-flamme noir","og_description":"Pi\u00e8ce d\u00e9tach\u00e9e : r\u00e9f 3279316 pare-flamme noir","og_url":"https:\/\/www.stera.fr\/boutique\/pieces-detachees-poeles-a-granules\/ref-3279316-pare-flamme-noir\/","og_site_name":"Stera","article_publisher":"https:\/\/fr-fr.facebook.com\/Stera.fr\/","article_modified_time":"2025-10-03T10:21:36+00:00","og_image":[{"width":1920,"height":2560,"url":"https:\/\/www.stera.fr\/boutique\/wp-content\/uploads\/2021\/03\/3279316-scaled.jpg","type":"image\/jpeg"}],"twitter_card":"summary_large_image","schema":{"@context":"https:\/\/schema.org","@graph":[{"@type":"WebPage","@id":"https:\/\/www.stera.fr\/boutique\/pieces-detachees-poeles-a-granules\/ref-3279316-pare-flamme-noir\/","url":"https:\/\/www.stera.fr\/boutique\/pieces-detachees-poeles-a-granules\/ref-3279316-pare-flamme-noir\/","name":"r\u00e9f 3279316 pare-flamme noir","isPartOf":{"@id":"https:\/\/www.stera.fr\/boutique\/#website"},"primaryImageOfPage":{"@id":"https:\/\/www.stera.fr\/boutique\/pieces-detachees-poeles-a-granules\/ref-3279316-pare-flamme-noir\/#primaryimage"},"image":{"@id":"https:\/\/www.stera.fr\/boutique\/pieces-detachees-poeles-a-granules\/ref-3279316-pare-flamme-noir\/#primaryimage"},"thumbnailUrl":"https:\/\/www.stera.fr\/boutique\/wp-content\/uploads\/2021\/03\/3279316-scaled.jpg","datePublished":"2025-05-05T20:51:47+00:00","dateModified":"2025-10-03T10:21:36+00:00","description":"Pi\u00e8ce d\u00e9tach\u00e9e : r\u00e9f 3279316 pare-flamme noir","breadcrumb":{"@id":"https:\/\/www.stera.fr\/boutique\/pieces-detachees-poeles-a-granules\/ref-3279316-pare-flamme-noir\/#breadcrumb"},"inLanguage":"fr-FR","potentialAction":[{"@type":"ReadAction","target":["https:\/\/www.stera.fr\/boutique\/pieces-detachees-poeles-a-granules\/ref-3279316-pare-flamme-noir\/"]}]},{"@type":"ImageObject","inLanguage":"fr-FR","@id":"https:\/\/www.stera.fr\/boutique\/pieces-detachees-poeles-a-granules\/ref-3279316-pare-flamme-noir\/#primaryimage","url":"https:\/\/www.stera.fr\/boutique\/wp-content\/uploads\/2021\/03\/3279316-scaled.jpg","contentUrl":"https:\/\/www.stera.fr\/boutique\/wp-content\/uploads\/2021\/03\/3279316-scaled.jpg","width":1920,"height":2560},{"@type":"BreadcrumbList","@id":"https:\/\/www.stera.fr\/boutique\/pieces-detachees-poeles-a-granules\/ref-3279316-pare-flamme-noir\/#breadcrumb","itemListElement":[{"@type":"ListItem","position":1,"name":"Accueil","item":"https:\/\/www.stera.fr\/boutique\/"},{"@type":"ListItem","position":2,"name":"Boutique","item":"https:\/\/www.stera.fr\/boutique\/pieces-detachees-poeles-a-granules\/"},{"@type":"ListItem","position":3,"name":"r\u00e9f 3279316 pare-flamme noir"}]},{"@type":"WebSite","@id":"https:\/\/www.stera.fr\/boutique\/#website","url":"https:\/\/www.stera.fr\/boutique\/","name":"Stera","description":"","potentialAction":[{"@type":"SearchAction","target":{"@type":"EntryPoint","urlTemplate":"https:\/\/www.stera.fr\/boutique\/?s={search_term_string}"},"query-input":{"@type":"PropertyValueSpecification","valueRequired":true,"valueName":"search_term_string"}}],"inLanguage":"fr-FR"}]}},"_links":{"self":[{"href":"https:\/\/www.stera.fr\/boutique\/wp-json\/wp\/v2\/product\/8694","targetHints":{"allow":["GET"]}}],"collection":[{"href":"https:\/\/www.stera.fr\/boutique\/wp-json\/wp\/v2\/product"}],"about":[{"href":"https:\/\/www.stera.fr\/boutique\/wp-json\/wp\/v2\/types\/product"}],"replies":[{"embeddable":true,"href":"https:\/\/www.stera.fr\/boutique\/wp-json\/wp\/v2\/comments?post=8694"}],"wp:featuredmedia":[{"embeddable":true,"href":"https:\/\/www.stera.fr\/boutique\/wp-json\/wp\/v2\/media\/9613"}],"wp:attachment":[{"href":"https:\/\/www.stera.fr\/boutique\/wp-json\/wp\/v2\/media?parent=8694"}],"wp:term":[{"taxonomy":"product_brand","embeddable":true,"href":"https:\/\/www.stera.fr\/boutique\/wp-json\/wp\/v2\/product_brand?post=8694"},{"taxonomy":"product_cat","embeddable":true,"href":"https:\/\/www.stera.fr\/boutique\/wp-json\/wp\/v2\/product_cat?post=8694"},{"taxonomy":"product_tag","embeddable":true,"href":"https:\/\/www.stera.fr\/boutique\/wp-json\/wp\/v2\/product_tag?post=8694"}],"curies":[{"name":"wp","href":"https:\/\/api.w.org\/{rel}","templated":true}]}}

réf 3279316 pare-flamme noir

<p>réf 3279316 pare-flamme noir</p>

<!-- This site is optimized with the Yoast SEO plugin v27.0 - https://yoast.com/product/yoast-seo-wordpress/ -->
<title>Réf 3279316 pare-flamme noir</title>
<meta name="description" content="Pièce détachée : réf 3279316 pare-flamme noir" />
<meta name="robots" content="index, follow, max-snippet:-1, max-image-preview:large, max-video-preview:-1" />
<link rel="canonical" href="https://www.stera.fr/boutique/pieces-detachees-poeles-a-granules/ref-3279316-pare-flamme-noir/" />
<meta property="og:locale" content="fr_FR" />
<meta property="og:type" content="article" />
<meta property="og:title" content="réf 3279316 pare-flamme noir" />
<meta property="og:description" content="Pièce détachée : réf 3279316 pare-flamme noir" />
<meta property="og:url" content="https://www.stera.fr/boutique/pieces-detachees-poeles-a-granules/ref-3279316-pare-flamme-noir/" />
<meta property="og:site_name" content="Stera" />
<meta property="article:publisher" content="https://fr-fr.facebook.com/Stera.fr/" />
<meta property="article:modified_time" content="2025-10-03T10:21:36+00:00" />
<meta property="og:image" content="https://www.stera.fr/boutique/wp-content/uploads/2021/03/3279316-scaled.jpg" />
	<meta property="og:image:width" content="1920" />
	<meta property="og:image:height" content="2560" />
	<meta property="og:image:type" content="image/jpeg" />
<meta name="twitter:card" content="summary_large_image" />
<script type="application/ld+json" class="yoast-schema-graph">{"@context":"https://schema.org","@graph":[{"@type":"WebPage","@id":"https://www.stera.fr/boutique/pieces-detachees-poeles-a-granules/ref-3279316-pare-flamme-noir/","url":"https://www.stera.fr/boutique/pieces-detachees-poeles-a-granules/ref-3279316-pare-flamme-noir/","name":"réf 3279316 pare-flamme noir","isPartOf":{"@id":"https://www.stera.fr/boutique/#website"},"primaryImageOfPage":{"@id":"https://www.stera.fr/boutique/pieces-detachees-poeles-a-granules/ref-3279316-pare-flamme-noir/#primaryimage"},"image":{"@id":"https://www.stera.fr/boutique/pieces-detachees-poeles-a-granules/ref-3279316-pare-flamme-noir/#primaryimage"},"thumbnailUrl":"https://www.stera.fr/boutique/wp-content/uploads/2021/03/3279316-scaled.jpg","datePublished":"2025-05-05T20:51:47+00:00","dateModified":"2025-10-03T10:21:36+00:00","description":"Pièce détachée : réf 3279316 pare-flamme noir","breadcrumb":{"@id":"https://www.stera.fr/boutique/pieces-detachees-poeles-a-granules/ref-3279316-pare-flamme-noir/#breadcrumb"},"inLanguage":"fr-FR","potentialAction":[{"@type":"ReadAction","target":["https://www.stera.fr/boutique/pieces-detachees-poeles-a-granules/ref-3279316-pare-flamme-noir/"]}]},{"@type":"ImageObject","inLanguage":"fr-FR","@id":"https://www.stera.fr/boutique/pieces-detachees-poeles-a-granules/ref-3279316-pare-flamme-noir/#primaryimage","url":"https://www.stera.fr/boutique/wp-content/uploads/2021/03/3279316-scaled.jpg","contentUrl":"https://www.stera.fr/boutique/wp-content/uploads/2021/03/3279316-scaled.jpg","width":1920,"height":2560},{"@type":"BreadcrumbList","@id":"https://www.stera.fr/boutique/pieces-detachees-poeles-a-granules/ref-3279316-pare-flamme-noir/#breadcrumb","itemListElement":[{"@type":"ListItem","position":1,"name":"Accueil","item":"https://www.stera.fr/boutique/"},{"@type":"ListItem","position":2,"name":"Boutique","item":"https://www.stera.fr/boutique/pieces-detachees-poeles-a-granules/"},{"@type":"ListItem","position":3,"name":"réf 3279316 pare-flamme noir"}]},{"@type":"WebSite","@id":"https://www.stera.fr/boutique/#website","url":"https://www.stera.fr/boutique/","name":"Stera","description":"","potentialAction":[{"@type":"SearchAction","target":{"@type":"EntryPoint","urlTemplate":"https://www.stera.fr/boutique/?s={search_term_string}"},"query-input":{"@type":"PropertyValueSpecification","valueRequired":true,"valueName":"search_term_string"}}],"inLanguage":"fr-FR"}]}</script>
<!-- / Yoast SEO plugin. -->

Réf 3279316 pare-flamme noir

Pièce détachée : réf 3279316 pare-flamme noir
