
{"id":8717,"date":"2025-05-05T20:41:22","date_gmt":"2025-05-05T20:41:22","guid":{"rendered":"https:\/\/www.stera.fr\/boutique\/pieces-detachees-poeles-a-granules\/ref-2271105-motoreducteur-vis-sans-fin\/"},"modified":"2025-10-03T14:52:27","modified_gmt":"2025-10-03T14:52:27","slug":"ref-2271105-motoreducteur-jusquen-2021","status":"publish","type":"product","link":"https:\/\/www.stera.fr\/boutique\/pieces-detachees-poeles-a-granules\/ref-2271105-motoreducteur-jusquen-2021\/","title":{"rendered":"r\u00e9f 2271105 motor\u00e9ducteur (jusqu&rsquo;en 2021)"},"content":{"rendered":"<p>r\u00e9f 2271105 motor\u00e9ducteur (jusqu&rsquo;en 2021)<\/p>\n","protected":false},"excerpt":{"rendered":"<p>r\u00e9f 2271105 motor\u00e9ducteur (jusqu&rsquo;en 2021)<\/p>\n","protected":false},"featured_media":9566,"comment_status":"closed","ping_status":"open","template":"","meta":[],"product_brand":[],"product_cat":[716],"product_tag":[],"class_list":{"0":"post-8717","1":"product","2":"type-product","3":"status-publish","4":"has-post-thumbnail","6":"product_cat-motoreducteur","7":"product_shipping_class-1500-e","8":"pa_2014-hp22","9":"pa_2014-hp30","10":"pa_2016-comfort-idro-l80","11":"pa_2016-evelyne-idro","12":"pa_2016-fiandra-idro","13":"pa_2016-hp22","14":"pa_2016-hp30","15":"pa_2017-comfort-idro-l80","16":"pa_2017-evelyne-idro","17":"pa_2017-fiandra-idro","18":"pa_2017-hp22-evo","19":"pa_2017-hp30-evo","20":"pa_2017-virna-idro","21":"pa_2018-comfort-idro-l80","22":"pa_2018-costanza-idro","23":"pa_2018-evelyne-idro","24":"pa_2018-hp22-evo","25":"pa_2018-hp30-evo","26":"pa_2018-virna-idro","27":"pa_2019-amika","28":"pa_2019-comfort-p70-air","29":"pa_2019-comfort-p85","30":"pa_2019-comfort-p85-plus","31":"pa_2019-debby-cx","32":"pa_2020-debby","33":"pa_2021-comfort-p70-air","34":"pa_2021-comfort-p85","35":"pa_2021-comfort-p85-plus","36":"pa_2021-costanza-idro","37":"pa_2021-debby-cx","38":"pa_2022-costanza-idro","39":"pa_2022-diadema-idro-evo","40":"pa_2022-fiandra-idro","41":"pa_2023-costanza-idro","42":"pa_amika-2600","43":"pa_comfort-idro-l80-2582","44":"pa_comfort-idro-l80-2583","45":"pa_comfort-idro-l80-2584","46":"pa_comfort-p70-air-2601","47":"pa_comfort-p70-air-2791","48":"pa_comfort-p85-2602","49":"pa_comfort-p85-2793","50":"pa_comfort-p85-plus-2603","51":"pa_comfort-p85-plus-2795","52":"pa_costanza-idro-1544","53":"pa_costanza-idro-2914","54":"pa_costanza-idro-2915","55":"pa_costanza-idro-2916","56":"pa_debby-2604","57":"pa_debby-cx-2605","58":"pa_debby-cx-2715","59":"pa_diadema-idro-evo-2857","60":"pa_evelyne-idro-2172","61":"pa_evelyne-idro-2173","62":"pa_evelyne-idro-2174","63":"pa_fiandra-idro-2314","64":"pa_fiandra-idro-2315","65":"pa_fiandra-idro-2859","66":"pa_hp22-1526","67":"pa_hp22-1527","68":"pa_hp22-evo-1538","69":"pa_hp22-evo-1539","70":"pa_hp30-1528","71":"pa_hp30-1529","72":"pa_hp30-evo-1540","73":"pa_hp30-evo-1541","74":"pa_marque-extraflame","75":"pa_toutes-annees-amika","76":"pa_toutes-annees-comfort-idro-l80","77":"pa_toutes-annees-comfort-p70-air","78":"pa_toutes-annees-comfort-p85","79":"pa_toutes-annees-comfort-p85-plus","80":"pa_toutes-annees-debby","81":"pa_toutes-annees-debby-cx","82":"pa_toutes-annees-costanza-idro","83":"pa_toutes-annees-diadema-idro-evo","84":"pa_toutes-annees-evelyne-idro","85":"pa_toutes-annees-fiandra-idro","86":"pa_toutes-annees-hp22","87":"pa_toutes-annees-hp22-evo","88":"pa_toutes-annees-hp30","89":"pa_toutes-annees-hp30-evo","90":"pa_toutes-annees-virna-idro","91":"pa_virna-idro-2120","92":"pa_virna-idro-2121","94":"first","95":"instock","96":"taxable","97":"shipping-taxable","98":"purchasable","99":"product-type-simple"},"yoast_head":"<!-- This site is optimized with the Yoast SEO plugin v27.0 - https:\/\/yoast.com\/product\/yoast-seo-wordpress\/ -->\n<title>R\u00e9f 2271105 motor\u00e9ducteur (jusqu&#039;en 2021)<\/title>\n<meta name=\"description\" content=\"Pi\u00e8ce d\u00e9tach\u00e9e : r\u00e9f 2271105 motor\u00e9ducteur (jusqu&#039;en 2021)\" \/>\n<meta name=\"robots\" content=\"index, follow, max-snippet:-1, max-image-preview:large, max-video-preview:-1\" \/>\n<link rel=\"canonical\" href=\"https:\/\/www.stera.fr\/boutique\/pieces-detachees-poeles-a-granules\/ref-2271105-motoreducteur-jusquen-2021\/\" \/>\n<meta property=\"og:locale\" content=\"fr_FR\" \/>\n<meta property=\"og:type\" content=\"article\" \/>\n<meta property=\"og:title\" content=\"r\u00e9f 2271105 motor\u00e9ducteur (jusqu&#039;en 2021)\" \/>\n<meta property=\"og:description\" content=\"Pi\u00e8ce d\u00e9tach\u00e9e : r\u00e9f 2271105 motor\u00e9ducteur (jusqu&#039;en 2021)\" \/>\n<meta property=\"og:url\" content=\"https:\/\/www.stera.fr\/boutique\/pieces-detachees-poeles-a-granules\/ref-2271105-motoreducteur-jusquen-2021\/\" \/>\n<meta property=\"og:site_name\" content=\"Stera\" \/>\n<meta property=\"article:publisher\" content=\"https:\/\/fr-fr.facebook.com\/Stera.fr\/\" \/>\n<meta property=\"article:modified_time\" content=\"2025-10-03T14:52:27+00:00\" \/>\n<meta property=\"og:image\" content=\"https:\/\/www.stera.fr\/boutique\/wp-content\/uploads\/2021\/03\/2271105-scaled.jpg\" \/>\n\t<meta property=\"og:image:width\" content=\"1920\" \/>\n\t<meta property=\"og:image:height\" content=\"2560\" \/>\n\t<meta property=\"og:image:type\" content=\"image\/jpeg\" \/>\n<meta name=\"twitter:card\" content=\"summary_large_image\" \/>\n<script type=\"application\/ld+json\" class=\"yoast-schema-graph\">{\"@context\":\"https:\/\/schema.org\",\"@graph\":[{\"@type\":\"WebPage\",\"@id\":\"https:\/\/www.stera.fr\/boutique\/pieces-detachees-poeles-a-granules\/ref-2271105-motoreducteur-jusquen-2021\/\",\"url\":\"https:\/\/www.stera.fr\/boutique\/pieces-detachees-poeles-a-granules\/ref-2271105-motoreducteur-jusquen-2021\/\",\"name\":\"r\u00e9f 2271105 motor\u00e9ducteur (jusqu'en 2021)\",\"isPartOf\":{\"@id\":\"https:\/\/www.stera.fr\/boutique\/#website\"},\"primaryImageOfPage\":{\"@id\":\"https:\/\/www.stera.fr\/boutique\/pieces-detachees-poeles-a-granules\/ref-2271105-motoreducteur-jusquen-2021\/#primaryimage\"},\"image\":{\"@id\":\"https:\/\/www.stera.fr\/boutique\/pieces-detachees-poeles-a-granules\/ref-2271105-motoreducteur-jusquen-2021\/#primaryimage\"},\"thumbnailUrl\":\"https:\/\/www.stera.fr\/boutique\/wp-content\/uploads\/2021\/03\/2271105-scaled.jpg\",\"datePublished\":\"2025-05-05T20:41:22+00:00\",\"dateModified\":\"2025-10-03T14:52:27+00:00\",\"description\":\"Pi\u00e8ce d\u00e9tach\u00e9e : r\u00e9f 2271105 motor\u00e9ducteur (jusqu'en 2021)\",\"breadcrumb\":{\"@id\":\"https:\/\/www.stera.fr\/boutique\/pieces-detachees-poeles-a-granules\/ref-2271105-motoreducteur-jusquen-2021\/#breadcrumb\"},\"inLanguage\":\"fr-FR\",\"potentialAction\":[{\"@type\":\"ReadAction\",\"target\":[\"https:\/\/www.stera.fr\/boutique\/pieces-detachees-poeles-a-granules\/ref-2271105-motoreducteur-jusquen-2021\/\"]}]},{\"@type\":\"ImageObject\",\"inLanguage\":\"fr-FR\",\"@id\":\"https:\/\/www.stera.fr\/boutique\/pieces-detachees-poeles-a-granules\/ref-2271105-motoreducteur-jusquen-2021\/#primaryimage\",\"url\":\"https:\/\/www.stera.fr\/boutique\/wp-content\/uploads\/2021\/03\/2271105-scaled.jpg\",\"contentUrl\":\"https:\/\/www.stera.fr\/boutique\/wp-content\/uploads\/2021\/03\/2271105-scaled.jpg\",\"width\":1920,\"height\":2560},{\"@type\":\"BreadcrumbList\",\"@id\":\"https:\/\/www.stera.fr\/boutique\/pieces-detachees-poeles-a-granules\/ref-2271105-motoreducteur-jusquen-2021\/#breadcrumb\",\"itemListElement\":[{\"@type\":\"ListItem\",\"position\":1,\"name\":\"Accueil\",\"item\":\"https:\/\/www.stera.fr\/boutique\/\"},{\"@type\":\"ListItem\",\"position\":2,\"name\":\"Boutique\",\"item\":\"https:\/\/www.stera.fr\/boutique\/pieces-detachees-poeles-a-granules\/\"},{\"@type\":\"ListItem\",\"position\":3,\"name\":\"r\u00e9f 2271105 motor\u00e9ducteur (jusqu&rsquo;en 2021)\"}]},{\"@type\":\"WebSite\",\"@id\":\"https:\/\/www.stera.fr\/boutique\/#website\",\"url\":\"https:\/\/www.stera.fr\/boutique\/\",\"name\":\"Stera\",\"description\":\"\",\"potentialAction\":[{\"@type\":\"SearchAction\",\"target\":{\"@type\":\"EntryPoint\",\"urlTemplate\":\"https:\/\/www.stera.fr\/boutique\/?s={search_term_string}\"},\"query-input\":{\"@type\":\"PropertyValueSpecification\",\"valueRequired\":true,\"valueName\":\"search_term_string\"}}],\"inLanguage\":\"fr-FR\"}]}<\/script>\n<!-- \/ Yoast SEO plugin. -->","yoast_head_json":{"title":"R\u00e9f 2271105 motor\u00e9ducteur (jusqu'en 2021)","description":"Pi\u00e8ce d\u00e9tach\u00e9e : r\u00e9f 2271105 motor\u00e9ducteur (jusqu'en 2021)","robots":{"index":"index","follow":"follow","max-snippet":"max-snippet:-1","max-image-preview":"max-image-preview:large","max-video-preview":"max-video-preview:-1"},"canonical":"https:\/\/www.stera.fr\/boutique\/pieces-detachees-poeles-a-granules\/ref-2271105-motoreducteur-jusquen-2021\/","og_locale":"fr_FR","og_type":"article","og_title":"r\u00e9f 2271105 motor\u00e9ducteur (jusqu'en 2021)","og_description":"Pi\u00e8ce d\u00e9tach\u00e9e : r\u00e9f 2271105 motor\u00e9ducteur (jusqu'en 2021)","og_url":"https:\/\/www.stera.fr\/boutique\/pieces-detachees-poeles-a-granules\/ref-2271105-motoreducteur-jusquen-2021\/","og_site_name":"Stera","article_publisher":"https:\/\/fr-fr.facebook.com\/Stera.fr\/","article_modified_time":"2025-10-03T14:52:27+00:00","og_image":[{"width":1920,"height":2560,"url":"https:\/\/www.stera.fr\/boutique\/wp-content\/uploads\/2021\/03\/2271105-scaled.jpg","type":"image\/jpeg"}],"twitter_card":"summary_large_image","schema":{"@context":"https:\/\/schema.org","@graph":[{"@type":"WebPage","@id":"https:\/\/www.stera.fr\/boutique\/pieces-detachees-poeles-a-granules\/ref-2271105-motoreducteur-jusquen-2021\/","url":"https:\/\/www.stera.fr\/boutique\/pieces-detachees-poeles-a-granules\/ref-2271105-motoreducteur-jusquen-2021\/","name":"r\u00e9f 2271105 motor\u00e9ducteur (jusqu'en 2021)","isPartOf":{"@id":"https:\/\/www.stera.fr\/boutique\/#website"},"primaryImageOfPage":{"@id":"https:\/\/www.stera.fr\/boutique\/pieces-detachees-poeles-a-granules\/ref-2271105-motoreducteur-jusquen-2021\/#primaryimage"},"image":{"@id":"https:\/\/www.stera.fr\/boutique\/pieces-detachees-poeles-a-granules\/ref-2271105-motoreducteur-jusquen-2021\/#primaryimage"},"thumbnailUrl":"https:\/\/www.stera.fr\/boutique\/wp-content\/uploads\/2021\/03\/2271105-scaled.jpg","datePublished":"2025-05-05T20:41:22+00:00","dateModified":"2025-10-03T14:52:27+00:00","description":"Pi\u00e8ce d\u00e9tach\u00e9e : r\u00e9f 2271105 motor\u00e9ducteur (jusqu'en 2021)","breadcrumb":{"@id":"https:\/\/www.stera.fr\/boutique\/pieces-detachees-poeles-a-granules\/ref-2271105-motoreducteur-jusquen-2021\/#breadcrumb"},"inLanguage":"fr-FR","potentialAction":[{"@type":"ReadAction","target":["https:\/\/www.stera.fr\/boutique\/pieces-detachees-poeles-a-granules\/ref-2271105-motoreducteur-jusquen-2021\/"]}]},{"@type":"ImageObject","inLanguage":"fr-FR","@id":"https:\/\/www.stera.fr\/boutique\/pieces-detachees-poeles-a-granules\/ref-2271105-motoreducteur-jusquen-2021\/#primaryimage","url":"https:\/\/www.stera.fr\/boutique\/wp-content\/uploads\/2021\/03\/2271105-scaled.jpg","contentUrl":"https:\/\/www.stera.fr\/boutique\/wp-content\/uploads\/2021\/03\/2271105-scaled.jpg","width":1920,"height":2560},{"@type":"BreadcrumbList","@id":"https:\/\/www.stera.fr\/boutique\/pieces-detachees-poeles-a-granules\/ref-2271105-motoreducteur-jusquen-2021\/#breadcrumb","itemListElement":[{"@type":"ListItem","position":1,"name":"Accueil","item":"https:\/\/www.stera.fr\/boutique\/"},{"@type":"ListItem","position":2,"name":"Boutique","item":"https:\/\/www.stera.fr\/boutique\/pieces-detachees-poeles-a-granules\/"},{"@type":"ListItem","position":3,"name":"r\u00e9f 2271105 motor\u00e9ducteur (jusqu&rsquo;en 2021)"}]},{"@type":"WebSite","@id":"https:\/\/www.stera.fr\/boutique\/#website","url":"https:\/\/www.stera.fr\/boutique\/","name":"Stera","description":"","potentialAction":[{"@type":"SearchAction","target":{"@type":"EntryPoint","urlTemplate":"https:\/\/www.stera.fr\/boutique\/?s={search_term_string}"},"query-input":{"@type":"PropertyValueSpecification","valueRequired":true,"valueName":"search_term_string"}}],"inLanguage":"fr-FR"}]}},"_links":{"self":[{"href":"https:\/\/www.stera.fr\/boutique\/wp-json\/wp\/v2\/product\/8717","targetHints":{"allow":["GET"]}}],"collection":[{"href":"https:\/\/www.stera.fr\/boutique\/wp-json\/wp\/v2\/product"}],"about":[{"href":"https:\/\/www.stera.fr\/boutique\/wp-json\/wp\/v2\/types\/product"}],"replies":[{"embeddable":true,"href":"https:\/\/www.stera.fr\/boutique\/wp-json\/wp\/v2\/comments?post=8717"}],"wp:featuredmedia":[{"embeddable":true,"href":"https:\/\/www.stera.fr\/boutique\/wp-json\/wp\/v2\/media\/9566"}],"wp:attachment":[{"href":"https:\/\/www.stera.fr\/boutique\/wp-json\/wp\/v2\/media?parent=8717"}],"wp:term":[{"taxonomy":"product_brand","embeddable":true,"href":"https:\/\/www.stera.fr\/boutique\/wp-json\/wp\/v2\/product_brand?post=8717"},{"taxonomy":"product_cat","embeddable":true,"href":"https:\/\/www.stera.fr\/boutique\/wp-json\/wp\/v2\/product_cat?post=8717"},{"taxonomy":"product_tag","embeddable":true,"href":"https:\/\/www.stera.fr\/boutique\/wp-json\/wp\/v2\/product_tag?post=8717"}],"curies":[{"name":"wp","href":"https:\/\/api.w.org\/{rel}","templated":true}]}}