
{"id":8719,"date":"2025-05-05T20:41:22","date_gmt":"2025-05-05T20:41:22","guid":{"rendered":"https:\/\/www.stera.fr\/boutique\/pieces-detachees-poeles-a-granules\/ref-2271108-motoreducteur-vis-sans-fin\/"},"modified":"2025-10-03T14:52:26","modified_gmt":"2025-10-03T14:52:26","slug":"ref-2271108-motoreducteur-jusquen-2021","status":"publish","type":"product","link":"https:\/\/www.stera.fr\/boutique\/pieces-detachees-poeles-a-granules\/ref-2271108-motoreducteur-jusquen-2021\/","title":{"rendered":"r\u00e9f 2271108 motor\u00e9ducteur (jusqu&rsquo;en 2021)"},"content":{"rendered":"<p>r\u00e9f 2271108 motor\u00e9ducteur (jusqu&rsquo;en 2021)<\/p>\n","protected":false},"excerpt":{"rendered":"<p>r\u00e9f 2271108 motor\u00e9ducteur (jusqu&rsquo;en 2021)<\/p>\n","protected":false},"featured_media":9568,"comment_status":"closed","ping_status":"open","template":"","meta":[],"product_brand":[],"product_cat":[716],"product_tag":[],"class_list":{"0":"post-8719","1":"product","2":"type-product","3":"status-publish","4":"has-post-thumbnail","6":"product_cat-motoreducteur","7":"product_shipping_class-1500-e","8":"pa_2017-angela","9":"pa_2017-angela-plus","10":"pa_2017-ella","11":"pa_2017-mietta","12":"pa_2017-moira","13":"pa_2018-angela-plus-sp","14":"pa_2018-angela-sp","15":"pa_2018-ella","16":"pa_2018-giusy-evo","17":"pa_2018-giusy-plus-evo","18":"pa_2018-ketty-evo","19":"pa_2018-marilena-plus","20":"pa_2018-mietta","21":"pa_2018-moira-sp","22":"pa_2020-angela-evo","23":"pa_2020-angela-plus-evo","24":"pa_2020-marilena-plus-ad","25":"pa_2021-ella","26":"pa_2021-giusy-evo","27":"pa_2021-ketty-evo","28":"pa_2021-klaudia","29":"pa_2021-klaudia-plus","30":"pa_angela-2183","31":"pa_angela-evo-2596","32":"pa_angela-plus-2184","33":"pa_angela-plus-evo-2597","34":"pa_angela-plus-sp-2187","35":"pa_angela-sp-2186","36":"pa_ella-2312","37":"pa_ella-2313","38":"pa_ella-2648","39":"pa_giusy-evo-1724","40":"pa_giusy-evo-2649","41":"pa_giusy-plus-evo-1725","42":"pa_ketty-evo-1726","43":"pa_ketty-evo-2650","44":"pa_klaudia-2724","45":"pa_klaudia-plus-2727","46":"pa_marilena-plus-2021","47":"pa_marilena-plus-ad-2586","48":"pa_marque-extraflame","49":"pa_mietta-2317","50":"pa_mietta-2318","51":"pa_moira-2185","52":"pa_moira-sp-2188","53":"pa_toutes-annees-angela-evo","54":"pa_toutes-annees-angela-plus-evo","55":"pa_toutes-annees-marilena-plus-ad","56":"pa_toutes-annees-angela","57":"pa_toutes-annees-angela-plus","58":"pa_toutes-annees-angela-plus-sp","59":"pa_toutes-annees-angela-sp","60":"pa_toutes-annees-ella","61":"pa_toutes-annees-giusy-evo","62":"pa_toutes-annees-giusy-plus-evo","63":"pa_toutes-annees-ketty-evo","64":"pa_toutes-annees-klaudia","65":"pa_toutes-annees-klaudia-plus","66":"pa_toutes-annees-marilena-plus","67":"pa_toutes-annees-mietta","68":"pa_toutes-annees-moira","69":"pa_toutes-annees-moira-sp","71":"first","72":"instock","73":"taxable","74":"shipping-taxable","75":"purchasable","76":"product-type-simple"},"yoast_head":"<!-- This site is optimized with the Yoast SEO plugin v27.0 - https:\/\/yoast.com\/product\/yoast-seo-wordpress\/ -->\n<title>R\u00e9f 2271108 motor\u00e9ducteur (jusqu&#039;en 2021)<\/title>\n<meta name=\"description\" content=\"Pi\u00e8ce d\u00e9tach\u00e9e : r\u00e9f 2271108 motor\u00e9ducteur (jusqu&#039;en 2021)\" \/>\n<meta name=\"robots\" content=\"index, follow, max-snippet:-1, max-image-preview:large, max-video-preview:-1\" \/>\n<link rel=\"canonical\" href=\"https:\/\/www.stera.fr\/boutique\/pieces-detachees-poeles-a-granules\/ref-2271108-motoreducteur-jusquen-2021\/\" \/>\n<meta property=\"og:locale\" content=\"fr_FR\" \/>\n<meta property=\"og:type\" content=\"article\" \/>\n<meta property=\"og:title\" content=\"r\u00e9f 2271108 motor\u00e9ducteur (jusqu&#039;en 2021)\" \/>\n<meta property=\"og:description\" content=\"Pi\u00e8ce d\u00e9tach\u00e9e : r\u00e9f 2271108 motor\u00e9ducteur (jusqu&#039;en 2021)\" \/>\n<meta property=\"og:url\" content=\"https:\/\/www.stera.fr\/boutique\/pieces-detachees-poeles-a-granules\/ref-2271108-motoreducteur-jusquen-2021\/\" \/>\n<meta property=\"og:site_name\" content=\"Stera\" \/>\n<meta property=\"article:publisher\" content=\"https:\/\/fr-fr.facebook.com\/Stera.fr\/\" \/>\n<meta property=\"article:modified_time\" content=\"2025-10-03T14:52:26+00:00\" \/>\n<meta property=\"og:image\" content=\"https:\/\/www.stera.fr\/boutique\/wp-content\/uploads\/2021\/03\/2271108-scaled.jpg\" \/>\n\t<meta property=\"og:image:width\" content=\"1920\" \/>\n\t<meta property=\"og:image:height\" content=\"2560\" \/>\n\t<meta property=\"og:image:type\" content=\"image\/jpeg\" \/>\n<meta name=\"twitter:card\" content=\"summary_large_image\" \/>\n<script type=\"application\/ld+json\" class=\"yoast-schema-graph\">{\"@context\":\"https:\/\/schema.org\",\"@graph\":[{\"@type\":\"WebPage\",\"@id\":\"https:\/\/www.stera.fr\/boutique\/pieces-detachees-poeles-a-granules\/ref-2271108-motoreducteur-jusquen-2021\/\",\"url\":\"https:\/\/www.stera.fr\/boutique\/pieces-detachees-poeles-a-granules\/ref-2271108-motoreducteur-jusquen-2021\/\",\"name\":\"r\u00e9f 2271108 motor\u00e9ducteur (jusqu'en 2021)\",\"isPartOf\":{\"@id\":\"https:\/\/www.stera.fr\/boutique\/#website\"},\"primaryImageOfPage\":{\"@id\":\"https:\/\/www.stera.fr\/boutique\/pieces-detachees-poeles-a-granules\/ref-2271108-motoreducteur-jusquen-2021\/#primaryimage\"},\"image\":{\"@id\":\"https:\/\/www.stera.fr\/boutique\/pieces-detachees-poeles-a-granules\/ref-2271108-motoreducteur-jusquen-2021\/#primaryimage\"},\"thumbnailUrl\":\"https:\/\/www.stera.fr\/boutique\/wp-content\/uploads\/2021\/03\/2271108-scaled.jpg\",\"datePublished\":\"2025-05-05T20:41:22+00:00\",\"dateModified\":\"2025-10-03T14:52:26+00:00\",\"description\":\"Pi\u00e8ce d\u00e9tach\u00e9e : r\u00e9f 2271108 motor\u00e9ducteur (jusqu'en 2021)\",\"breadcrumb\":{\"@id\":\"https:\/\/www.stera.fr\/boutique\/pieces-detachees-poeles-a-granules\/ref-2271108-motoreducteur-jusquen-2021\/#breadcrumb\"},\"inLanguage\":\"fr-FR\",\"potentialAction\":[{\"@type\":\"ReadAction\",\"target\":[\"https:\/\/www.stera.fr\/boutique\/pieces-detachees-poeles-a-granules\/ref-2271108-motoreducteur-jusquen-2021\/\"]}]},{\"@type\":\"ImageObject\",\"inLanguage\":\"fr-FR\",\"@id\":\"https:\/\/www.stera.fr\/boutique\/pieces-detachees-poeles-a-granules\/ref-2271108-motoreducteur-jusquen-2021\/#primaryimage\",\"url\":\"https:\/\/www.stera.fr\/boutique\/wp-content\/uploads\/2021\/03\/2271108-scaled.jpg\",\"contentUrl\":\"https:\/\/www.stera.fr\/boutique\/wp-content\/uploads\/2021\/03\/2271108-scaled.jpg\",\"width\":1920,\"height\":2560},{\"@type\":\"BreadcrumbList\",\"@id\":\"https:\/\/www.stera.fr\/boutique\/pieces-detachees-poeles-a-granules\/ref-2271108-motoreducteur-jusquen-2021\/#breadcrumb\",\"itemListElement\":[{\"@type\":\"ListItem\",\"position\":1,\"name\":\"Accueil\",\"item\":\"https:\/\/www.stera.fr\/boutique\/\"},{\"@type\":\"ListItem\",\"position\":2,\"name\":\"Boutique\",\"item\":\"https:\/\/www.stera.fr\/boutique\/pieces-detachees-poeles-a-granules\/\"},{\"@type\":\"ListItem\",\"position\":3,\"name\":\"r\u00e9f 2271108 motor\u00e9ducteur (jusqu&rsquo;en 2021)\"}]},{\"@type\":\"WebSite\",\"@id\":\"https:\/\/www.stera.fr\/boutique\/#website\",\"url\":\"https:\/\/www.stera.fr\/boutique\/\",\"name\":\"Stera\",\"description\":\"\",\"potentialAction\":[{\"@type\":\"SearchAction\",\"target\":{\"@type\":\"EntryPoint\",\"urlTemplate\":\"https:\/\/www.stera.fr\/boutique\/?s={search_term_string}\"},\"query-input\":{\"@type\":\"PropertyValueSpecification\",\"valueRequired\":true,\"valueName\":\"search_term_string\"}}],\"inLanguage\":\"fr-FR\"}]}<\/script>\n<!-- \/ Yoast SEO plugin. -->","yoast_head_json":{"title":"R\u00e9f 2271108 motor\u00e9ducteur (jusqu'en 2021)","description":"Pi\u00e8ce d\u00e9tach\u00e9e : r\u00e9f 2271108 motor\u00e9ducteur (jusqu'en 2021)","robots":{"index":"index","follow":"follow","max-snippet":"max-snippet:-1","max-image-preview":"max-image-preview:large","max-video-preview":"max-video-preview:-1"},"canonical":"https:\/\/www.stera.fr\/boutique\/pieces-detachees-poeles-a-granules\/ref-2271108-motoreducteur-jusquen-2021\/","og_locale":"fr_FR","og_type":"article","og_title":"r\u00e9f 2271108 motor\u00e9ducteur (jusqu'en 2021)","og_description":"Pi\u00e8ce d\u00e9tach\u00e9e : r\u00e9f 2271108 motor\u00e9ducteur (jusqu'en 2021)","og_url":"https:\/\/www.stera.fr\/boutique\/pieces-detachees-poeles-a-granules\/ref-2271108-motoreducteur-jusquen-2021\/","og_site_name":"Stera","article_publisher":"https:\/\/fr-fr.facebook.com\/Stera.fr\/","article_modified_time":"2025-10-03T14:52:26+00:00","og_image":[{"width":1920,"height":2560,"url":"https:\/\/www.stera.fr\/boutique\/wp-content\/uploads\/2021\/03\/2271108-scaled.jpg","type":"image\/jpeg"}],"twitter_card":"summary_large_image","schema":{"@context":"https:\/\/schema.org","@graph":[{"@type":"WebPage","@id":"https:\/\/www.stera.fr\/boutique\/pieces-detachees-poeles-a-granules\/ref-2271108-motoreducteur-jusquen-2021\/","url":"https:\/\/www.stera.fr\/boutique\/pieces-detachees-poeles-a-granules\/ref-2271108-motoreducteur-jusquen-2021\/","name":"r\u00e9f 2271108 motor\u00e9ducteur (jusqu'en 2021)","isPartOf":{"@id":"https:\/\/www.stera.fr\/boutique\/#website"},"primaryImageOfPage":{"@id":"https:\/\/www.stera.fr\/boutique\/pieces-detachees-poeles-a-granules\/ref-2271108-motoreducteur-jusquen-2021\/#primaryimage"},"image":{"@id":"https:\/\/www.stera.fr\/boutique\/pieces-detachees-poeles-a-granules\/ref-2271108-motoreducteur-jusquen-2021\/#primaryimage"},"thumbnailUrl":"https:\/\/www.stera.fr\/boutique\/wp-content\/uploads\/2021\/03\/2271108-scaled.jpg","datePublished":"2025-05-05T20:41:22+00:00","dateModified":"2025-10-03T14:52:26+00:00","description":"Pi\u00e8ce d\u00e9tach\u00e9e : r\u00e9f 2271108 motor\u00e9ducteur (jusqu'en 2021)","breadcrumb":{"@id":"https:\/\/www.stera.fr\/boutique\/pieces-detachees-poeles-a-granules\/ref-2271108-motoreducteur-jusquen-2021\/#breadcrumb"},"inLanguage":"fr-FR","potentialAction":[{"@type":"ReadAction","target":["https:\/\/www.stera.fr\/boutique\/pieces-detachees-poeles-a-granules\/ref-2271108-motoreducteur-jusquen-2021\/"]}]},{"@type":"ImageObject","inLanguage":"fr-FR","@id":"https:\/\/www.stera.fr\/boutique\/pieces-detachees-poeles-a-granules\/ref-2271108-motoreducteur-jusquen-2021\/#primaryimage","url":"https:\/\/www.stera.fr\/boutique\/wp-content\/uploads\/2021\/03\/2271108-scaled.jpg","contentUrl":"https:\/\/www.stera.fr\/boutique\/wp-content\/uploads\/2021\/03\/2271108-scaled.jpg","width":1920,"height":2560},{"@type":"BreadcrumbList","@id":"https:\/\/www.stera.fr\/boutique\/pieces-detachees-poeles-a-granules\/ref-2271108-motoreducteur-jusquen-2021\/#breadcrumb","itemListElement":[{"@type":"ListItem","position":1,"name":"Accueil","item":"https:\/\/www.stera.fr\/boutique\/"},{"@type":"ListItem","position":2,"name":"Boutique","item":"https:\/\/www.stera.fr\/boutique\/pieces-detachees-poeles-a-granules\/"},{"@type":"ListItem","position":3,"name":"r\u00e9f 2271108 motor\u00e9ducteur (jusqu&rsquo;en 2021)"}]},{"@type":"WebSite","@id":"https:\/\/www.stera.fr\/boutique\/#website","url":"https:\/\/www.stera.fr\/boutique\/","name":"Stera","description":"","potentialAction":[{"@type":"SearchAction","target":{"@type":"EntryPoint","urlTemplate":"https:\/\/www.stera.fr\/boutique\/?s={search_term_string}"},"query-input":{"@type":"PropertyValueSpecification","valueRequired":true,"valueName":"search_term_string"}}],"inLanguage":"fr-FR"}]}},"_links":{"self":[{"href":"https:\/\/www.stera.fr\/boutique\/wp-json\/wp\/v2\/product\/8719","targetHints":{"allow":["GET"]}}],"collection":[{"href":"https:\/\/www.stera.fr\/boutique\/wp-json\/wp\/v2\/product"}],"about":[{"href":"https:\/\/www.stera.fr\/boutique\/wp-json\/wp\/v2\/types\/product"}],"replies":[{"embeddable":true,"href":"https:\/\/www.stera.fr\/boutique\/wp-json\/wp\/v2\/comments?post=8719"}],"wp:featuredmedia":[{"embeddable":true,"href":"https:\/\/www.stera.fr\/boutique\/wp-json\/wp\/v2\/media\/9568"}],"wp:attachment":[{"href":"https:\/\/www.stera.fr\/boutique\/wp-json\/wp\/v2\/media?parent=8719"}],"wp:term":[{"taxonomy":"product_brand","embeddable":true,"href":"https:\/\/www.stera.fr\/boutique\/wp-json\/wp\/v2\/product_brand?post=8719"},{"taxonomy":"product_cat","embeddable":true,"href":"https:\/\/www.stera.fr\/boutique\/wp-json\/wp\/v2\/product_cat?post=8719"},{"taxonomy":"product_tag","embeddable":true,"href":"https:\/\/www.stera.fr\/boutique\/wp-json\/wp\/v2\/product_tag?post=8719"}],"curies":[{"name":"wp","href":"https:\/\/api.w.org\/{rel}","templated":true}]}}