
{"id":8721,"date":"2025-05-05T20:36:41","date_gmt":"2025-05-05T20:36:41","guid":{"rendered":"https:\/\/www.stera.fr\/boutique\/pieces-detachees-poeles-a-granules\/ref-2000620-pressostat\/"},"modified":"2025-10-03T14:57:14","modified_gmt":"2025-10-03T14:57:14","slug":"ref-2000620-pressostat-2018-a-2022","status":"publish","type":"product","link":"https:\/\/www.stera.fr\/boutique\/pieces-detachees-poeles-a-granules\/ref-2000620-pressostat-2018-a-2022\/","title":{"rendered":"r\u00e9f 2000620 pressostat (2018 \u00e0 2022)"},"content":{"rendered":"<p>r\u00e9f 2000620 pressostat (2018 \u00e0 2022)<\/p>\n","protected":false},"excerpt":{"rendered":"<p>r\u00e9f 2000620 pressostat (2018 \u00e0 2022)<\/p>\n","protected":false},"featured_media":9548,"comment_status":"closed","ping_status":"open","template":"","meta":[],"product_brand":[],"product_cat":[719],"product_tag":[],"class_list":{"0":"post-8721","1":"product","2":"type-product","3":"status-publish","4":"has-post-thumbnail","6":"product_cat-pressostat","7":"product_shipping_class-1000-e","8":"pa_2018-giusy-evo","9":"pa_2018-giusy-plus-evo","10":"pa_2018-ketty-evo","11":"pa_2019-amika","12":"pa_2019-comfort-p70-air","13":"pa_2019-comfort-p85","14":"pa_2019-comfort-p85-plus","15":"pa_2019-debby-cx","16":"pa_2020-debby","17":"pa_2021-amika","18":"pa_2021-giusy-evo","19":"pa_2021-ketty-evo","20":"pa_2021-comfort-p70-air","21":"pa_2021-comfort-p85","22":"pa_2021-comfort-p85-plus","23":"pa_2021-debby","24":"pa_2022-comfort-p70-air","25":"pa_2022-comfort-p85","26":"pa_2022-comfort-p85-plus","27":"pa_2022-diadema-idro-acs-evo","28":"pa_2022-diadema-idro-evo","29":"pa_amika-2600","30":"pa_amika-2640","31":"pa_comfort-p70-air-2601","32":"pa_comfort-p70-air-2791","33":"pa_comfort-p70-air-2792","34":"pa_comfort-p85-2602","35":"pa_comfort-p85-2793","36":"pa_comfort-p85-2794","37":"pa_comfort-p85-plus-2603","38":"pa_comfort-p85-plus-2795","39":"pa_comfort-p85-plus-2796","40":"pa_debby-2604","41":"pa_debby-2797","42":"pa_debby-cx-2605","43":"pa_diadema-idro-acs-evo-2858","44":"pa_diadema-idro-evo-2857","45":"pa_giusy-evo-1724","46":"pa_giusy-evo-2649","47":"pa_giusy-plus-evo-1725","48":"pa_ketty-evo-1726","49":"pa_ketty-evo-2650","50":"pa_marque-extraflame","51":"pa_toutes-annees-amika","52":"pa_toutes-annees-comfort-p70-air","53":"pa_toutes-annees-comfort-p85","54":"pa_toutes-annees-comfort-p85-plus","55":"pa_toutes-annees-debby","56":"pa_toutes-annees-debby-cx","57":"pa_toutes-annees-diadema-idro-acs-evo","58":"pa_toutes-annees-diadema-idro-evo","59":"pa_toutes-annees-giusy-evo","60":"pa_toutes-annees-giusy-plus-evo","61":"pa_toutes-annees-ketty-evo","63":"first","64":"instock","65":"taxable","66":"shipping-taxable","67":"purchasable","68":"product-type-simple"},"yoast_head":"<!-- This site is optimized with the Yoast SEO plugin v27.0 - https:\/\/yoast.com\/product\/yoast-seo-wordpress\/ -->\n<title>R\u00e9f 2000620 pressostat (2018 \u00e0 2022)<\/title>\n<meta name=\"description\" content=\"Pi\u00e8ce d\u00e9tach\u00e9e : r\u00e9f 2000620 pressostat (2018 \u00e0 2022)\" \/>\n<meta name=\"robots\" content=\"index, follow, max-snippet:-1, max-image-preview:large, max-video-preview:-1\" \/>\n<link rel=\"canonical\" href=\"https:\/\/www.stera.fr\/boutique\/pieces-detachees-poeles-a-granules\/ref-2000620-pressostat-2018-a-2022\/\" \/>\n<meta property=\"og:locale\" content=\"fr_FR\" \/>\n<meta property=\"og:type\" content=\"article\" \/>\n<meta property=\"og:title\" content=\"r\u00e9f 2000620 pressostat (2018 \u00e0 2022)\" \/>\n<meta property=\"og:description\" content=\"Pi\u00e8ce d\u00e9tach\u00e9e : r\u00e9f 2000620 pressostat (2018 \u00e0 2022)\" \/>\n<meta property=\"og:url\" content=\"https:\/\/www.stera.fr\/boutique\/pieces-detachees-poeles-a-granules\/ref-2000620-pressostat-2018-a-2022\/\" \/>\n<meta property=\"og:site_name\" content=\"Stera\" \/>\n<meta property=\"article:publisher\" content=\"https:\/\/fr-fr.facebook.com\/Stera.fr\/\" \/>\n<meta property=\"article:modified_time\" content=\"2025-10-03T14:57:14+00:00\" \/>\n<meta property=\"og:image\" content=\"https:\/\/www.stera.fr\/boutique\/wp-content\/uploads\/2021\/03\/2000620-scaled.jpg\" \/>\n\t<meta property=\"og:image:width\" content=\"1920\" \/>\n\t<meta property=\"og:image:height\" content=\"2560\" \/>\n\t<meta property=\"og:image:type\" content=\"image\/jpeg\" \/>\n<meta name=\"twitter:card\" content=\"summary_large_image\" \/>\n<script type=\"application\/ld+json\" class=\"yoast-schema-graph\">{\"@context\":\"https:\/\/schema.org\",\"@graph\":[{\"@type\":\"WebPage\",\"@id\":\"https:\/\/www.stera.fr\/boutique\/pieces-detachees-poeles-a-granules\/ref-2000620-pressostat-2018-a-2022\/\",\"url\":\"https:\/\/www.stera.fr\/boutique\/pieces-detachees-poeles-a-granules\/ref-2000620-pressostat-2018-a-2022\/\",\"name\":\"r\u00e9f 2000620 pressostat (2018 \u00e0 2022)\",\"isPartOf\":{\"@id\":\"https:\/\/www.stera.fr\/boutique\/#website\"},\"primaryImageOfPage\":{\"@id\":\"https:\/\/www.stera.fr\/boutique\/pieces-detachees-poeles-a-granules\/ref-2000620-pressostat-2018-a-2022\/#primaryimage\"},\"image\":{\"@id\":\"https:\/\/www.stera.fr\/boutique\/pieces-detachees-poeles-a-granules\/ref-2000620-pressostat-2018-a-2022\/#primaryimage\"},\"thumbnailUrl\":\"https:\/\/www.stera.fr\/boutique\/wp-content\/uploads\/2021\/03\/2000620-scaled.jpg\",\"datePublished\":\"2025-05-05T20:36:41+00:00\",\"dateModified\":\"2025-10-03T14:57:14+00:00\",\"description\":\"Pi\u00e8ce d\u00e9tach\u00e9e : r\u00e9f 2000620 pressostat (2018 \u00e0 2022)\",\"breadcrumb\":{\"@id\":\"https:\/\/www.stera.fr\/boutique\/pieces-detachees-poeles-a-granules\/ref-2000620-pressostat-2018-a-2022\/#breadcrumb\"},\"inLanguage\":\"fr-FR\",\"potentialAction\":[{\"@type\":\"ReadAction\",\"target\":[\"https:\/\/www.stera.fr\/boutique\/pieces-detachees-poeles-a-granules\/ref-2000620-pressostat-2018-a-2022\/\"]}]},{\"@type\":\"ImageObject\",\"inLanguage\":\"fr-FR\",\"@id\":\"https:\/\/www.stera.fr\/boutique\/pieces-detachees-poeles-a-granules\/ref-2000620-pressostat-2018-a-2022\/#primaryimage\",\"url\":\"https:\/\/www.stera.fr\/boutique\/wp-content\/uploads\/2021\/03\/2000620-scaled.jpg\",\"contentUrl\":\"https:\/\/www.stera.fr\/boutique\/wp-content\/uploads\/2021\/03\/2000620-scaled.jpg\",\"width\":1920,\"height\":2560},{\"@type\":\"BreadcrumbList\",\"@id\":\"https:\/\/www.stera.fr\/boutique\/pieces-detachees-poeles-a-granules\/ref-2000620-pressostat-2018-a-2022\/#breadcrumb\",\"itemListElement\":[{\"@type\":\"ListItem\",\"position\":1,\"name\":\"Accueil\",\"item\":\"https:\/\/www.stera.fr\/boutique\/\"},{\"@type\":\"ListItem\",\"position\":2,\"name\":\"Boutique\",\"item\":\"https:\/\/www.stera.fr\/boutique\/pieces-detachees-poeles-a-granules\/\"},{\"@type\":\"ListItem\",\"position\":3,\"name\":\"r\u00e9f 2000620 pressostat (2018 \u00e0 2022)\"}]},{\"@type\":\"WebSite\",\"@id\":\"https:\/\/www.stera.fr\/boutique\/#website\",\"url\":\"https:\/\/www.stera.fr\/boutique\/\",\"name\":\"Stera\",\"description\":\"\",\"potentialAction\":[{\"@type\":\"SearchAction\",\"target\":{\"@type\":\"EntryPoint\",\"urlTemplate\":\"https:\/\/www.stera.fr\/boutique\/?s={search_term_string}\"},\"query-input\":{\"@type\":\"PropertyValueSpecification\",\"valueRequired\":true,\"valueName\":\"search_term_string\"}}],\"inLanguage\":\"fr-FR\"}]}<\/script>\n<!-- \/ Yoast SEO plugin. -->","yoast_head_json":{"title":"R\u00e9f 2000620 pressostat (2018 \u00e0 2022)","description":"Pi\u00e8ce d\u00e9tach\u00e9e : r\u00e9f 2000620 pressostat (2018 \u00e0 2022)","robots":{"index":"index","follow":"follow","max-snippet":"max-snippet:-1","max-image-preview":"max-image-preview:large","max-video-preview":"max-video-preview:-1"},"canonical":"https:\/\/www.stera.fr\/boutique\/pieces-detachees-poeles-a-granules\/ref-2000620-pressostat-2018-a-2022\/","og_locale":"fr_FR","og_type":"article","og_title":"r\u00e9f 2000620 pressostat (2018 \u00e0 2022)","og_description":"Pi\u00e8ce d\u00e9tach\u00e9e : r\u00e9f 2000620 pressostat (2018 \u00e0 2022)","og_url":"https:\/\/www.stera.fr\/boutique\/pieces-detachees-poeles-a-granules\/ref-2000620-pressostat-2018-a-2022\/","og_site_name":"Stera","article_publisher":"https:\/\/fr-fr.facebook.com\/Stera.fr\/","article_modified_time":"2025-10-03T14:57:14+00:00","og_image":[{"width":1920,"height":2560,"url":"https:\/\/www.stera.fr\/boutique\/wp-content\/uploads\/2021\/03\/2000620-scaled.jpg","type":"image\/jpeg"}],"twitter_card":"summary_large_image","schema":{"@context":"https:\/\/schema.org","@graph":[{"@type":"WebPage","@id":"https:\/\/www.stera.fr\/boutique\/pieces-detachees-poeles-a-granules\/ref-2000620-pressostat-2018-a-2022\/","url":"https:\/\/www.stera.fr\/boutique\/pieces-detachees-poeles-a-granules\/ref-2000620-pressostat-2018-a-2022\/","name":"r\u00e9f 2000620 pressostat (2018 \u00e0 2022)","isPartOf":{"@id":"https:\/\/www.stera.fr\/boutique\/#website"},"primaryImageOfPage":{"@id":"https:\/\/www.stera.fr\/boutique\/pieces-detachees-poeles-a-granules\/ref-2000620-pressostat-2018-a-2022\/#primaryimage"},"image":{"@id":"https:\/\/www.stera.fr\/boutique\/pieces-detachees-poeles-a-granules\/ref-2000620-pressostat-2018-a-2022\/#primaryimage"},"thumbnailUrl":"https:\/\/www.stera.fr\/boutique\/wp-content\/uploads\/2021\/03\/2000620-scaled.jpg","datePublished":"2025-05-05T20:36:41+00:00","dateModified":"2025-10-03T14:57:14+00:00","description":"Pi\u00e8ce d\u00e9tach\u00e9e : r\u00e9f 2000620 pressostat (2018 \u00e0 2022)","breadcrumb":{"@id":"https:\/\/www.stera.fr\/boutique\/pieces-detachees-poeles-a-granules\/ref-2000620-pressostat-2018-a-2022\/#breadcrumb"},"inLanguage":"fr-FR","potentialAction":[{"@type":"ReadAction","target":["https:\/\/www.stera.fr\/boutique\/pieces-detachees-poeles-a-granules\/ref-2000620-pressostat-2018-a-2022\/"]}]},{"@type":"ImageObject","inLanguage":"fr-FR","@id":"https:\/\/www.stera.fr\/boutique\/pieces-detachees-poeles-a-granules\/ref-2000620-pressostat-2018-a-2022\/#primaryimage","url":"https:\/\/www.stera.fr\/boutique\/wp-content\/uploads\/2021\/03\/2000620-scaled.jpg","contentUrl":"https:\/\/www.stera.fr\/boutique\/wp-content\/uploads\/2021\/03\/2000620-scaled.jpg","width":1920,"height":2560},{"@type":"BreadcrumbList","@id":"https:\/\/www.stera.fr\/boutique\/pieces-detachees-poeles-a-granules\/ref-2000620-pressostat-2018-a-2022\/#breadcrumb","itemListElement":[{"@type":"ListItem","position":1,"name":"Accueil","item":"https:\/\/www.stera.fr\/boutique\/"},{"@type":"ListItem","position":2,"name":"Boutique","item":"https:\/\/www.stera.fr\/boutique\/pieces-detachees-poeles-a-granules\/"},{"@type":"ListItem","position":3,"name":"r\u00e9f 2000620 pressostat (2018 \u00e0 2022)"}]},{"@type":"WebSite","@id":"https:\/\/www.stera.fr\/boutique\/#website","url":"https:\/\/www.stera.fr\/boutique\/","name":"Stera","description":"","potentialAction":[{"@type":"SearchAction","target":{"@type":"EntryPoint","urlTemplate":"https:\/\/www.stera.fr\/boutique\/?s={search_term_string}"},"query-input":{"@type":"PropertyValueSpecification","valueRequired":true,"valueName":"search_term_string"}}],"inLanguage":"fr-FR"}]}},"_links":{"self":[{"href":"https:\/\/www.stera.fr\/boutique\/wp-json\/wp\/v2\/product\/8721","targetHints":{"allow":["GET"]}}],"collection":[{"href":"https:\/\/www.stera.fr\/boutique\/wp-json\/wp\/v2\/product"}],"about":[{"href":"https:\/\/www.stera.fr\/boutique\/wp-json\/wp\/v2\/types\/product"}],"replies":[{"embeddable":true,"href":"https:\/\/www.stera.fr\/boutique\/wp-json\/wp\/v2\/comments?post=8721"}],"wp:featuredmedia":[{"embeddable":true,"href":"https:\/\/www.stera.fr\/boutique\/wp-json\/wp\/v2\/media\/9548"}],"wp:attachment":[{"href":"https:\/\/www.stera.fr\/boutique\/wp-json\/wp\/v2\/media?parent=8721"}],"wp:term":[{"taxonomy":"product_brand","embeddable":true,"href":"https:\/\/www.stera.fr\/boutique\/wp-json\/wp\/v2\/product_brand?post=8721"},{"taxonomy":"product_cat","embeddable":true,"href":"https:\/\/www.stera.fr\/boutique\/wp-json\/wp\/v2\/product_cat?post=8721"},{"taxonomy":"product_tag","embeddable":true,"href":"https:\/\/www.stera.fr\/boutique\/wp-json\/wp\/v2\/product_tag?post=8721"}],"curies":[{"name":"wp","href":"https:\/\/api.w.org\/{rel}","templated":true}]}}